{"id":11708,"date":"2026-02-15T14:02:19","date_gmt":"2026-02-15T13:02:19","guid":{"rendered":"https:\/\/catholiques17.fr\/laleumireuil\/?post_type=tribe_events&#038;p=11708"},"modified":"2026-02-15T14:02:19","modified_gmt":"2026-02-15T13:02:19","slug":"fete-de-saint-joseph","status":"publish","type":"tribe_events","link":"https:\/\/catholiques17.fr\/laleumireuil\/event\/fete-de-saint-joseph\/","title":{"rendered":"F\u00eate de saint Joseph"},"content":{"rendered":"<p><strong data-start=\"622\" data-end=\"662\">F\u00eate de saint Joseph, <\/strong>messe \u00e0 18h30 \u00e0 Laleu<\/p>\n","protected":false},"excerpt":{"rendered":"<p>F\u00eate de saint Joseph, messe \u00e0 18h30 \u00e0 Laleu<\/p>\n","protected":false},"author":74,"featured_media":0,"template":"","meta":{"_et_pb_use_builder":"","_et_pb_old_content":"","_et_gb_content_width":"","_tribe_events_status":"","_tribe_events_status_reason":"","footnotes":""},"tags":[],"tribe_events_cat":[],"class_list":["post-11708","tribe_events","type-tribe_events","status-publish","hentry"],"_links":{"self":[{"href":"https:\/\/catholiques17.fr\/laleumireuil\/wp-json\/wp\/v2\/tribe_events\/11708","targetHints":{"allow":["GET"]}}],"collection":[{"href":"https:\/\/catholiques17.fr\/laleumireuil\/wp-json\/wp\/v2\/tribe_events"}],"about":[{"href":"https:\/\/catholiques17.fr\/laleumireuil\/wp-json\/wp\/v2\/types\/tribe_events"}],"author":[{"embeddable":true,"href":"https:\/\/catholiques17.fr\/laleumireuil\/wp-json\/wp\/v2\/users\/74"}],"version-history":[{"count":1,"href":"https:\/\/catholiques17.fr\/laleumireuil\/wp-json\/wp\/v2\/tribe_events\/11708\/revisions"}],"predecessor-version":[{"id":11709,"href":"https:\/\/catholiques17.fr\/laleumireuil\/wp-json\/wp\/v2\/tribe_events\/11708\/revisions\/11709"}],"wp:attachment":[{"href":"https:\/\/catholiques17.fr\/laleumireuil\/wp-json\/wp\/v2\/media?parent=11708"}],"wp:term":[{"taxonomy":"post_tag","embeddable":true,"href":"https:\/\/catholiques17.fr\/laleumireuil\/wp-json\/wp\/v2\/tags?post=11708"},{"taxonomy":"tribe_events_cat","embeddable":true,"href":"https:\/\/catholiques17.fr\/laleumireuil\/wp-json\/wp\/v2\/tribe_events_cat?post=11708"}],"curies":[{"name":"wp","href":"https:\/\/api.w.org\/{rel}","templated":true}]}}

Fête de saint Joseph

<p><strong data-start="622" data-end="662">Fête de saint Joseph, </strong>messe à 18h30 à Laleu</p>

<p>Fête de saint Joseph, messe à 18h30 à Laleu</p>
