{"id":11703,"date":"2026-02-15T13:59:59","date_gmt":"2026-02-15T12:59:59","guid":{"rendered":"https:\/\/catholiques17.fr\/laleumireuil\/?post_type=tribe_events&#038;p=11703"},"modified":"2026-03-06T08:42:53","modified_gmt":"2026-03-06T07:42:53","slug":"retraite-spirituelle-a-mireuil","status":"publish","type":"tribe_events","link":"https:\/\/catholiques17.fr\/laleumireuil\/event\/retraite-spirituelle-a-mireuil\/","title":{"rendered":"Retraite spirituelle \u00e0 Mireuil"},"content":{"rendered":"<p><strong data-start=\"338\" data-end=\"375\">Retraite paroissiale de 10h \u00e0 16h<\/strong>, anim\u00e9e par les <strong data-start=\"392\" data-end=\"410\">s\u0153urs Xavi\u00e8res<\/strong>, sur le th\u00e8me de <strong data-start=\"428\" data-end=\"441\">la pri\u00e8re<\/strong>. (apporter son pique nique)<\/p>\n","protected":false},"excerpt":{"rendered":"<p>Retraite paroissiale de 10h \u00e0 16h, anim\u00e9e par les s\u0153urs Xavi\u00e8res, sur le th\u00e8me de la pri\u00e8re. (apporter son pique nique)<\/p>\n","protected":false},"author":74,"featured_media":0,"template":"","meta":{"_et_pb_use_builder":"","_et_pb_old_content":"","_et_gb_content_width":"","_tribe_events_status":"","_tribe_events_status_reason":"","footnotes":""},"tags":[],"tribe_events_cat":[],"class_list":["post-11703","tribe_events","type-tribe_events","status-publish","hentry"],"_links":{"self":[{"href":"https:\/\/catholiques17.fr\/laleumireuil\/wp-json\/wp\/v2\/tribe_events\/11703","targetHints":{"allow":["GET"]}}],"collection":[{"href":"https:\/\/catholiques17.fr\/laleumireuil\/wp-json\/wp\/v2\/tribe_events"}],"about":[{"href":"https:\/\/catholiques17.fr\/laleumireuil\/wp-json\/wp\/v2\/types\/tribe_events"}],"author":[{"embeddable":true,"href":"https:\/\/catholiques17.fr\/laleumireuil\/wp-json\/wp\/v2\/users\/74"}],"version-history":[{"count":2,"href":"https:\/\/catholiques17.fr\/laleumireuil\/wp-json\/wp\/v2\/tribe_events\/11703\/revisions"}],"predecessor-version":[{"id":11850,"href":"https:\/\/catholiques17.fr\/laleumireuil\/wp-json\/wp\/v2\/tribe_events\/11703\/revisions\/11850"}],"wp:attachment":[{"href":"https:\/\/catholiques17.fr\/laleumireuil\/wp-json\/wp\/v2\/media?parent=11703"}],"wp:term":[{"taxonomy":"post_tag","embeddable":true,"href":"https:\/\/catholiques17.fr\/laleumireuil\/wp-json\/wp\/v2\/tags?post=11703"},{"taxonomy":"tribe_events_cat","embeddable":true,"href":"https:\/\/catholiques17.fr\/laleumireuil\/wp-json\/wp\/v2\/tribe_events_cat?post=11703"}],"curies":[{"name":"wp","href":"https:\/\/api.w.org\/{rel}","templated":true}]}}

Retraite spirituelle à Mireuil

<p><strong data-start="338" data-end="375">Retraite paroissiale de 10h à 16h</strong>, animée par les <strong data-start="392" data-end="410">sœurs Xavières</strong>, sur le thème de <strong data-start="428" data-end="441">la prière</strong>. (apporter son pique nique)</p>

<p>Retraite paroissiale de 10h à 16h, animée par les sœurs Xavières, sur le thème de la prière. (apporter son pique nique)</p>
