{"id":11673,"date":"2026-02-07T21:08:27","date_gmt":"2026-02-07T20:08:27","guid":{"rendered":"https:\/\/catholiques17.fr\/laleumireuil\/?post_type=tribe_events&#038;p=11673"},"modified":"2026-02-07T21:08:27","modified_gmt":"2026-02-07T20:08:27","slug":"messe-celebree-par-mgr-bozo","status":"publish","type":"tribe_events","link":"https:\/\/catholiques17.fr\/laleumireuil\/event\/messe-celebree-par-mgr-bozo\/","title":{"rendered":"Messe c\u00e9l\u00e9br\u00e9e par Mgr Bozo"},"content":{"rendered":"<p><span class=\"s1\">Le 15 f\u00e9vrier, Monseigneur Bozo viendra c\u00e9l\u00e9brer la messe sur notre secteur. Messe unique \u00e0 Laleu, \u00e0 10h30, suivie d\u2019un ap\u00e9ritif avec notre \u00e9v\u00eaque, o\u00f9 il pourra rencontrer les paroissiens (apporter quelques petites choses \u00e0 grignoter, pour accompagner les jus de fruits et vin fournis par la paroisse).<\/p>\n<p><\/span><span class=\"s1\">Pas de messe ce week-end du 15 f\u00e9vrier \u00e0 La Pallice ni \u00e0 Mireuil.<br \/>\nPenser au covoiturage, en particulier \u00e0 Mireuil.<\/span><\/p>\n<p><span class=\"s1\">Ce 15 f\u00e9vrier sera aussi le jour du bapt\u00eame d\u2019Uriel, au cours de la messe.<\/span><\/p>\n<p><img loading=\"lazy\" decoding=\"async\" class=\"alignleft  wp-image-11674\" src=\"https:\/\/catholiques17.fr\/laleumireuil\/wp-content\/uploads\/sites\/43\/2026\/02\/ChatGPT-Image-7-fevr.-2026-20_57_59.jpeg\" alt=\"\" width=\"615\" height=\"410\" srcset=\"https:\/\/catholiques17.fr\/laleumireuil\/wp-content\/uploads\/sites\/43\/2026\/02\/ChatGPT-Image-7-fevr.-2026-20_57_59.jpeg 615w, https:\/\/catholiques17.fr\/laleumireuil\/wp-content\/uploads\/sites\/43\/2026\/02\/ChatGPT-Image-7-fevr.-2026-20_57_59-480x320.jpeg 480w\" sizes=\"(min-width: 0px) and (max-width: 480px) 480px, (min-width: 481px) 615px, 100vw\" \/><\/p>\n","protected":false},"excerpt":{"rendered":"<p>Le 15 f\u00e9vrier, Monseigneur Bozo viendra c\u00e9l\u00e9brer la messe sur notre secteur. Messe unique \u00e0 Laleu, \u00e0 10h30, suivie d\u2019un ap\u00e9ritif avec notre \u00e9v\u00eaque, o\u00f9 il pourra rencontrer les paroissiens [&hellip;]<\/p>\n","protected":false},"author":74,"featured_media":0,"template":"","meta":{"_et_pb_use_builder":"","_et_pb_old_content":"","_et_gb_content_width":"","_tribe_events_status":"","_tribe_events_status_reason":"","footnotes":""},"tags":[],"tribe_events_cat":[],"class_list":["post-11673","tribe_events","type-tribe_events","status-publish","hentry"],"_links":{"self":[{"href":"https:\/\/catholiques17.fr\/laleumireuil\/wp-json\/wp\/v2\/tribe_events\/11673","targetHints":{"allow":["GET"]}}],"collection":[{"href":"https:\/\/catholiques17.fr\/laleumireuil\/wp-json\/wp\/v2\/tribe_events"}],"about":[{"href":"https:\/\/catholiques17.fr\/laleumireuil\/wp-json\/wp\/v2\/types\/tribe_events"}],"author":[{"embeddable":true,"href":"https:\/\/catholiques17.fr\/laleumireuil\/wp-json\/wp\/v2\/users\/74"}],"version-history":[{"count":1,"href":"https:\/\/catholiques17.fr\/laleumireuil\/wp-json\/wp\/v2\/tribe_events\/11673\/revisions"}],"predecessor-version":[{"id":11675,"href":"https:\/\/catholiques17.fr\/laleumireuil\/wp-json\/wp\/v2\/tribe_events\/11673\/revisions\/11675"}],"wp:attachment":[{"href":"https:\/\/catholiques17.fr\/laleumireuil\/wp-json\/wp\/v2\/media?parent=11673"}],"wp:term":[{"taxonomy":"post_tag","embeddable":true,"href":"https:\/\/catholiques17.fr\/laleumireuil\/wp-json\/wp\/v2\/tags?post=11673"},{"taxonomy":"tribe_events_cat","embeddable":true,"href":"https:\/\/catholiques17.fr\/laleumireuil\/wp-json\/wp\/v2\/tribe_events_cat?post=11673"}],"curies":[{"name":"wp","href":"https:\/\/api.w.org\/{rel}","templated":true}]}}

Messe célébrée par Mgr Bozo

<p><span class="s1">Le 15 février, Monseigneur Bozo viendra célébrer la messe sur notre secteur. Messe unique à Laleu, à 10h30, suivie d’un apéritif avec notre évêque, où il pourra rencontrer les paroissiens (apporter quelques petites choses à grignoter, pour accompagner les jus de fruits et vin fournis par la paroisse).</p>
<p></span><span class="s1">Pas de messe ce week-end du 15 février à La Pallice ni à Mireuil.<br />
Penser au covoiturage, en particulier à Mireuil.</span></p>
<p><span class="s1">Ce 15 février sera aussi le jour du baptême d’Uriel, au cours de la messe.</span></p>
<p><img loading="lazy" decoding="async" class="alignleft  wp-image-11674" src="https://catholiques17.fr/laleumireuil/wp-content/uploads/sites/43/2026/02/ChatGPT-Image-7-fevr.-2026-20_57_59.jpeg" alt="" width="615" height="410" srcset="https://catholiques17.fr/laleumireuil/wp-content/uploads/sites/43/2026/02/ChatGPT-Image-7-fevr.-2026-20_57_59.jpeg 615w, https://catholiques17.fr/laleumireuil/wp-content/uploads/sites/43/2026/02/ChatGPT-Image-7-fevr.-2026-20_57_59-480x320.jpeg 480w" sizes="(min-width: 0px) and (max-width: 480px) 480px, (min-width: 481px) 615px, 100vw" /></p>

<p>Le 15 février, Monseigneur Bozo viendra célébrer la messe sur notre secteur. Messe unique à Laleu, à 10h30, suivie d’un apéritif avec notre évêque, où il pourra rencontrer les paroissiens [&hellip;]</p>
