{"id":11655,"date":"2026-02-04T11:20:17","date_gmt":"2026-02-04T10:20:17","guid":{"rendered":"https:\/\/catholiques17.fr\/laleumireuil\/?post_type=tribe_events&#038;p=11655"},"modified":"2026-02-04T11:23:16","modified_gmt":"2026-02-04T10:23:16","slug":"pelerinage-au-portugal-a-porto-fatima-et-lisbonne","status":"publish","type":"tribe_events","link":"https:\/\/catholiques17.fr\/laleumireuil\/event\/pelerinage-au-portugal-a-porto-fatima-et-lisbonne\/","title":{"rendered":"P\u00e8lerinage au Portugal, \u00e0 Porto, Fatima et Lisbonne."},"content":{"rendered":"<p>Le service des p\u00e8lerinages vous propose une semaine de p\u00e8lerinage au Portugal, \u00e0 Porto, Fatima et Lisbonne.<br \/>\nVenez prier au sanctuaire de Fatima au jour anniversaire d\u2019une apparition de Notre-Dame, et d\u00e9couvrir la beaut\u00e9 du Portugal, de Porto et Lisbonne !<br \/>\nRetrouvez toutes infos sur \ud83d\udc49\ud83c\udffb <strong><a href=\"https:\/\/catholiques17.fr\/en-juin-peleriner-au-portugal\/\" target=\"_blank\" rel=\"noopener\">https:\/\/catholiques17.fr\/en-juin-peleriner-au-portugal\/<\/a><\/p>\n<p><\/strong><strong>Informations et r\u00e9servations : Direction des p\u00e8lerinages \u2013\u00a0<\/strong><strong>07 72 32 08 28<br \/>\n<\/strong><a class=\"et_pb_button et_pb_promo_button\" href=\"mailto:%20pelerinages@diocese17.fr\">pelerinages@diocese17.fr<\/a><\/p>\n<p><img loading=\"lazy\" decoding=\"async\" class=\"alignleft wp-image-11656\" src=\"https:\/\/catholiques17.fr\/laleumireuil\/wp-content\/uploads\/sites\/43\/2026\/02\/WhatsApp-Image-2026-02-04-at-11.04.31.jpeg\" alt=\"\" width=\"443\" height=\"626\" \/><\/p>\n","protected":false},"excerpt":{"rendered":"<p>Le service des p\u00e8lerinages vous propose une semaine de p\u00e8lerinage au Portugal, \u00e0 Porto, Fatima et Lisbonne. Venez prier au sanctuaire de Fatima au jour anniversaire d\u2019une apparition de Notre-Dame, [&hellip;]<\/p>\n","protected":false},"author":74,"featured_media":0,"template":"","meta":{"_et_pb_use_builder":"","_et_pb_old_content":"","_et_gb_content_width":"","_tribe_events_status":"","_tribe_events_status_reason":"","footnotes":""},"tags":[],"tribe_events_cat":[],"class_list":["post-11655","tribe_events","type-tribe_events","status-publish","hentry"],"_links":{"self":[{"href":"https:\/\/catholiques17.fr\/laleumireuil\/wp-json\/wp\/v2\/tribe_events\/11655","targetHints":{"allow":["GET"]}}],"collection":[{"href":"https:\/\/catholiques17.fr\/laleumireuil\/wp-json\/wp\/v2\/tribe_events"}],"about":[{"href":"https:\/\/catholiques17.fr\/laleumireuil\/wp-json\/wp\/v2\/types\/tribe_events"}],"author":[{"embeddable":true,"href":"https:\/\/catholiques17.fr\/laleumireuil\/wp-json\/wp\/v2\/users\/74"}],"version-history":[{"count":3,"href":"https:\/\/catholiques17.fr\/laleumireuil\/wp-json\/wp\/v2\/tribe_events\/11655\/revisions"}],"predecessor-version":[{"id":11661,"href":"https:\/\/catholiques17.fr\/laleumireuil\/wp-json\/wp\/v2\/tribe_events\/11655\/revisions\/11661"}],"wp:attachment":[{"href":"https:\/\/catholiques17.fr\/laleumireuil\/wp-json\/wp\/v2\/media?parent=11655"}],"wp:term":[{"taxonomy":"post_tag","embeddable":true,"href":"https:\/\/catholiques17.fr\/laleumireuil\/wp-json\/wp\/v2\/tags?post=11655"},{"taxonomy":"tribe_events_cat","embeddable":true,"href":"https:\/\/catholiques17.fr\/laleumireuil\/wp-json\/wp\/v2\/tribe_events_cat?post=11655"}],"curies":[{"name":"wp","href":"https:\/\/api.w.org\/{rel}","templated":true}]}}

Pèlerinage au Portugal, à Porto, Fatima et Lisbonne.

<p>Le service des pèlerinages vous propose une semaine de pèlerinage au Portugal, à Porto, Fatima et Lisbonne.<br />
Venez prier au sanctuaire de Fatima au jour anniversaire d’une apparition de Notre-Dame, et découvrir la beauté du Portugal, de Porto et Lisbonne !<br />
Retrouvez toutes infos sur 👉🏻 <strong><a href="https://catholiques17.fr/en-juin-peleriner-au-portugal/" target="_blank" rel="noopener">https://catholiques17.fr/en-juin-peleriner-au-portugal/</a></p>
<p></strong><strong>Informations et réservations : Direction des pèlerinages – </strong><strong>07 72 32 08 28<br />
</strong><a class="et_pb_button et_pb_promo_button" href="mailto:%20pelerinages@diocese17.fr">pelerinages@diocese17.fr</a></p>
<p><img loading="lazy" decoding="async" class="alignleft wp-image-11656" src="https://catholiques17.fr/laleumireuil/wp-content/uploads/sites/43/2026/02/WhatsApp-Image-2026-02-04-at-11.04.31.jpeg" alt="" width="443" height="626" /></p>

<p>Le service des pèlerinages vous propose une semaine de pèlerinage au Portugal, à Porto, Fatima et Lisbonne. Venez prier au sanctuaire de Fatima au jour anniversaire d’une apparition de Notre-Dame, [&hellip;]</p>
