{"id":11636,"date":"2026-02-01T13:51:23","date_gmt":"2026-02-01T12:51:23","guid":{"rendered":"https:\/\/catholiques17.fr\/laleumireuil\/?post_type=tribe_events&#038;p=11636"},"modified":"2026-02-01T14:37:56","modified_gmt":"2026-02-01T13:37:56","slug":"dimanche-de-la-sante-2","status":"publish","type":"tribe_events","link":"https:\/\/catholiques17.fr\/laleumireuil\/event\/dimanche-de-la-sante-2\/","title":{"rendered":"Dimanche de la Sant\u00e9"},"content":{"rendered":"<p>[et_pb_section fb_built=\u00a0\u00bb1&Prime; admin_label=\u00a0\u00bbsection\u00a0\u00bb _builder_version=\u00a0\u00bb4.16&Prime; global_colors_info=\u00a0\u00bb{}\u00a0\u00bb][et_pb_row admin_label=\u00a0\u00bbrow\u00a0\u00bb _builder_version=\u00a0\u00bb4.16&Prime; background_size=\u00a0\u00bbinitial\u00a0\u00bb background_position=\u00a0\u00bbtop_left\u00a0\u00bb background_repeat=\u00a0\u00bbrepeat\u00a0\u00bb global_colors_info=\u00a0\u00bb{}\u00a0\u00bb][et_pb_column type=\u00a0\u00bb4_4&Prime; _builder_version=\u00a0\u00bb4.16&Prime; custom_padding=\u00a0\u00bb|||\u00a0\u00bb global_colors_info=\u00a0\u00bb{}\u00a0\u00bb custom_padding__hover=\u00a0\u00bb|||\u00a0\u00bb][et_pb_text admin_label=\u00a0\u00bbText\u00a0\u00bb _builder_version=\u00a0\u00bb4.27.5&Prime; background_size=\u00a0\u00bbinitial\u00a0\u00bb background_position=\u00a0\u00bbtop_left\u00a0\u00bb background_repeat=\u00a0\u00bbrepeat\u00a0\u00bb link_option_url_new_window=\u00a0\u00bbon\u00a0\u00bb global_colors_info=\u00a0\u00bb{}\u00a0\u00bb]<\/p>\n<p class=\"p1\">Dimanche 8 f\u00e9vrier Dimanche de la Sant\u00e9<br \/>Les personnes qui d\u00e9sirent recevoir le sacrement des malades sont invit\u00e9es \u00e0 se faire conna\u00eetre aupr\u00e8s du P.Xavier e n vue d&rsquo;une pr\u00e9paration.<\/p>\n<p class=\"p1\"><strong><em>A l&rsquo;occasion du dimanche de la sant\u00e9 8 f\u00e9vrier 2026Nous pouvons noter sur cette feuille (ou sur papier libre), le nom des soignants et des aidants<\/em><\/strong><br \/><strong><em>pour lesquels nous d\u00e9sirons prier sp\u00e9cialement, en nous engageant \u00e0 prier pour eux et d\u00e9poser ce feuillet le 8 f\u00e9vrier pendant la messe.<\/em><\/strong><br \/><strong><em>Seigneur, nous te confions\u2026\u2026<\/em><\/strong><\/p>\n<p class=\"p1\"><strong><em>\u2026\u2026 qui mettent leur comp\u00e9tence, leur temps, leurs soins au service des malades, des personnes \u00e2g\u00e9es, des personnes isol\u00e9es et souffrantes,<\/em><\/strong><br \/><strong><em>et cherchent \u00e0 rendre leur vie plus paisible; ils sont lumi\u00e8re sur nos chemins.<\/em><\/strong><\/p>\n<p>Vous pouvez t\u00e9l\u00e9charger la feuille pour noter les personnes pour qui vous voulez prier \ud83d\udc47\ud83c\udffb<\/p>\n<p>[\/et_pb_text][et_pb_button button_url=\u00a0\u00bbhttps:\/\/catholiques17.fr\/laleumireuil\/wp-content\/uploads\/sites\/43\/2026\/02\/Priere.pdf\u00a0\u00bb url_new_window=\u00a0\u00bbon\u00a0\u00bb button_text=\u00a0\u00bbT\u00e9l\u00e9charge la feuille\u00a0\u00bb button_alignment=\u00a0\u00bbcenter\u00a0\u00bb _builder_version=\u00a0\u00bb4.27.5&Prime; _module_preset=\u00a0\u00bbdefault\u00a0\u00bb hover_enabled=\u00a0\u00bb0&Prime; global_colors_info=\u00a0\u00bb{}\u00a0\u00bb sticky_enabled=\u00a0\u00bb0&Prime;][\/et_pb_button][\/et_pb_column][\/et_pb_row][\/et_pb_section]<\/p>\n","protected":false},"excerpt":{"rendered":"<p>Dimanche 8 f\u00e9vrier Dimanche de la Sant\u00e9Les personnes qui d\u00e9sirent recevoir le sacrement des malades sont invit\u00e9es \u00e0 se faire conna\u00eetre aupr\u00e8s du P.Xavier e n vue d&rsquo;une pr\u00e9paration. A [&hellip;]<\/p>\n","protected":false},"author":74,"featured_media":0,"template":"","meta":{"_et_pb_use_builder":"on","_et_pb_old_content":"<p class=\"p1\">Dimanche 8 f\u00e9vrier Dimanche de la Sant\u00e9\r\nLes personnes qui d\u00e9sirent recevoir le sacrement des malades sont invit\u00e9es \u00e0 se faire conna\u00eetre aupr\u00e8s du P.Xavier e n vue d'une pr\u00e9paration.<\/p>\r\n<p class=\"p1\"><strong><em>A l'occasion du dimanche de la sant\u00e9 8 f\u00e9vrier 2026Nous pouvons noter sur cette feuille (ou sur papier libre), le nom des soignants et des aidants<\/em><\/strong>\r\n<strong><em>pour lesquels nous d\u00e9sirons prier sp\u00e9cialement, en nous engageant \u00e0 prier pour eux et d\u00e9poser ce feuillet le 8 f\u00e9vrier pendant la messe.<\/em><\/strong>\r\n<strong><em>Seigneur, nous te confions\u2026\u2026<\/em><\/strong><\/p>\r\n<p class=\"p1\"><strong><em>\u2026\u2026 qui mettent leur comp\u00e9tence, leur temps, leurs soins au service des malades, des personnes \u00e2g\u00e9es, des personnes isol\u00e9es et souffrantes,<\/em><\/strong>\r\n<strong><em>et cherchent \u00e0 rendre leur vie plus paisible; ils sont lumi\u00e8re sur nos chemins.<\/em><\/strong><\/p>\r\nVous pouvez t\u00e9l\u00e9charger la feuille pour noter les personnes pour qui vous voulez prier <span class=\"x1xsqp64 xiy17q3 x1o6pynw x19co3pv xdj266r xjn30re xat24cr x1hb08if x2b8uid\" data-testid=\"emoji\"><span class=\"xexx8yu xcaqkgz x18d9i69 xbwkkl7 x3jgonx x1bhl96m\">\ud83d\udc49\ud83c\udffb<\/span><\/span> \u00a0<a href=\"https:\/\/catholiques17.fr\/laleumireuil\/wp-content\/uploads\/sites\/43\/2026\/02\/Priere.pdf\">Prie\u0300re<\/a>","_et_gb_content_width":"","_tribe_events_status":"","_tribe_events_status_reason":"","footnotes":""},"tags":[],"tribe_events_cat":[],"class_list":["post-11636","tribe_events","type-tribe_events","status-publish","hentry"],"_links":{"self":[{"href":"https:\/\/catholiques17.fr\/laleumireuil\/wp-json\/wp\/v2\/tribe_events\/11636","targetHints":{"allow":["GET"]}}],"collection":[{"href":"https:\/\/catholiques17.fr\/laleumireuil\/wp-json\/wp\/v2\/tribe_events"}],"about":[{"href":"https:\/\/catholiques17.fr\/laleumireuil\/wp-json\/wp\/v2\/types\/tribe_events"}],"author":[{"embeddable":true,"href":"https:\/\/catholiques17.fr\/laleumireuil\/wp-json\/wp\/v2\/users\/74"}],"version-history":[{"count":7,"href":"https:\/\/catholiques17.fr\/laleumireuil\/wp-json\/wp\/v2\/tribe_events\/11636\/revisions"}],"predecessor-version":[{"id":11654,"href":"https:\/\/catholiques17.fr\/laleumireuil\/wp-json\/wp\/v2\/tribe_events\/11636\/revisions\/11654"}],"wp:attachment":[{"href":"https:\/\/catholiques17.fr\/laleumireuil\/wp-json\/wp\/v2\/media?parent=11636"}],"wp:term":[{"taxonomy":"post_tag","embeddable":true,"href":"https:\/\/catholiques17.fr\/laleumireuil\/wp-json\/wp\/v2\/tags?post=11636"},{"taxonomy":"tribe_events_cat","embeddable":true,"href":"https:\/\/catholiques17.fr\/laleumireuil\/wp-json\/wp\/v2\/tribe_events_cat?post=11636"}],"curies":[{"name":"wp","href":"https:\/\/api.w.org\/{rel}","templated":true}]}}

Dimanche de la Santé

<p>[et_pb_section fb_built= »1&Prime; admin_label= »section » _builder_version= »4.16&Prime; global_colors_info= »{} »][et_pb_row admin_label= »row » _builder_version= »4.16&Prime; background_size= »initial » background_position= »top_left » background_repeat= »repeat » global_colors_info= »{} »][et_pb_column type= »4_4&Prime; _builder_version= »4.16&Prime; custom_padding= »||| » global_colors_info= »{} » custom_padding__hover= »||| »][et_pb_text admin_label= »Text » _builder_version= »4.27.5&Prime; background_size= »initial » background_position= »top_left » background_repeat= »repeat » link_option_url_new_window= »on » global_colors_info= »{} »]</p>
<p class="p1">Dimanche 8 février Dimanche de la Santé<br />Les personnes qui désirent recevoir le sacrement des malades sont invitées à se faire connaître auprès du P.Xavier e n vue d&rsquo;une préparation.</p>
<p class="p1"><strong><em>A l&rsquo;occasion du dimanche de la santé 8 février 2026Nous pouvons noter sur cette feuille (ou sur papier libre), le nom des soignants et des aidants</em></strong><br /><strong><em>pour lesquels nous désirons prier spécialement, en nous engageant à prier pour eux et déposer ce feuillet le 8 février pendant la messe.</em></strong><br /><strong><em>Seigneur, nous te confions……</em></strong></p>
<p class="p1"><strong><em>…… qui mettent leur compétence, leur temps, leurs soins au service des malades, des personnes âgées, des personnes isolées et souffrantes,</em></strong><br /><strong><em>et cherchent à rendre leur vie plus paisible; ils sont lumière sur nos chemins.</em></strong></p>
<p>Vous pouvez télécharger la feuille pour noter les personnes pour qui vous voulez prier 👇🏻</p>
<p>[/et_pb_text][et_pb_button button_url= »https://catholiques17.fr/laleumireuil/wp-content/uploads/sites/43/2026/02/Priere.pdf » url_new_window= »on » button_text= »Télécharge la feuille » button_alignment= »center » _builder_version= »4.27.5&Prime; _module_preset= »default » hover_enabled= »0&Prime; global_colors_info= »{} » sticky_enabled= »0&Prime;][/et_pb_button][/et_pb_column][/et_pb_row][/et_pb_section]</p>

<p>Dimanche 8 février Dimanche de la SantéLes personnes qui désirent recevoir le sacrement des malades sont invitées à se faire connaître auprès du P.Xavier e n vue d&rsquo;une préparation. A [&hellip;]</p>

<p class="p1">Dimanche 8 février Dimanche de la Santé
Les personnes qui désirent recevoir le sacrement des malades sont invitées à se faire connaître auprès du P.Xavier e n vue d'une préparation.</p>
<p class="p1"><strong><em>A l'occasion du dimanche de la santé 8 février 2026Nous pouvons noter sur cette feuille (ou sur papier libre), le nom des soignants et des aidants</em></strong>
<strong><em>pour lesquels nous désirons prier spécialement, en nous engageant à prier pour eux et déposer ce feuillet le 8 février pendant la messe.</em></strong>
<strong><em>Seigneur, nous te confions……</em></strong></p>
<p class="p1"><strong><em>…… qui mettent leur compétence, leur temps, leurs soins au service des malades, des personnes âgées, des personnes isolées et souffrantes,</em></strong>
<strong><em>et cherchent à rendre leur vie plus paisible; ils sont lumière sur nos chemins.</em></strong></p>
Vous pouvez télécharger la feuille pour noter les personnes pour qui vous voulez prier <span class="x1xsqp64 xiy17q3 x1o6pynw x19co3pv xdj266r xjn30re xat24cr x1hb08if x2b8uid" data-testid="emoji"><span class="xexx8yu xcaqkgz x18d9i69 xbwkkl7 x3jgonx x1bhl96m">👉🏻</span></span>  <a href="https://catholiques17.fr/laleumireuil/wp-content/uploads/sites/43/2026/02/Priere.pdf">Prière</a>
