{"id":11627,"date":"2026-01-21T14:35:34","date_gmt":"2026-01-21T13:35:34","guid":{"rendered":"https:\/\/catholiques17.fr\/laleumireuil\/?post_type=tribe_events&#038;p=11627"},"modified":"2026-01-21T14:35:34","modified_gmt":"2026-01-21T13:35:34","slug":"conference-decouvrir-marie-eustelle-harpain-au-centre-jean-baptiste-souzy","status":"publish","type":"tribe_events","link":"https:\/\/catholiques17.fr\/laleumireuil\/event\/conference-decouvrir-marie-eustelle-harpain-au-centre-jean-baptiste-souzy\/","title":{"rendered":"Conf\u00e9rence \u00ab D\u00e9couvrir Marie-Eustelle Harpain \u00bb au Centre Jean-Baptiste Souzy"},"content":{"rendered":"<h4>Venez d\u00e9couvrir Marie-Eustelle Harpain, surnomm\u00e9e l\u2019ange de l\u2019Eucharistie.<\/h4>\n<h4>Marie-Eustelle Harpain a v\u00e9cu \u00e0 Saintes, au d\u00e9but du XIXe si\u00e8cle. Humble ling\u00e8re et sacristine, elle a ressenti un profond amour de J\u00e9sus-Hostie. Elle eut une vie de pri\u00e8re intense, tout en affrontant de durs combats spirituels, du m\u00e9pris et de la malveillance. Mais beaucoup vinrent chercher conseil aupr\u00e8s d\u2019elle, la\u00efcs ou religieux. Morte \u00e0 28 ans, sa tombe est transf\u00e9r\u00e9e dans l\u2019\u00e9glise Saint-Pallais. Aujourd\u2019hui, le dioc\u00e8se de La Rochelle relance son proc\u00e8s en b\u00e9atification.<\/h4>\n<h4><strong>Conf\u00e9rence sur Marie-Eustelle Harpain<\/strong><br \/>\n<strong>Mercredi 28 janvier 2026 \u00e0 20h00 au Centre Souzy \u00e0 La Rochelle<\/strong><\/h4>\n<p><img loading=\"lazy\" decoding=\"async\" class=\"alignleft size-full wp-image-11628\" src=\"https:\/\/catholiques17.fr\/laleumireuil\/wp-content\/uploads\/sites\/43\/2026\/01\/Marie-Eustelle-Harpain-3.jpeg\" alt=\"\" width=\"566\" height=\"800\" srcset=\"https:\/\/catholiques17.fr\/laleumireuil\/wp-content\/uploads\/sites\/43\/2026\/01\/Marie-Eustelle-Harpain-3.jpeg 566w, https:\/\/catholiques17.fr\/laleumireuil\/wp-content\/uploads\/sites\/43\/2026\/01\/Marie-Eustelle-Harpain-3-480x678.jpeg 480w\" sizes=\"(min-width: 0px) and (max-width: 480px) 480px, (min-width: 481px) 566px, 100vw\" \/><\/p>\n","protected":false},"excerpt":{"rendered":"<p>Venez d\u00e9couvrir Marie-Eustelle Harpain, surnomm\u00e9e l\u2019ange de l\u2019Eucharistie. Marie-Eustelle Harpain a v\u00e9cu \u00e0 Saintes, au d\u00e9but du XIXe si\u00e8cle. Humble ling\u00e8re et sacristine, elle a ressenti un profond amour de [&hellip;]<\/p>\n","protected":false},"author":74,"featured_media":0,"template":"","meta":{"_et_pb_use_builder":"","_et_pb_old_content":"","_et_gb_content_width":"","_tribe_events_status":"","_tribe_events_status_reason":"","footnotes":""},"tags":[],"tribe_events_cat":[],"class_list":["post-11627","tribe_events","type-tribe_events","status-publish","hentry"],"_links":{"self":[{"href":"https:\/\/catholiques17.fr\/laleumireuil\/wp-json\/wp\/v2\/tribe_events\/11627","targetHints":{"allow":["GET"]}}],"collection":[{"href":"https:\/\/catholiques17.fr\/laleumireuil\/wp-json\/wp\/v2\/tribe_events"}],"about":[{"href":"https:\/\/catholiques17.fr\/laleumireuil\/wp-json\/wp\/v2\/types\/tribe_events"}],"author":[{"embeddable":true,"href":"https:\/\/catholiques17.fr\/laleumireuil\/wp-json\/wp\/v2\/users\/74"}],"version-history":[{"count":1,"href":"https:\/\/catholiques17.fr\/laleumireuil\/wp-json\/wp\/v2\/tribe_events\/11627\/revisions"}],"predecessor-version":[{"id":11629,"href":"https:\/\/catholiques17.fr\/laleumireuil\/wp-json\/wp\/v2\/tribe_events\/11627\/revisions\/11629"}],"wp:attachment":[{"href":"https:\/\/catholiques17.fr\/laleumireuil\/wp-json\/wp\/v2\/media?parent=11627"}],"wp:term":[{"taxonomy":"post_tag","embeddable":true,"href":"https:\/\/catholiques17.fr\/laleumireuil\/wp-json\/wp\/v2\/tags?post=11627"},{"taxonomy":"tribe_events_cat","embeddable":true,"href":"https:\/\/catholiques17.fr\/laleumireuil\/wp-json\/wp\/v2\/tribe_events_cat?post=11627"}],"curies":[{"name":"wp","href":"https:\/\/api.w.org\/{rel}","templated":true}]}}

Conférence « Découvrir Marie-Eustelle Harpain » au Centre Jean-Baptiste Souzy

<h4>Venez découvrir Marie-Eustelle Harpain, surnommée l’ange de l’Eucharistie.</h4>
<h4>Marie-Eustelle Harpain a vécu à Saintes, au début du XIXe siècle. Humble lingère et sacristine, elle a ressenti un profond amour de Jésus-Hostie. Elle eut une vie de prière intense, tout en affrontant de durs combats spirituels, du mépris et de la malveillance. Mais beaucoup vinrent chercher conseil auprès d’elle, laïcs ou religieux. Morte à 28 ans, sa tombe est transférée dans l’église Saint-Pallais. Aujourd’hui, le diocèse de La Rochelle relance son procès en béatification.</h4>
<h4><strong>Conférence sur Marie-Eustelle Harpain</strong><br />
<strong>Mercredi 28 janvier 2026 à 20h00 au Centre Souzy à La Rochelle</strong></h4>
<p><img loading="lazy" decoding="async" class="alignleft size-full wp-image-11628" src="https://catholiques17.fr/laleumireuil/wp-content/uploads/sites/43/2026/01/Marie-Eustelle-Harpain-3.jpeg" alt="" width="566" height="800" srcset="https://catholiques17.fr/laleumireuil/wp-content/uploads/sites/43/2026/01/Marie-Eustelle-Harpain-3.jpeg 566w, https://catholiques17.fr/laleumireuil/wp-content/uploads/sites/43/2026/01/Marie-Eustelle-Harpain-3-480x678.jpeg 480w" sizes="(min-width: 0px) and (max-width: 480px) 480px, (min-width: 481px) 566px, 100vw" /></p>

<p>Venez découvrir Marie-Eustelle Harpain, surnommée l’ange de l’Eucharistie. Marie-Eustelle Harpain a vécu à Saintes, au début du XIXe siècle. Humble lingère et sacristine, elle a ressenti un profond amour de [&hellip;]</p>
