{"id":11616,"date":"2026-01-14T09:58:35","date_gmt":"2026-01-14T08:58:35","guid":{"rendered":"https:\/\/catholiques17.fr\/laleumireuil\/?post_type=tribe_events&#038;p=11616"},"modified":"2026-01-16T14:13:28","modified_gmt":"2026-01-16T13:13:28","slug":"reunion-du-conseil-paroissial","status":"publish","type":"tribe_events","link":"https:\/\/catholiques17.fr\/laleumireuil\/event\/reunion-du-conseil-paroissial\/","title":{"rendered":"R\u00e9union du Conseil paroissial"},"content":{"rendered":"<p>Rencontre avec Mme C\u00e9line LE GUILLOUX, d\u00e9l\u00e9gu\u00e9e \u00e9piscopale, le mercredi 21 janvier 2026 \u00e0 19h00 \u00e0 l\u2019\u00e9glise Saint Paul de Mireuil apr\u00e8s la messe de 18h30.<br \/>\nL\u2019objectif est de discuter du r\u00f4le d\u2019un Conseil Paroissial.<br \/>\n<img loading=\"lazy\" decoding=\"async\" class=\"alignleft  wp-image-11624\" src=\"https:\/\/catholiques17.fr\/laleumireuil\/wp-content\/uploads\/sites\/43\/2026\/01\/tempImageu9oMZj.jpg\" alt=\"\" width=\"337\" height=\"506\" \/><\/p>\n<p>&nbsp;<\/p>\n","protected":false},"excerpt":{"rendered":"<p>Rencontre avec Mme C\u00e9line LE GUILLOUX, d\u00e9l\u00e9gu\u00e9e \u00e9piscopale, le mercredi 21 janvier 2026 \u00e0 19h00 \u00e0 l\u2019\u00e9glise Saint Paul de Mireuil apr\u00e8s la messe de 18h30. L\u2019objectif est de discuter [&hellip;]<\/p>\n","protected":false},"author":74,"featured_media":0,"template":"","meta":{"_et_pb_use_builder":"","_et_pb_old_content":"","_et_gb_content_width":"","_tribe_events_status":"","_tribe_events_status_reason":"","footnotes":""},"tags":[],"tribe_events_cat":[],"class_list":["post-11616","tribe_events","type-tribe_events","status-publish","hentry"],"_links":{"self":[{"href":"https:\/\/catholiques17.fr\/laleumireuil\/wp-json\/wp\/v2\/tribe_events\/11616","targetHints":{"allow":["GET"]}}],"collection":[{"href":"https:\/\/catholiques17.fr\/laleumireuil\/wp-json\/wp\/v2\/tribe_events"}],"about":[{"href":"https:\/\/catholiques17.fr\/laleumireuil\/wp-json\/wp\/v2\/types\/tribe_events"}],"author":[{"embeddable":true,"href":"https:\/\/catholiques17.fr\/laleumireuil\/wp-json\/wp\/v2\/users\/74"}],"version-history":[{"count":6,"href":"https:\/\/catholiques17.fr\/laleumireuil\/wp-json\/wp\/v2\/tribe_events\/11616\/revisions"}],"predecessor-version":[{"id":11626,"href":"https:\/\/catholiques17.fr\/laleumireuil\/wp-json\/wp\/v2\/tribe_events\/11616\/revisions\/11626"}],"wp:attachment":[{"href":"https:\/\/catholiques17.fr\/laleumireuil\/wp-json\/wp\/v2\/media?parent=11616"}],"wp:term":[{"taxonomy":"post_tag","embeddable":true,"href":"https:\/\/catholiques17.fr\/laleumireuil\/wp-json\/wp\/v2\/tags?post=11616"},{"taxonomy":"tribe_events_cat","embeddable":true,"href":"https:\/\/catholiques17.fr\/laleumireuil\/wp-json\/wp\/v2\/tribe_events_cat?post=11616"}],"curies":[{"name":"wp","href":"https:\/\/api.w.org\/{rel}","templated":true}]}}

Réunion du Conseil paroissial

<p>Rencontre avec Mme Céline LE GUILLOUX, déléguée épiscopale, le mercredi 21 janvier 2026 à 19h00 à l’église Saint Paul de Mireuil après la messe de 18h30.<br />
L’objectif est de discuter du rôle d’un Conseil Paroissial.<br />
<img loading="lazy" decoding="async" class="alignleft  wp-image-11624" src="https://catholiques17.fr/laleumireuil/wp-content/uploads/sites/43/2026/01/tempImageu9oMZj.jpg" alt="" width="337" height="506" /></p>
<p>&nbsp;</p>

<p>Rencontre avec Mme Céline LE GUILLOUX, déléguée épiscopale, le mercredi 21 janvier 2026 à 19h00 à l’église Saint Paul de Mireuil après la messe de 18h30. L’objectif est de discuter [&hellip;]</p>
