{"id":11609,"date":"2026-01-11T14:48:29","date_gmt":"2026-01-11T13:48:29","guid":{"rendered":"https:\/\/catholiques17.fr\/laleumireuil\/?post_type=tribe_events&#038;p=11609"},"modified":"2026-01-11T17:48:38","modified_gmt":"2026-01-11T16:48:38","slug":"messe-de-mireuil-animee-par-le-groupe-ephesos","status":"publish","type":"tribe_events","link":"https:\/\/catholiques17.fr\/laleumireuil\/event\/messe-de-mireuil-animee-par-le-groupe-ephesos\/","title":{"rendered":"Messe anticip\u00e9e anim\u00e9e par le groupe Ephesos"},"content":{"rendered":"<p>Messe anticip\u00e9e de La Pallice anim\u00e9e par le groupe Ephesos, avec Patrick et Monique Chauveau<\/p>\n","protected":false},"excerpt":{"rendered":"<p>Messe anticip\u00e9e de La Pallice anim\u00e9e par le groupe Ephesos, avec Patrick et Monique Chauveau<\/p>\n","protected":false},"author":74,"featured_media":0,"template":"","meta":{"_et_pb_use_builder":"","_et_pb_old_content":"","_et_gb_content_width":"","_tribe_events_status":"","_tribe_events_status_reason":"","footnotes":""},"tags":[],"tribe_events_cat":[],"class_list":["post-11609","tribe_events","type-tribe_events","status-publish","hentry"],"_links":{"self":[{"href":"https:\/\/catholiques17.fr\/laleumireuil\/wp-json\/wp\/v2\/tribe_events\/11609","targetHints":{"allow":["GET"]}}],"collection":[{"href":"https:\/\/catholiques17.fr\/laleumireuil\/wp-json\/wp\/v2\/tribe_events"}],"about":[{"href":"https:\/\/catholiques17.fr\/laleumireuil\/wp-json\/wp\/v2\/types\/tribe_events"}],"author":[{"embeddable":true,"href":"https:\/\/catholiques17.fr\/laleumireuil\/wp-json\/wp\/v2\/users\/74"}],"version-history":[{"count":2,"href":"https:\/\/catholiques17.fr\/laleumireuil\/wp-json\/wp\/v2\/tribe_events\/11609\/revisions"}],"predecessor-version":[{"id":11611,"href":"https:\/\/catholiques17.fr\/laleumireuil\/wp-json\/wp\/v2\/tribe_events\/11609\/revisions\/11611"}],"wp:attachment":[{"href":"https:\/\/catholiques17.fr\/laleumireuil\/wp-json\/wp\/v2\/media?parent=11609"}],"wp:term":[{"taxonomy":"post_tag","embeddable":true,"href":"https:\/\/catholiques17.fr\/laleumireuil\/wp-json\/wp\/v2\/tags?post=11609"},{"taxonomy":"tribe_events_cat","embeddable":true,"href":"https:\/\/catholiques17.fr\/laleumireuil\/wp-json\/wp\/v2\/tribe_events_cat?post=11609"}],"curies":[{"name":"wp","href":"https:\/\/api.w.org\/{rel}","templated":true}]}}

Messe anticipée animée par le groupe Ephesos

<p>Messe anticipée de La Pallice animée par le groupe Ephesos, avec Patrick et Monique Chauveau</p>
