{"id":11589,"date":"2025-12-27T10:20:29","date_gmt":"2025-12-27T09:20:29","guid":{"rendered":"https:\/\/catholiques17.fr\/laleumireuil\/?post_type=tribe_events&#038;p=11589"},"modified":"2025-12-30T11:32:57","modified_gmt":"2025-12-30T10:32:57","slug":"messe-de-lepiphanie","status":"publish","type":"tribe_events","link":"https:\/\/catholiques17.fr\/laleumireuil\/event\/messe-de-lepiphanie\/","title":{"rendered":"Messe de l\u2019Epiphanie"},"content":{"rendered":"<p>La communaut\u00e9 Foi et Lumi\u00e8re, qui sera \u00e0 Mireuil nous invite \u00e0 venir voir sa cr\u00e8che vivante l\u2018apr\u00e8s-midi.<br \/>\n<strong data-start=\"74\" data-end=\"151\">Ce dimanche, une collecte sera organis\u00e9e en faveur du Secours Catholique.<\/strong><br data-start=\"151\" data-end=\"154\" \/>Merci \u00e0 chacun pour sa g\u00e9n\u00e9rosit\u00e9 et son soutien envers les plus d\u00e9munis.<\/p>\n","protected":false},"excerpt":{"rendered":"<p>La communaut\u00e9 Foi et Lumi\u00e8re, qui sera \u00e0 Mireuil nous invite \u00e0 venir voir sa cr\u00e8che vivante l\u2018apr\u00e8s-midi. Ce dimanche, une collecte sera organis\u00e9e en faveur du Secours Catholique.Merci \u00e0 [&hellip;]<\/p>\n","protected":false},"author":74,"featured_media":0,"template":"","meta":{"_et_pb_use_builder":"","_et_pb_old_content":"","_et_gb_content_width":"","_tribe_events_status":"","_tribe_events_status_reason":"","footnotes":""},"tags":[],"tribe_events_cat":[],"class_list":["post-11589","tribe_events","type-tribe_events","status-publish","hentry"],"_links":{"self":[{"href":"https:\/\/catholiques17.fr\/laleumireuil\/wp-json\/wp\/v2\/tribe_events\/11589","targetHints":{"allow":["GET"]}}],"collection":[{"href":"https:\/\/catholiques17.fr\/laleumireuil\/wp-json\/wp\/v2\/tribe_events"}],"about":[{"href":"https:\/\/catholiques17.fr\/laleumireuil\/wp-json\/wp\/v2\/types\/tribe_events"}],"author":[{"embeddable":true,"href":"https:\/\/catholiques17.fr\/laleumireuil\/wp-json\/wp\/v2\/users\/74"}],"version-history":[{"count":2,"href":"https:\/\/catholiques17.fr\/laleumireuil\/wp-json\/wp\/v2\/tribe_events\/11589\/revisions"}],"predecessor-version":[{"id":11594,"href":"https:\/\/catholiques17.fr\/laleumireuil\/wp-json\/wp\/v2\/tribe_events\/11589\/revisions\/11594"}],"wp:attachment":[{"href":"https:\/\/catholiques17.fr\/laleumireuil\/wp-json\/wp\/v2\/media?parent=11589"}],"wp:term":[{"taxonomy":"post_tag","embeddable":true,"href":"https:\/\/catholiques17.fr\/laleumireuil\/wp-json\/wp\/v2\/tags?post=11589"},{"taxonomy":"tribe_events_cat","embeddable":true,"href":"https:\/\/catholiques17.fr\/laleumireuil\/wp-json\/wp\/v2\/tribe_events_cat?post=11589"}],"curies":[{"name":"wp","href":"https:\/\/api.w.org\/{rel}","templated":true}]}}

<p>La communauté Foi et Lumière, qui sera à Mireuil nous invite à venir voir sa crèche vivante l‘après-midi.<br />
<strong data-start="74" data-end="151">Ce dimanche, une collecte sera organisée en faveur du Secours Catholique.</strong><br data-start="151" data-end="154" />Merci à chacun pour sa générosité et son soutien envers les plus démunis.</p>

<p>La communauté Foi et Lumière, qui sera à Mireuil nous invite à venir voir sa crèche vivante l‘après-midi. Ce dimanche, une collecte sera organisée en faveur du Secours Catholique.Merci à [&hellip;]</p>
