{"id":11539,"date":"2025-12-22T11:22:45","date_gmt":"2025-12-22T10:22:45","guid":{"rendered":"https:\/\/catholiques17.fr\/laleumireuil\/?post_type=tribe_events&#038;p=11539"},"modified":"2026-01-08T11:23:27","modified_gmt":"2026-01-08T10:23:27","slug":"soiree-saint-esprit-guerison","status":"publish","type":"tribe_events","link":"https:\/\/catholiques17.fr\/laleumireuil\/event\/soiree-saint-esprit-guerison\/","title":{"rendered":"Soir\u00e9e Saint-Esprit &amp; Gu\u00e9rison"},"content":{"rendered":"<div class=\"xdj266r x14z9mp xat24cr x1lziwak x1vvkbs x126k92a\">\n<div dir=\"auto\"><span class=\"html-span xexx8yu xyri2b x18d9i69 x1c1uobl x1hl2dhg x16tdsg8 x1vvkbs x3nfvp2 x1j61x8r x1fcty0u xdj266r xat24cr xm2jcoa x1mpyi22 xxymvpz xlup9mm x1kky2od\"><img loading=\"lazy\" decoding=\"async\" class=\"xz74otr x15mokao x1ga7v0g x16uus16 xbiv7yw\" src=\"https:\/\/static.xx.fbcdn.net\/images\/emoji.php\/v9\/t59\/2\/16\/1f4e3.png\" alt=\"\ud83d\udce3\" width=\"16\" height=\"16\" \/><\/span> Premier grand rendez-vous de l\u2019ann\u00e9e : Soir\u00e9e Saint-Esprit &amp; Gu\u00e9rison \u2013 Vendredi 9 janvier 2026 \u00e0 20h<\/p>\n<\/div>\n<\/div>\n<div class=\"x14z9mp xat24cr x1lziwak x1vvkbs xtlvy1s x126k92a\">\n<div dir=\"auto\">Nous avons la joie d\u2019accueillir le Renouveau Charismatique pour une grande soir\u00e9e de pri\u00e8re en l\u2019\u00e9glise Saint-Fran\u00e7ois de La Pallice, le vendredi 9 janvier 2026 \u00e0 20h.<\/div>\n<\/div>\n<div class=\"x14z9mp xat24cr x1lziwak x1vvkbs xtlvy1s x126k92a\">\n<div dir=\"auto\">Au programme :<\/div>\n<div dir=\"auto\">\u2022 Chapelet<\/div>\n<div dir=\"auto\">\u2022 Louange<\/div>\n<div dir=\"auto\">\u2022 T\u00e9moignages et exhortation<\/div>\n<div dir=\"auto\">\u2022 Adoration eucharistique<\/p>\n<\/div>\n<\/div>\n<div class=\"x14z9mp xat24cr x1lziwak x1vvkbs xtlvy1s x126k92a\">\n<div dir=\"auto\">Il sera \u00e9galement possible de recevoir le sacrement de r\u00e9conciliation. Des pri\u00e8res fraternelles seront propos\u00e9es pour vos intentions personnelles et pour toutes les personnes souffrantes.<\/div>\n<\/div>\n<div class=\"x14z9mp xat24cr x1lziwak x1vvkbs xtlvy1s x126k92a\">\n<div dir=\"auto\">Si vous connaissez quelqu\u2019un que cette soir\u00e9e pourrait toucher, n\u2019h\u00e9sitez pas \u00e0 lui transmettre l\u2019annonce (avec son accord).<\/div>\n<\/div>\n<div class=\"x14z9mp xat24cr x1lziwak x1vvkbs xtlvy1s x126k92a\">\n<div dir=\"auto\">Nous serons tr\u00e8s heureux de vous retrouver nombreux pour vivre ensemble un temps de gr\u00e2ce, de pri\u00e8re et de communion fraternelle dans l\u2019Esprit Saint.<\/div>\n<\/div>\n<div class=\"x14z9mp xat24cr x1lziwak x1vvkbs xtlvy1s x126k92a\">\n<div dir=\"auto\">Soir\u00e9e gratuite<\/div>\n<div dir=\"auto\"><span class=\"html-span xdj266r x14z9mp xat24cr x1lziwak xexx8yu xyri2b x18d9i69 x1c1uobl x1hl2dhg x16tdsg8 x1vvkbs\"><a class=\"x1i10hfl xjbqb8w x1ejq31n x18oe1m7 x1sy0etr xstzfhl x972fbf x10w94by x1qhh985 x14e42zd x9f619 x1ypdohk xt0psk2 x3ct3a4 xdj266r x14z9mp xat24cr x1lziwak xexx8yu xyri2b x18d9i69 x1c1uobl x16tdsg8 x1hl2dhg xggy1nq x1a2a7pz xkrqix3 x1sur9pj x1fey0fg x1s688f\" role=\"link\" href=\"https:\/\/www.facebook.com\/Renouveau17?__cft__[0]=AZbMToWrBwzVipKzaWvbSuXMXiS-oqS1U7Wr2znOM9k0upKkn4ZUjitf4ZW4UJ572UcCKWIfS0C3KL6xHjBnLLYglj8bxpkG-zsHWiAoSxqwxLMOpEUpw9ID8HMb3aJRnWi7FsthN9fGy5do7MTG5H6V_QsnKF-dBZvjFfsaxZsLlmq33M_szQtxCZQ22cin8dn1gjjLOzEpw_01LLQpYc8k&amp;__tn__=-]K-R\"><span class=\"xt0psk2\"><span class=\"xjp7ctv\">https:\/\/www.facebook.com\/Renouveau17<\/span><\/span><\/a><\/span><\/div>\n<\/div>\n","protected":false},"excerpt":{"rendered":"<p>Premier grand rendez-vous de l\u2019ann\u00e9e : Soir\u00e9e Saint-Esprit &amp; Gu\u00e9rison \u2013 Vendredi 9 janvier 2026 \u00e0 20h Nous avons la joie d\u2019accueillir le Renouveau Charismatique pour une grande soir\u00e9e de [&hellip;]<\/p>\n","protected":false},"author":74,"featured_media":0,"template":"","meta":{"_et_pb_use_builder":"","_et_pb_old_content":"","_et_gb_content_width":"","_tribe_events_status":"","_tribe_events_status_reason":"","footnotes":""},"tags":[],"tribe_events_cat":[],"class_list":["post-11539","tribe_events","type-tribe_events","status-publish","hentry"],"_links":{"self":[{"href":"https:\/\/catholiques17.fr\/laleumireuil\/wp-json\/wp\/v2\/tribe_events\/11539","targetHints":{"allow":["GET"]}}],"collection":[{"href":"https:\/\/catholiques17.fr\/laleumireuil\/wp-json\/wp\/v2\/tribe_events"}],"about":[{"href":"https:\/\/catholiques17.fr\/laleumireuil\/wp-json\/wp\/v2\/types\/tribe_events"}],"author":[{"embeddable":true,"href":"https:\/\/catholiques17.fr\/laleumireuil\/wp-json\/wp\/v2\/users\/74"}],"version-history":[{"count":1,"href":"https:\/\/catholiques17.fr\/laleumireuil\/wp-json\/wp\/v2\/tribe_events\/11539\/revisions"}],"predecessor-version":[{"id":11540,"href":"https:\/\/catholiques17.fr\/laleumireuil\/wp-json\/wp\/v2\/tribe_events\/11539\/revisions\/11540"}],"wp:attachment":[{"href":"https:\/\/catholiques17.fr\/laleumireuil\/wp-json\/wp\/v2\/media?parent=11539"}],"wp:term":[{"taxonomy":"post_tag","embeddable":true,"href":"https:\/\/catholiques17.fr\/laleumireuil\/wp-json\/wp\/v2\/tags?post=11539"},{"taxonomy":"tribe_events_cat","embeddable":true,"href":"https:\/\/catholiques17.fr\/laleumireuil\/wp-json\/wp\/v2\/tribe_events_cat?post=11539"}],"curies":[{"name":"wp","href":"https:\/\/api.w.org\/{rel}","templated":true}]}}

Soirée Saint-Esprit &amp; Guérison

<div class="xdj266r x14z9mp xat24cr x1lziwak x1vvkbs x126k92a">
<div dir="auto"><span class="html-span xexx8yu xyri2b x18d9i69 x1c1uobl x1hl2dhg x16tdsg8 x1vvkbs x3nfvp2 x1j61x8r x1fcty0u xdj266r xat24cr xm2jcoa x1mpyi22 xxymvpz xlup9mm x1kky2od"><img loading="lazy" decoding="async" class="xz74otr x15mokao x1ga7v0g x16uus16 xbiv7yw" src="https://static.xx.fbcdn.net/images/emoji.php/v9/t59/2/16/1f4e3.png" alt="📣" width="16" height="16" /></span> Premier grand rendez-vous de l’année : Soirée Saint-Esprit &amp; Guérison – Vendredi 9 janvier 2026 à 20h</p>
</div>
</div>
<div class="x14z9mp xat24cr x1lziwak x1vvkbs xtlvy1s x126k92a">
<div dir="auto">Nous avons la joie d’accueillir le Renouveau Charismatique pour une grande soirée de prière en l’église Saint-François de La Pallice, le vendredi 9 janvier 2026 à 20h.</div>
</div>
<div class="x14z9mp xat24cr x1lziwak x1vvkbs xtlvy1s x126k92a">
<div dir="auto">Au programme :</div>
<div dir="auto">• Chapelet</div>
<div dir="auto">• Louange</div>
<div dir="auto">• Témoignages et exhortation</div>
<div dir="auto">• Adoration eucharistique</p>
</div>
</div>
<div class="x14z9mp xat24cr x1lziwak x1vvkbs xtlvy1s x126k92a">
<div dir="auto">Il sera également possible de recevoir le sacrement de réconciliation. Des prières fraternelles seront proposées pour vos intentions personnelles et pour toutes les personnes souffrantes.</div>
</div>
<div class="x14z9mp xat24cr x1lziwak x1vvkbs xtlvy1s x126k92a">
<div dir="auto">Si vous connaissez quelqu’un que cette soirée pourrait toucher, n’hésitez pas à lui transmettre l’annonce (avec son accord).</div>
</div>
<div class="x14z9mp xat24cr x1lziwak x1vvkbs xtlvy1s x126k92a">
<div dir="auto">Nous serons très heureux de vous retrouver nombreux pour vivre ensemble un temps de grâce, de prière et de communion fraternelle dans l’Esprit Saint.</div>
</div>
<div class="x14z9mp xat24cr x1lziwak x1vvkbs xtlvy1s x126k92a">
<div dir="auto">Soirée gratuite</div>
<div dir="auto"><span class="html-span xdj266r x14z9mp xat24cr x1lziwak xexx8yu xyri2b x18d9i69 x1c1uobl x1hl2dhg x16tdsg8 x1vvkbs"><a class="x1i10hfl xjbqb8w x1ejq31n x18oe1m7 x1sy0etr xstzfhl x972fbf x10w94by x1qhh985 x14e42zd x9f619 x1ypdohk xt0psk2 x3ct3a4 xdj266r x14z9mp xat24cr x1lziwak xexx8yu xyri2b x18d9i69 x1c1uobl x16tdsg8 x1hl2dhg xggy1nq x1a2a7pz xkrqix3 x1sur9pj x1fey0fg x1s688f" role="link" href="https://www.facebook.com/Renouveau17?__cft__[0]=AZbMToWrBwzVipKzaWvbSuXMXiS-oqS1U7Wr2znOM9k0upKkn4ZUjitf4ZW4UJ572UcCKWIfS0C3KL6xHjBnLLYglj8bxpkG-zsHWiAoSxqwxLMOpEUpw9ID8HMb3aJRnWi7FsthN9fGy5do7MTG5H6V_QsnKF-dBZvjFfsaxZsLlmq33M_szQtxCZQ22cin8dn1gjjLOzEpw_01LLQpYc8k&amp;__tn__=-]K-R"><span class="xt0psk2"><span class="xjp7ctv">https://www.facebook.com/Renouveau17</span></span></a></span></div>
</div>

<p>Premier grand rendez-vous de l’année : Soirée Saint-Esprit &amp; Guérison – Vendredi 9 janvier 2026 à 20h Nous avons la joie d’accueillir le Renouveau Charismatique pour une grande soirée de [&hellip;]</p>
