{"id":11536,"date":"2025-12-10T17:51:36","date_gmt":"2025-12-10T16:51:36","guid":{"rendered":"https:\/\/catholiques17.fr\/laleumireuil\/?post_type=tribe_events&#038;p=11536"},"modified":"2025-12-10T17:51:36","modified_gmt":"2025-12-10T16:51:36","slug":"larrivee-de-la-lumiere-de-bethleem","status":"publish","type":"tribe_events","link":"https:\/\/catholiques17.fr\/laleumireuil\/event\/larrivee-de-la-lumiere-de-bethleem\/","title":{"rendered":"L\u2019arriv\u00e9e de la lumi\u00e8re de Bethl\u00e9em"},"content":{"rendered":"<p>Dimanche 14 d\u00e9cembre, L\u2019arriv\u00e9e de la lumi\u00e8re de Bethl\u00e9em \u00e9glise Saint Sauveur \u00e0 18h (messe \u00ab inter scoute \u00bb pr\u00e9sid\u00e9e par Mgr Bozo)<\/p>\n","protected":false},"excerpt":{"rendered":"<p>Dimanche 14 d\u00e9cembre, L\u2019arriv\u00e9e de la lumi\u00e8re de Bethl\u00e9em \u00e9glise Saint Sauveur \u00e0 18h (messe \u00ab inter scoute \u00bb pr\u00e9sid\u00e9e par Mgr Bozo)<\/p>\n","protected":false},"author":74,"featured_media":0,"template":"","meta":{"_et_pb_use_builder":"","_et_pb_old_content":"","_et_gb_content_width":"","_tribe_events_status":"","_tribe_events_status_reason":"","footnotes":""},"tags":[],"tribe_events_cat":[],"class_list":["post-11536","tribe_events","type-tribe_events","status-publish","hentry"],"_links":{"self":[{"href":"https:\/\/catholiques17.fr\/laleumireuil\/wp-json\/wp\/v2\/tribe_events\/11536","targetHints":{"allow":["GET"]}}],"collection":[{"href":"https:\/\/catholiques17.fr\/laleumireuil\/wp-json\/wp\/v2\/tribe_events"}],"about":[{"href":"https:\/\/catholiques17.fr\/laleumireuil\/wp-json\/wp\/v2\/types\/tribe_events"}],"author":[{"embeddable":true,"href":"https:\/\/catholiques17.fr\/laleumireuil\/wp-json\/wp\/v2\/users\/74"}],"version-history":[{"count":1,"href":"https:\/\/catholiques17.fr\/laleumireuil\/wp-json\/wp\/v2\/tribe_events\/11536\/revisions"}],"predecessor-version":[{"id":11538,"href":"https:\/\/catholiques17.fr\/laleumireuil\/wp-json\/wp\/v2\/tribe_events\/11536\/revisions\/11538"}],"wp:attachment":[{"href":"https:\/\/catholiques17.fr\/laleumireuil\/wp-json\/wp\/v2\/media?parent=11536"}],"wp:term":[{"taxonomy":"post_tag","embeddable":true,"href":"https:\/\/catholiques17.fr\/laleumireuil\/wp-json\/wp\/v2\/tags?post=11536"},{"taxonomy":"tribe_events_cat","embeddable":true,"href":"https:\/\/catholiques17.fr\/laleumireuil\/wp-json\/wp\/v2\/tribe_events_cat?post=11536"}],"curies":[{"name":"wp","href":"https:\/\/api.w.org\/{rel}","templated":true}]}}

L’arrivée de la lumière de Bethléem

<p>Dimanche 14 décembre, L’arrivée de la lumière de Bethléem église Saint Sauveur à 18h (messe « inter scoute » présidée par Mgr Bozo)</p>
