{"id":11530,"date":"2025-12-10T12:10:22","date_gmt":"2025-12-10T11:10:22","guid":{"rendered":"https:\/\/catholiques17.fr\/laleumireuil\/?post_type=tribe_events&#038;p=11530"},"modified":"2025-12-10T12:10:22","modified_gmt":"2025-12-10T11:10:22","slug":"repetition-de-la-creche-vivante-de-noel","status":"publish","type":"tribe_events","link":"https:\/\/catholiques17.fr\/laleumireuil\/event\/repetition-de-la-creche-vivante-de-noel\/","title":{"rendered":"R\u00e9p\u00e9tition de la cr\u00e8che vivante de No\u00ebl"},"content":{"rendered":"<p>R\u00e9p\u00e9tition de la cr\u00e8che vivante de No\u00ebl : Enfants et Jeunes !<br \/>\nLundi 22 d\u00e9cembre \u00e0 15h \u00e0 l\u2019\u00e9glise St Pierre de Laleu<\/p>\n","protected":false},"excerpt":{"rendered":"<p>R\u00e9p\u00e9tition de la cr\u00e8che vivante de No\u00ebl : Enfants et Jeunes ! Lundi 22 d\u00e9cembre \u00e0 15h \u00e0 l\u2019\u00e9glise St Pierre de Laleu<\/p>\n","protected":false},"author":74,"featured_media":0,"template":"","meta":{"_et_pb_use_builder":"","_et_pb_old_content":"","_et_gb_content_width":"","_tribe_events_status":"","_tribe_events_status_reason":"","footnotes":""},"tags":[],"tribe_events_cat":[],"class_list":["post-11530","tribe_events","type-tribe_events","status-publish","hentry"],"_links":{"self":[{"href":"https:\/\/catholiques17.fr\/laleumireuil\/wp-json\/wp\/v2\/tribe_events\/11530","targetHints":{"allow":["GET"]}}],"collection":[{"href":"https:\/\/catholiques17.fr\/laleumireuil\/wp-json\/wp\/v2\/tribe_events"}],"about":[{"href":"https:\/\/catholiques17.fr\/laleumireuil\/wp-json\/wp\/v2\/types\/tribe_events"}],"author":[{"embeddable":true,"href":"https:\/\/catholiques17.fr\/laleumireuil\/wp-json\/wp\/v2\/users\/74"}],"version-history":[{"count":1,"href":"https:\/\/catholiques17.fr\/laleumireuil\/wp-json\/wp\/v2\/tribe_events\/11530\/revisions"}],"predecessor-version":[{"id":11531,"href":"https:\/\/catholiques17.fr\/laleumireuil\/wp-json\/wp\/v2\/tribe_events\/11530\/revisions\/11531"}],"wp:attachment":[{"href":"https:\/\/catholiques17.fr\/laleumireuil\/wp-json\/wp\/v2\/media?parent=11530"}],"wp:term":[{"taxonomy":"post_tag","embeddable":true,"href":"https:\/\/catholiques17.fr\/laleumireuil\/wp-json\/wp\/v2\/tags?post=11530"},{"taxonomy":"tribe_events_cat","embeddable":true,"href":"https:\/\/catholiques17.fr\/laleumireuil\/wp-json\/wp\/v2\/tribe_events_cat?post=11530"}],"curies":[{"name":"wp","href":"https:\/\/api.w.org\/{rel}","templated":true}]}}

Répétition de la crèche vivante de Noël

<p>Répétition de la crèche vivante de Noël : Enfants et Jeunes !<br />
Lundi 22 décembre à 15h à l’église St Pierre de Laleu</p>

<p>Répétition de la crèche vivante de Noël : Enfants et Jeunes ! Lundi 22 décembre à 15h à l’église St Pierre de Laleu</p>
