{"id":11515,"date":"2025-12-05T10:30:30","date_gmt":"2025-12-05T09:30:30","guid":{"rendered":"https:\/\/catholiques17.fr\/laleumireuil\/?post_type=tribe_events&#038;p=11515"},"modified":"2025-12-05T10:30:30","modified_gmt":"2025-12-05T09:30:30","slug":"messe-avec-mgr-bozo-doyenne-de-la-rochelle-re","status":"publish","type":"tribe_events","link":"https:\/\/catholiques17.fr\/laleumireuil\/event\/messe-avec-mgr-bozo-doyenne-de-la-rochelle-re\/","title":{"rendered":"Messe avec Mgr Bozo \u2013 Doyenn\u00e9 de La Rochelle \u2013 R\u00e9"},"content":{"rendered":"<p class=\"p1\">Quelques semaines apr\u00e8s son arriv\u00e9e dans notre dioc\u00e8se comme \u00e9v\u00eaque coadjuteur,<br \/>\nMgr Bozo viendra c\u00e9l\u00e9brer une messe dominicale dans chaque doyenn\u00e9 pour rencontrer les chr\u00e9tiens de toutes les paroisses.<br \/>\nIl n\u2019y aura pas de messe ce samedi 20 \u00e0 La Pallice.<\/p>\n<p><img loading=\"lazy\" decoding=\"async\" class=\"alignleft size-full wp-image-11516\" src=\"https:\/\/catholiques17.fr\/laleumireuil\/wp-content\/uploads\/sites\/43\/2025\/12\/VF-Doyenne-La-Rochelle-Re.jpeg\" alt=\"\" width=\"566\" height=\"800\" srcset=\"https:\/\/catholiques17.fr\/laleumireuil\/wp-content\/uploads\/sites\/43\/2025\/12\/VF-Doyenne-La-Rochelle-Re.jpeg 566w, https:\/\/catholiques17.fr\/laleumireuil\/wp-content\/uploads\/sites\/43\/2025\/12\/VF-Doyenne-La-Rochelle-Re-480x678.jpeg 480w\" sizes=\"(min-width: 0px) and (max-width: 480px) 480px, (min-width: 481px) 566px, 100vw\" \/><\/p>\n","protected":false},"excerpt":{"rendered":"<p>Quelques semaines apr\u00e8s son arriv\u00e9e dans notre dioc\u00e8se comme \u00e9v\u00eaque coadjuteur, Mgr Bozo viendra c\u00e9l\u00e9brer une messe dominicale dans chaque doyenn\u00e9 pour rencontrer les chr\u00e9tiens de toutes les paroisses. Il [&hellip;]<\/p>\n","protected":false},"author":74,"featured_media":0,"template":"","meta":{"_et_pb_use_builder":"","_et_pb_old_content":"","_et_gb_content_width":"","_tribe_events_status":"","_tribe_events_status_reason":"","footnotes":""},"tags":[],"tribe_events_cat":[],"class_list":["post-11515","tribe_events","type-tribe_events","status-publish","hentry"],"_links":{"self":[{"href":"https:\/\/catholiques17.fr\/laleumireuil\/wp-json\/wp\/v2\/tribe_events\/11515","targetHints":{"allow":["GET"]}}],"collection":[{"href":"https:\/\/catholiques17.fr\/laleumireuil\/wp-json\/wp\/v2\/tribe_events"}],"about":[{"href":"https:\/\/catholiques17.fr\/laleumireuil\/wp-json\/wp\/v2\/types\/tribe_events"}],"author":[{"embeddable":true,"href":"https:\/\/catholiques17.fr\/laleumireuil\/wp-json\/wp\/v2\/users\/74"}],"version-history":[{"count":1,"href":"https:\/\/catholiques17.fr\/laleumireuil\/wp-json\/wp\/v2\/tribe_events\/11515\/revisions"}],"predecessor-version":[{"id":11518,"href":"https:\/\/catholiques17.fr\/laleumireuil\/wp-json\/wp\/v2\/tribe_events\/11515\/revisions\/11518"}],"wp:attachment":[{"href":"https:\/\/catholiques17.fr\/laleumireuil\/wp-json\/wp\/v2\/media?parent=11515"}],"wp:term":[{"taxonomy":"post_tag","embeddable":true,"href":"https:\/\/catholiques17.fr\/laleumireuil\/wp-json\/wp\/v2\/tags?post=11515"},{"taxonomy":"tribe_events_cat","embeddable":true,"href":"https:\/\/catholiques17.fr\/laleumireuil\/wp-json\/wp\/v2\/tribe_events_cat?post=11515"}],"curies":[{"name":"wp","href":"https:\/\/api.w.org\/{rel}","templated":true}]}}

Messe avec Mgr Bozo – Doyenné de La Rochelle – Ré

<p class="p1">Quelques semaines après son arrivée dans notre diocèse comme évêque coadjuteur,<br />
Mgr Bozo viendra célébrer une messe dominicale dans chaque doyenné pour rencontrer les chrétiens de toutes les paroisses.<br />
Il n’y aura pas de messe ce samedi 20 à La Pallice.</p>
<p><img loading="lazy" decoding="async" class="alignleft size-full wp-image-11516" src="https://catholiques17.fr/laleumireuil/wp-content/uploads/sites/43/2025/12/VF-Doyenne-La-Rochelle-Re.jpeg" alt="" width="566" height="800" srcset="https://catholiques17.fr/laleumireuil/wp-content/uploads/sites/43/2025/12/VF-Doyenne-La-Rochelle-Re.jpeg 566w, https://catholiques17.fr/laleumireuil/wp-content/uploads/sites/43/2025/12/VF-Doyenne-La-Rochelle-Re-480x678.jpeg 480w" sizes="(min-width: 0px) and (max-width: 480px) 480px, (min-width: 481px) 566px, 100vw" /></p>

<p>Quelques semaines après son arrivée dans notre diocèse comme évêque coadjuteur, Mgr Bozo viendra célébrer une messe dominicale dans chaque doyenné pour rencontrer les chrétiens de toutes les paroisses. Il [&hellip;]</p>
