{"id":11463,"date":"2025-11-21T13:54:39","date_gmt":"2025-11-21T12:54:39","guid":{"rendered":"https:\/\/catholiques17.fr\/laleumireuil\/?post_type=tribe_events&#038;p=11463"},"modified":"2025-12-02T17:46:59","modified_gmt":"2025-12-02T16:46:59","slug":"fete-de-limmaculee-conception","status":"publish","type":"tribe_events","link":"https:\/\/catholiques17.fr\/laleumireuil\/event\/fete-de-limmaculee-conception\/","title":{"rendered":"F\u00eate de l\u2019Immacul\u00e9e Conception"},"content":{"rendered":"<p>[et_pb_section fb_built=\u00a0\u00bb1&Prime; admin_label=\u00a0\u00bbsection\u00a0\u00bb _builder_version=\u00a0\u00bb4.16&Prime; global_colors_info=\u00a0\u00bb{}\u00a0\u00bb][et_pb_row admin_label=\u00a0\u00bbrow\u00a0\u00bb _builder_version=\u00a0\u00bb4.16&Prime; background_size=\u00a0\u00bbinitial\u00a0\u00bb background_position=\u00a0\u00bbtop_left\u00a0\u00bb background_repeat=\u00a0\u00bbrepeat\u00a0\u00bb global_colors_info=\u00a0\u00bb{}\u00a0\u00bb][et_pb_column type=\u00a0\u00bb4_4&Prime; _builder_version=\u00a0\u00bb4.16&Prime; custom_padding=\u00a0\u00bb|||\u00a0\u00bb global_colors_info=\u00a0\u00bb{}\u00a0\u00bb custom_padding__hover=\u00a0\u00bb|||\u00a0\u00bb][et_pb_text admin_label=\u00a0\u00bbText\u00a0\u00bb _builder_version=\u00a0\u00bb4.27.4&Prime; background_size=\u00a0\u00bbinitial\u00a0\u00bb background_position=\u00a0\u00bbtop_left\u00a0\u00bb background_repeat=\u00a0\u00bbrepeat\u00a0\u00bb hover_enabled=\u00a0\u00bb0&Prime; global_colors_info=\u00a0\u00bb{}\u00a0\u00bb sticky_enabled=\u00a0\u00bb0&Prime;]<\/p>\n<p style=\"text-align: left\"><img loading=\"lazy\" decoding=\"async\" src=\"https:\/\/catholiques17.fr\/laleumireuil\/wp-content\/uploads\/sites\/43\/2025\/12\/tempImageRsXoBR.jpg\" width=\"800\" height=\"450\" alt=\"\" class=\"wp-image-11488 aligncenter size-full\" srcset=\"https:\/\/catholiques17.fr\/laleumireuil\/wp-content\/uploads\/sites\/43\/2025\/12\/tempImageRsXoBR.jpg 800w, https:\/\/catholiques17.fr\/laleumireuil\/wp-content\/uploads\/sites\/43\/2025\/12\/tempImageRsXoBR-480x270.jpg 480w\" sizes=\"(min-width: 0px) and (max-width: 480px) 480px, (min-width: 481px) 800px, 100vw\" \/><\/p>\n<p>[\/et_pb_text][et_pb_text admin_label=\u00a0\u00bbText\u00a0\u00bb _builder_version=\u00a0\u00bb4.27.4&Prime; background_size=\u00a0\u00bbinitial\u00a0\u00bb background_position=\u00a0\u00bbtop_left\u00a0\u00bb background_repeat=\u00a0\u00bbrepeat\u00a0\u00bb hover_enabled=\u00a0\u00bb0&Prime; global_colors_info=\u00a0\u00bb{}\u00a0\u00bb sticky_enabled=\u00a0\u00bb0&Prime;]<\/p>\n<p>Lundi 8 d\u00e9cembre f\u00eate de l\u2019Immacul\u00e9e Conception ; messe \u00e0 Mireuil \u00e0 18h30, anim\u00e9e par la chorale Magnificat.<\/p>\n<p>[\/et_pb_text][\/et_pb_column][\/et_pb_row][\/et_pb_section]<\/p>\n","protected":false},"excerpt":{"rendered":"<p>Lundi 8 d\u00e9cembre f\u00eate de l\u2019Immacul\u00e9e Conception ; messe \u00e0 Mireuil \u00e0 18h30, anim\u00e9e par la chorale Magnificat.<\/p>\n","protected":false},"author":74,"featured_media":0,"template":"","meta":{"_et_pb_use_builder":"on","_et_pb_old_content":"lundi 8 d\u00e9cembre f\u00eate de l\u2019Immacul\u00e9e Conception ; messe \u00e0 Mireuil \u00e0 18h30, anim\u00e9e par la chorale Magnificat","_et_gb_content_width":"","_tribe_events_status":"","_tribe_events_status_reason":"","footnotes":""},"tags":[],"tribe_events_cat":[],"class_list":["post-11463","tribe_events","type-tribe_events","status-publish","hentry"],"_links":{"self":[{"href":"https:\/\/catholiques17.fr\/laleumireuil\/wp-json\/wp\/v2\/tribe_events\/11463","targetHints":{"allow":["GET"]}}],"collection":[{"href":"https:\/\/catholiques17.fr\/laleumireuil\/wp-json\/wp\/v2\/tribe_events"}],"about":[{"href":"https:\/\/catholiques17.fr\/laleumireuil\/wp-json\/wp\/v2\/types\/tribe_events"}],"author":[{"embeddable":true,"href":"https:\/\/catholiques17.fr\/laleumireuil\/wp-json\/wp\/v2\/users\/74"}],"version-history":[{"count":3,"href":"https:\/\/catholiques17.fr\/laleumireuil\/wp-json\/wp\/v2\/tribe_events\/11463\/revisions"}],"predecessor-version":[{"id":11489,"href":"https:\/\/catholiques17.fr\/laleumireuil\/wp-json\/wp\/v2\/tribe_events\/11463\/revisions\/11489"}],"wp:attachment":[{"href":"https:\/\/catholiques17.fr\/laleumireuil\/wp-json\/wp\/v2\/media?parent=11463"}],"wp:term":[{"taxonomy":"post_tag","embeddable":true,"href":"https:\/\/catholiques17.fr\/laleumireuil\/wp-json\/wp\/v2\/tags?post=11463"},{"taxonomy":"tribe_events_cat","embeddable":true,"href":"https:\/\/catholiques17.fr\/laleumireuil\/wp-json\/wp\/v2\/tribe_events_cat?post=11463"}],"curies":[{"name":"wp","href":"https:\/\/api.w.org\/{rel}","templated":true}]}}

Fête de l’Immaculée Conception

<p>[et_pb_section fb_built= »1&Prime; admin_label= »section » _builder_version= »4.16&Prime; global_colors_info= »{} »][et_pb_row admin_label= »row » _builder_version= »4.16&Prime; background_size= »initial » background_position= »top_left » background_repeat= »repeat » global_colors_info= »{} »][et_pb_column type= »4_4&Prime; _builder_version= »4.16&Prime; custom_padding= »||| » global_colors_info= »{} » custom_padding__hover= »||| »][et_pb_text admin_label= »Text » _builder_version= »4.27.4&Prime; background_size= »initial » background_position= »top_left » background_repeat= »repeat » hover_enabled= »0&Prime; global_colors_info= »{} » sticky_enabled= »0&Prime;]</p>
<p style="text-align: left"><img loading="lazy" decoding="async" src="https://catholiques17.fr/laleumireuil/wp-content/uploads/sites/43/2025/12/tempImageRsXoBR.jpg" width="800" height="450" alt="" class="wp-image-11488 aligncenter size-full" srcset="https://catholiques17.fr/laleumireuil/wp-content/uploads/sites/43/2025/12/tempImageRsXoBR.jpg 800w, https://catholiques17.fr/laleumireuil/wp-content/uploads/sites/43/2025/12/tempImageRsXoBR-480x270.jpg 480w" sizes="(min-width: 0px) and (max-width: 480px) 480px, (min-width: 481px) 800px, 100vw" /></p>
<p>[/et_pb_text][et_pb_text admin_label= »Text » _builder_version= »4.27.4&Prime; background_size= »initial » background_position= »top_left » background_repeat= »repeat » hover_enabled= »0&Prime; global_colors_info= »{} » sticky_enabled= »0&Prime;]</p>
<p>Lundi 8 décembre fête de l’Immaculée Conception ; messe à Mireuil à 18h30, animée par la chorale Magnificat.</p>
<p>[/et_pb_text][/et_pb_column][/et_pb_row][/et_pb_section]</p>

<p>Lundi 8 décembre fête de l’Immaculée Conception ; messe à Mireuil à 18h30, animée par la chorale Magnificat.</p>

lundi 8 décembre fête de l’Immaculée Conception ; messe à Mireuil à 18h30, animée par la chorale Magnificat
