{"id":11459,"date":"2025-11-21T13:52:50","date_gmt":"2025-11-21T12:52:50","guid":{"rendered":"https:\/\/catholiques17.fr\/laleumireuil\/?post_type=tribe_events&#038;p=11459"},"modified":"2025-11-21T13:52:50","modified_gmt":"2025-11-21T12:52:50","slug":"mercredi-davent-partage-devangile-3","status":"publish","type":"tribe_events","link":"https:\/\/catholiques17.fr\/laleumireuil\/event\/mercredi-davent-partage-devangile-3\/","title":{"rendered":"Mercredi d\u2019Avent \u2013 Partage d\u2019\u00e9vangile"},"content":{"rendered":"<p>Tous les mercredis d\u2019Avent, \u00e0 partir du mercredi 3 d\u00e9cembre,<br \/>\nnous sommes tous invit\u00e9s \u00e0 un partage d\u2019\u00e9vangile de 20h \u00e0 21h \u00e0 Mireuil<br \/>\n(18h30, messe ; puis repas rapide en commun ; puis \u00e0 20h, partage d\u2019\u00e9vangile).<\/p>\n","protected":false},"excerpt":{"rendered":"<p>Tous les mercredis d\u2019Avent, \u00e0 partir du mercredi 3 d\u00e9cembre, nous sommes tous invit\u00e9s \u00e0 un partage d\u2019\u00e9vangile de 20h \u00e0 21h \u00e0 Mireuil (18h30, messe ; puis repas rapide [&hellip;]<\/p>\n","protected":false},"author":74,"featured_media":0,"template":"","meta":{"_et_pb_use_builder":"","_et_pb_old_content":"","_et_gb_content_width":"","_tribe_events_status":"","_tribe_events_status_reason":"","footnotes":""},"tags":[],"tribe_events_cat":[],"class_list":["post-11459","tribe_events","type-tribe_events","status-publish","hentry"],"_links":{"self":[{"href":"https:\/\/catholiques17.fr\/laleumireuil\/wp-json\/wp\/v2\/tribe_events\/11459","targetHints":{"allow":["GET"]}}],"collection":[{"href":"https:\/\/catholiques17.fr\/laleumireuil\/wp-json\/wp\/v2\/tribe_events"}],"about":[{"href":"https:\/\/catholiques17.fr\/laleumireuil\/wp-json\/wp\/v2\/types\/tribe_events"}],"author":[{"embeddable":true,"href":"https:\/\/catholiques17.fr\/laleumireuil\/wp-json\/wp\/v2\/users\/74"}],"version-history":[{"count":1,"href":"https:\/\/catholiques17.fr\/laleumireuil\/wp-json\/wp\/v2\/tribe_events\/11459\/revisions"}],"predecessor-version":[{"id":11460,"href":"https:\/\/catholiques17.fr\/laleumireuil\/wp-json\/wp\/v2\/tribe_events\/11459\/revisions\/11460"}],"wp:attachment":[{"href":"https:\/\/catholiques17.fr\/laleumireuil\/wp-json\/wp\/v2\/media?parent=11459"}],"wp:term":[{"taxonomy":"post_tag","embeddable":true,"href":"https:\/\/catholiques17.fr\/laleumireuil\/wp-json\/wp\/v2\/tags?post=11459"},{"taxonomy":"tribe_events_cat","embeddable":true,"href":"https:\/\/catholiques17.fr\/laleumireuil\/wp-json\/wp\/v2\/tribe_events_cat?post=11459"}],"curies":[{"name":"wp","href":"https:\/\/api.w.org\/{rel}","templated":true}]}}

Mercredi d’Avent – Partage d’évangile

<p>Tous les mercredis d’Avent, à partir du mercredi 3 décembre,<br />
nous sommes tous invités à un partage d’évangile de 20h à 21h à Mireuil<br />
(18h30, messe ; puis repas rapide en commun ; puis à 20h, partage d’évangile).</p>

<p>Tous les mercredis d’Avent, à partir du mercredi 3 décembre, nous sommes tous invités à un partage d’évangile de 20h à 21h à Mireuil (18h30, messe ; puis repas rapide [&hellip;]</p>
