{"id":11452,"date":"2025-11-21T13:48:40","date_gmt":"2025-11-21T12:48:40","guid":{"rendered":"https:\/\/catholiques17.fr\/laleumireuil\/?post_type=tribe_events&#038;p=11452"},"modified":"2025-11-21T13:48:40","modified_gmt":"2025-11-21T12:48:40","slug":"reunion-creation-dun-conseil-paroissial","status":"publish","type":"tribe_events","link":"https:\/\/catholiques17.fr\/laleumireuil\/event\/reunion-creation-dun-conseil-paroissial\/","title":{"rendered":"R\u00e9union cr\u00e9ation d\u2019un Conseil Paroissial"},"content":{"rendered":"<p>samedi 29 novembre, r\u00e9union en vue de la cr\u00e9ation d\u2019un Conseil Paroissial de 15h \u00e0 16h30, \u00e9glise Saint Paul, \u00e0 Mireuil<\/p>\n","protected":false},"excerpt":{"rendered":"<p>samedi 29 novembre, r\u00e9union en vue de la cr\u00e9ation d\u2019un Conseil Paroissial de 15h \u00e0 16h30, \u00e9glise Saint Paul, \u00e0 Mireuil<\/p>\n","protected":false},"author":74,"featured_media":0,"template":"","meta":{"_et_pb_use_builder":"","_et_pb_old_content":"","_et_gb_content_width":"","_tribe_events_status":"","_tribe_events_status_reason":"","footnotes":""},"tags":[],"tribe_events_cat":[],"class_list":["post-11452","tribe_events","type-tribe_events","status-publish","hentry"],"_links":{"self":[{"href":"https:\/\/catholiques17.fr\/laleumireuil\/wp-json\/wp\/v2\/tribe_events\/11452","targetHints":{"allow":["GET"]}}],"collection":[{"href":"https:\/\/catholiques17.fr\/laleumireuil\/wp-json\/wp\/v2\/tribe_events"}],"about":[{"href":"https:\/\/catholiques17.fr\/laleumireuil\/wp-json\/wp\/v2\/types\/tribe_events"}],"author":[{"embeddable":true,"href":"https:\/\/catholiques17.fr\/laleumireuil\/wp-json\/wp\/v2\/users\/74"}],"version-history":[{"count":1,"href":"https:\/\/catholiques17.fr\/laleumireuil\/wp-json\/wp\/v2\/tribe_events\/11452\/revisions"}],"predecessor-version":[{"id":11453,"href":"https:\/\/catholiques17.fr\/laleumireuil\/wp-json\/wp\/v2\/tribe_events\/11452\/revisions\/11453"}],"wp:attachment":[{"href":"https:\/\/catholiques17.fr\/laleumireuil\/wp-json\/wp\/v2\/media?parent=11452"}],"wp:term":[{"taxonomy":"post_tag","embeddable":true,"href":"https:\/\/catholiques17.fr\/laleumireuil\/wp-json\/wp\/v2\/tags?post=11452"},{"taxonomy":"tribe_events_cat","embeddable":true,"href":"https:\/\/catholiques17.fr\/laleumireuil\/wp-json\/wp\/v2\/tribe_events_cat?post=11452"}],"curies":[{"name":"wp","href":"https:\/\/api.w.org\/{rel}","templated":true}]}}

Réunion création d’un Conseil Paroissial

<p>samedi 29 novembre, réunion en vue de la création d’un Conseil Paroissial de 15h à 16h30, église Saint Paul, à Mireuil</p>
