{"id":11450,"date":"2025-11-21T13:47:38","date_gmt":"2025-11-21T12:47:38","guid":{"rendered":"https:\/\/catholiques17.fr\/laleumireuil\/?post_type=tribe_events&#038;p=11450"},"modified":"2025-11-21T13:47:38","modified_gmt":"2025-11-21T12:47:38","slug":"catechisme-pour-les-primaires","status":"publish","type":"tribe_events","link":"https:\/\/catholiques17.fr\/laleumireuil\/event\/catechisme-pour-les-primaires\/","title":{"rendered":"Cat\u00e9chisme pour les primaires"},"content":{"rendered":"<p>samedi 29 novembre temps fort de cat\u00e9chisme pour tous les enfants de primaire de notre secteur, de 14h \u00e0 17h au presbyt\u00e8re de Laleu<\/p>\n","protected":false},"excerpt":{"rendered":"<p>samedi 29 novembre temps fort de cat\u00e9chisme pour tous les enfants de primaire de notre secteur, de 14h \u00e0 17h au presbyt\u00e8re de Laleu<\/p>\n","protected":false},"author":74,"featured_media":0,"template":"","meta":{"_et_pb_use_builder":"","_et_pb_old_content":"","_et_gb_content_width":"","_tribe_events_status":"","_tribe_events_status_reason":"","footnotes":""},"tags":[],"tribe_events_cat":[],"class_list":["post-11450","tribe_events","type-tribe_events","status-publish","hentry"],"_links":{"self":[{"href":"https:\/\/catholiques17.fr\/laleumireuil\/wp-json\/wp\/v2\/tribe_events\/11450","targetHints":{"allow":["GET"]}}],"collection":[{"href":"https:\/\/catholiques17.fr\/laleumireuil\/wp-json\/wp\/v2\/tribe_events"}],"about":[{"href":"https:\/\/catholiques17.fr\/laleumireuil\/wp-json\/wp\/v2\/types\/tribe_events"}],"author":[{"embeddable":true,"href":"https:\/\/catholiques17.fr\/laleumireuil\/wp-json\/wp\/v2\/users\/74"}],"version-history":[{"count":1,"href":"https:\/\/catholiques17.fr\/laleumireuil\/wp-json\/wp\/v2\/tribe_events\/11450\/revisions"}],"predecessor-version":[{"id":11451,"href":"https:\/\/catholiques17.fr\/laleumireuil\/wp-json\/wp\/v2\/tribe_events\/11450\/revisions\/11451"}],"wp:attachment":[{"href":"https:\/\/catholiques17.fr\/laleumireuil\/wp-json\/wp\/v2\/media?parent=11450"}],"wp:term":[{"taxonomy":"post_tag","embeddable":true,"href":"https:\/\/catholiques17.fr\/laleumireuil\/wp-json\/wp\/v2\/tags?post=11450"},{"taxonomy":"tribe_events_cat","embeddable":true,"href":"https:\/\/catholiques17.fr\/laleumireuil\/wp-json\/wp\/v2\/tribe_events_cat?post=11450"}],"curies":[{"name":"wp","href":"https:\/\/api.w.org\/{rel}","templated":true}]}}

Catéchisme pour les primaires

<p>samedi 29 novembre temps fort de catéchisme pour tous les enfants de primaire de notre secteur, de 14h à 17h au presbytère de Laleu</p>
