{"id":11429,"date":"2025-11-09T13:34:17","date_gmt":"2025-11-09T12:34:17","guid":{"rendered":"https:\/\/catholiques17.fr\/laleumireuil\/?post_type=tribe_events&#038;p=11429"},"modified":"2025-11-10T11:05:34","modified_gmt":"2025-11-10T10:05:34","slug":"rencontre-partage-de-la-mission-ouvriere","status":"publish","type":"tribe_events","link":"https:\/\/catholiques17.fr\/laleumireuil\/event\/rencontre-partage-de-la-mission-ouvriere\/","title":{"rendered":"Rencontre-Partage  de la Mission Ouvri\u00e8re"},"content":{"rendered":"<p style=\"text-align: left\"><img loading=\"lazy\" decoding=\"async\" class=\" wp-image-11439 alignleft\" src=\"https:\/\/catholiques17.fr\/laleumireuil\/wp-content\/uploads\/sites\/43\/2025\/11\/Mission-ouviriere.jpg\" alt=\"\" width=\"450\" height=\"636\" \/><\/p>\n<p>&nbsp;<\/p>\n<p>&nbsp;<\/p>\n<p>&nbsp;<\/p>\n<p>&nbsp;<\/p>\n<p>&nbsp;<\/p>\n<p>&nbsp;<\/p>\n<p>&nbsp;<\/p>\n<p>&nbsp;<\/p>\n<p>&nbsp;<\/p>\n<p>&nbsp;<\/p>\n<p>&nbsp;<\/p>\n<p>&nbsp;<\/p>\n<p style=\"text-align: left\">Samedi 15 novembre, rencontre-partage de la Mission Ouvri\u00e8re<br \/>\nde 10h30 \u00e0 17h au Ballon Rouge (10 rue Jacques Henry \u00e0 Laleu &#8211; Derri\u00e8re le presbyt\u00e8re).<\/p>\n","protected":false},"excerpt":{"rendered":"<p>&nbsp; &nbsp; &nbsp; &nbsp; &nbsp; &nbsp; &nbsp; &nbsp; &nbsp; &nbsp; &nbsp; &nbsp; Samedi 15 novembre, rencontre-partage de la Mission Ouvri\u00e8re de 10h30 \u00e0 17h au Ballon Rouge (10 rue Jacques [&hellip;]<\/p>\n","protected":false},"author":74,"featured_media":0,"template":"","meta":{"_et_pb_use_builder":"","_et_pb_old_content":"","_et_gb_content_width":"","_tribe_events_status":"","_tribe_events_status_reason":"","footnotes":""},"tags":[],"tribe_events_cat":[],"class_list":["post-11429","tribe_events","type-tribe_events","status-publish","hentry"],"_links":{"self":[{"href":"https:\/\/catholiques17.fr\/laleumireuil\/wp-json\/wp\/v2\/tribe_events\/11429","targetHints":{"allow":["GET"]}}],"collection":[{"href":"https:\/\/catholiques17.fr\/laleumireuil\/wp-json\/wp\/v2\/tribe_events"}],"about":[{"href":"https:\/\/catholiques17.fr\/laleumireuil\/wp-json\/wp\/v2\/types\/tribe_events"}],"author":[{"embeddable":true,"href":"https:\/\/catholiques17.fr\/laleumireuil\/wp-json\/wp\/v2\/users\/74"}],"version-history":[{"count":2,"href":"https:\/\/catholiques17.fr\/laleumireuil\/wp-json\/wp\/v2\/tribe_events\/11429\/revisions"}],"predecessor-version":[{"id":11440,"href":"https:\/\/catholiques17.fr\/laleumireuil\/wp-json\/wp\/v2\/tribe_events\/11429\/revisions\/11440"}],"wp:attachment":[{"href":"https:\/\/catholiques17.fr\/laleumireuil\/wp-json\/wp\/v2\/media?parent=11429"}],"wp:term":[{"taxonomy":"post_tag","embeddable":true,"href":"https:\/\/catholiques17.fr\/laleumireuil\/wp-json\/wp\/v2\/tags?post=11429"},{"taxonomy":"tribe_events_cat","embeddable":true,"href":"https:\/\/catholiques17.fr\/laleumireuil\/wp-json\/wp\/v2\/tribe_events_cat?post=11429"}],"curies":[{"name":"wp","href":"https:\/\/api.w.org\/{rel}","templated":true}]}}

Rencontre-Partage  de la Mission Ouvrière

<p style="text-align: left"><img loading="lazy" decoding="async" class=" wp-image-11439 alignleft" src="https://catholiques17.fr/laleumireuil/wp-content/uploads/sites/43/2025/11/Mission-ouviriere.jpg" alt="" width="450" height="636" /></p>
<p>&nbsp;</p>
<p>&nbsp;</p>
<p>&nbsp;</p>
<p>&nbsp;</p>
<p>&nbsp;</p>
<p>&nbsp;</p>
<p>&nbsp;</p>
<p>&nbsp;</p>
<p>&nbsp;</p>
<p>&nbsp;</p>
<p>&nbsp;</p>
<p>&nbsp;</p>
<p style="text-align: left">Samedi 15 novembre, rencontre-partage de la Mission Ouvrière<br />
de 10h30 à 17h au Ballon Rouge (10 rue Jacques Henry à Laleu &#8211; Derrière le presbytère).</p>

<p>&nbsp; &nbsp; &nbsp; &nbsp; &nbsp; &nbsp; &nbsp; &nbsp; &nbsp; &nbsp; &nbsp; &nbsp; Samedi 15 novembre, rencontre-partage de la Mission Ouvrière de 10h30 à 17h au Ballon Rouge (10 rue Jacques [&hellip;]</p>
