{"id":11427,"date":"2025-11-09T13:30:06","date_gmt":"2025-11-09T12:30:06","guid":{"rendered":"https:\/\/catholiques17.fr\/laleumireuil\/?post_type=tribe_events&#038;p=11427"},"modified":"2025-11-09T13:30:06","modified_gmt":"2025-11-09T12:30:06","slug":"reunion-des-parents-denfants-du-catechisme","status":"publish","type":"tribe_events","link":"https:\/\/catholiques17.fr\/laleumireuil\/event\/reunion-des-parents-denfants-du-catechisme\/","title":{"rendered":"R\u00e9union des parents d\u2019enfants du cat\u00e9chisme"},"content":{"rendered":"<p>Jeudi 13 novembre &#8211; R\u00e9union des parents d\u2019enfants du cat\u00e9chisme de Laleu et Mireuil \u00e0 20h au presbyt\u00e8re de Laleu (10 rue Jacques Henry)<\/p>\n","protected":false},"excerpt":{"rendered":"<p>Jeudi 13 novembre &#8211; R\u00e9union des parents d\u2019enfants du cat\u00e9chisme de Laleu et Mireuil \u00e0 20h au presbyt\u00e8re de Laleu (10 rue Jacques Henry)<\/p>\n","protected":false},"author":74,"featured_media":0,"template":"","meta":{"_et_pb_use_builder":"","_et_pb_old_content":"","_et_gb_content_width":"","_tribe_events_status":"","_tribe_events_status_reason":"","footnotes":""},"tags":[],"tribe_events_cat":[],"class_list":["post-11427","tribe_events","type-tribe_events","status-publish","hentry"],"_links":{"self":[{"href":"https:\/\/catholiques17.fr\/laleumireuil\/wp-json\/wp\/v2\/tribe_events\/11427","targetHints":{"allow":["GET"]}}],"collection":[{"href":"https:\/\/catholiques17.fr\/laleumireuil\/wp-json\/wp\/v2\/tribe_events"}],"about":[{"href":"https:\/\/catholiques17.fr\/laleumireuil\/wp-json\/wp\/v2\/types\/tribe_events"}],"author":[{"embeddable":true,"href":"https:\/\/catholiques17.fr\/laleumireuil\/wp-json\/wp\/v2\/users\/74"}],"version-history":[{"count":1,"href":"https:\/\/catholiques17.fr\/laleumireuil\/wp-json\/wp\/v2\/tribe_events\/11427\/revisions"}],"predecessor-version":[{"id":11428,"href":"https:\/\/catholiques17.fr\/laleumireuil\/wp-json\/wp\/v2\/tribe_events\/11427\/revisions\/11428"}],"wp:attachment":[{"href":"https:\/\/catholiques17.fr\/laleumireuil\/wp-json\/wp\/v2\/media?parent=11427"}],"wp:term":[{"taxonomy":"post_tag","embeddable":true,"href":"https:\/\/catholiques17.fr\/laleumireuil\/wp-json\/wp\/v2\/tags?post=11427"},{"taxonomy":"tribe_events_cat","embeddable":true,"href":"https:\/\/catholiques17.fr\/laleumireuil\/wp-json\/wp\/v2\/tribe_events_cat?post=11427"}],"curies":[{"name":"wp","href":"https:\/\/api.w.org\/{rel}","templated":true}]}}

Réunion des parents d’enfants du catéchisme

<p>Jeudi 13 novembre &#8211; Réunion des parents d’enfants du catéchisme de Laleu et Mireuil à 20h au presbytère de Laleu (10 rue Jacques Henry)</p>
