{"id":11403,"date":"2025-10-26T13:26:27","date_gmt":"2025-10-26T12:26:27","guid":{"rendered":"https:\/\/catholiques17.fr\/laleumireuil\/?post_type=tribe_events&#038;p=11403"},"modified":"2025-10-26T14:00:00","modified_gmt":"2025-10-26T13:00:00","slug":"benediction-des-tombes-de-la-rossginolette","status":"publish","type":"tribe_events","link":"https:\/\/catholiques17.fr\/laleumireuil\/event\/benediction-des-tombes-de-la-rossginolette\/","title":{"rendered":"B\u00e9n\u00e9diction des tombes de La Rossignolette"},"content":{"rendered":"<p data-start=\"107\" data-end=\"255\"><strong data-start=\"107\" data-end=\"172\">Dimanche 2 novembre \u2014 Comm\u00e9moration de tous les fid\u00e8les d\u00e9funts<\/strong><br data-start=\"172\" data-end=\"175\" \/>Une <strong data-start=\"179\" data-end=\"205\">messe pour nos d\u00e9funts<\/strong> sera c\u00e9l\u00e9br\u00e9e \u00e0 <strong data-start=\"222\" data-end=\"252\">10h30 en l\u2019\u00e9glise de Laleu<\/strong>.<\/p>\n<p data-start=\"257\" data-end=\"395\">Dans l\u2019apr\u00e8s-midi, le <strong data-start=\"279\" data-end=\"292\">P. Xavier<\/strong> visitera les <strong data-start=\"306\" data-end=\"331\">cimeti\u00e8res du secteur<\/strong> afin de <strong data-start=\"340\" data-end=\"360\">b\u00e9nir les tombes<\/strong> des familles qui le souhaitent :<\/p>\n<ul data-start=\"396\" data-end=\"512\">\n<li data-start=\"396\" data-end=\"454\">\n<p data-start=\"398\" data-end=\"454\">de <strong data-start=\"401\" data-end=\"414\">15h \u00e0 16h<\/strong> au <strong data-start=\"418\" data-end=\"451\">cimeti\u00e8re de la Rossignolette<\/strong>,<\/p>\n<\/li>\n<li data-start=\"455\" data-end=\"512\">\n<p data-start=\"457\" data-end=\"512\">de <strong data-start=\"460\" data-end=\"473\">17h \u00e0 18h<\/strong> au <strong data-start=\"477\" data-end=\"509\">cimeti\u00e8re du Parc de Mireuil<\/strong>.<\/p>\n<\/li>\n<\/ul>\n<p data-start=\"514\" data-end=\"605\">Unissons-nous dans la pri\u00e8re pour tous ceux qui nous ont pr\u00e9c\u00e9d\u00e9s dans la paix du Christ.<\/p>\n","protected":false},"excerpt":{"rendered":"<p>Dimanche 2 novembre \u2014 Comm\u00e9moration de tous les fid\u00e8les d\u00e9funtsUne messe pour nos d\u00e9funts sera c\u00e9l\u00e9br\u00e9e \u00e0 10h30 en l\u2019\u00e9glise de Laleu. Dans l\u2019apr\u00e8s-midi, le P. Xavier visitera les cimeti\u00e8res [&hellip;]<\/p>\n","protected":false},"author":74,"featured_media":0,"template":"","meta":{"_et_pb_use_builder":"","_et_pb_old_content":"","_et_gb_content_width":"","_tribe_events_status":"","_tribe_events_status_reason":"","footnotes":""},"tags":[],"tribe_events_cat":[],"class_list":["post-11403","tribe_events","type-tribe_events","status-publish","hentry"],"_links":{"self":[{"href":"https:\/\/catholiques17.fr\/laleumireuil\/wp-json\/wp\/v2\/tribe_events\/11403","targetHints":{"allow":["GET"]}}],"collection":[{"href":"https:\/\/catholiques17.fr\/laleumireuil\/wp-json\/wp\/v2\/tribe_events"}],"about":[{"href":"https:\/\/catholiques17.fr\/laleumireuil\/wp-json\/wp\/v2\/types\/tribe_events"}],"author":[{"embeddable":true,"href":"https:\/\/catholiques17.fr\/laleumireuil\/wp-json\/wp\/v2\/users\/74"}],"version-history":[{"count":3,"href":"https:\/\/catholiques17.fr\/laleumireuil\/wp-json\/wp\/v2\/tribe_events\/11403\/revisions"}],"predecessor-version":[{"id":11417,"href":"https:\/\/catholiques17.fr\/laleumireuil\/wp-json\/wp\/v2\/tribe_events\/11403\/revisions\/11417"}],"wp:attachment":[{"href":"https:\/\/catholiques17.fr\/laleumireuil\/wp-json\/wp\/v2\/media?parent=11403"}],"wp:term":[{"taxonomy":"post_tag","embeddable":true,"href":"https:\/\/catholiques17.fr\/laleumireuil\/wp-json\/wp\/v2\/tags?post=11403"},{"taxonomy":"tribe_events_cat","embeddable":true,"href":"https:\/\/catholiques17.fr\/laleumireuil\/wp-json\/wp\/v2\/tribe_events_cat?post=11403"}],"curies":[{"name":"wp","href":"https:\/\/api.w.org\/{rel}","templated":true}]}}

Bénédiction des tombes de La Rossignolette

<p data-start="107" data-end="255"><strong data-start="107" data-end="172">Dimanche 2 novembre — Commémoration de tous les fidèles défunts</strong><br data-start="172" data-end="175" />Une <strong data-start="179" data-end="205">messe pour nos défunts</strong> sera célébrée à <strong data-start="222" data-end="252">10h30 en l’église de Laleu</strong>.</p>
<p data-start="257" data-end="395">Dans l’après-midi, le <strong data-start="279" data-end="292">P. Xavier</strong> visitera les <strong data-start="306" data-end="331">cimetières du secteur</strong> afin de <strong data-start="340" data-end="360">bénir les tombes</strong> des familles qui le souhaitent :</p>
<ul data-start="396" data-end="512">
<li data-start="396" data-end="454">
<p data-start="398" data-end="454">de <strong data-start="401" data-end="414">15h à 16h</strong> au <strong data-start="418" data-end="451">cimetière de la Rossignolette</strong>,</p>
</li>
<li data-start="455" data-end="512">
<p data-start="457" data-end="512">de <strong data-start="460" data-end="473">17h à 18h</strong> au <strong data-start="477" data-end="509">cimetière du Parc de Mireuil</strong>.</p>
</li>
</ul>
<p data-start="514" data-end="605">Unissons-nous dans la prière pour tous ceux qui nous ont précédés dans la paix du Christ.</p>

<p>Dimanche 2 novembre — Commémoration de tous les fidèles défuntsUne messe pour nos défunts sera célébrée à 10h30 en l’église de Laleu. Dans l’après-midi, le P. Xavier visitera les cimetières [&hellip;]</p>
