{"id":11361,"date":"2025-10-05T14:45:05","date_gmt":"2025-10-05T12:45:05","guid":{"rendered":"https:\/\/catholiques17.fr\/laleumireuil\/?post_type=tribe_events&#038;p=11361"},"modified":"2025-10-05T14:45:05","modified_gmt":"2025-10-05T12:45:05","slug":"repetition-mensuelle-de-chants-3","status":"publish","type":"tribe_events","link":"https:\/\/catholiques17.fr\/laleumireuil\/event\/repetition-mensuelle-de-chants-3\/","title":{"rendered":"R\u00e9p\u00e9tition mensuelle de chants"},"content":{"rendered":"<p data-start=\"67\" data-end=\"122\"><strong data-start=\"70\" data-end=\"117\">R\u00e9p\u00e9tition mensuelle des chants paroissiaux<\/strong><br \/>\nChers amis de la paroisse,<br data-start=\"150\" data-end=\"153\" \/>Nous vous invitons \u00e0 notre <strong data-start=\"180\" data-end=\"214\">r\u00e9p\u00e9tition mensuelle de chants<\/strong> afin de pr\u00e9parer ensemble les c\u00e9l\u00e9brations \u00e0 venir, dans la joie et la fraternit\u00e9 !<br \/>\nQue vous soyez choriste, musicien(ne) ou simplement amateur(trice) de chant, <strong data-start=\"497\" data-end=\"536\">toutes les voix sont les bienvenues.<\/strong><br data-start=\"539\" data-end=\"542\" \/>Venez partager un moment convivial et prier en musique.<\/p>\n","protected":false},"excerpt":{"rendered":"<p>R\u00e9p\u00e9tition mensuelle des chants paroissiaux Chers amis de la paroisse,Nous vous invitons \u00e0 notre r\u00e9p\u00e9tition mensuelle de chants afin de pr\u00e9parer ensemble les c\u00e9l\u00e9brations \u00e0 venir, dans la joie et [&hellip;]<\/p>\n","protected":false},"author":74,"featured_media":0,"template":"","meta":{"_et_pb_use_builder":"","_et_pb_old_content":"","_et_gb_content_width":"","_tribe_events_status":"","_tribe_events_status_reason":"","footnotes":""},"tags":[],"tribe_events_cat":[],"class_list":["post-11361","tribe_events","type-tribe_events","status-publish","hentry"],"_links":{"self":[{"href":"https:\/\/catholiques17.fr\/laleumireuil\/wp-json\/wp\/v2\/tribe_events\/11361","targetHints":{"allow":["GET"]}}],"collection":[{"href":"https:\/\/catholiques17.fr\/laleumireuil\/wp-json\/wp\/v2\/tribe_events"}],"about":[{"href":"https:\/\/catholiques17.fr\/laleumireuil\/wp-json\/wp\/v2\/types\/tribe_events"}],"author":[{"embeddable":true,"href":"https:\/\/catholiques17.fr\/laleumireuil\/wp-json\/wp\/v2\/users\/74"}],"version-history":[{"count":1,"href":"https:\/\/catholiques17.fr\/laleumireuil\/wp-json\/wp\/v2\/tribe_events\/11361\/revisions"}],"predecessor-version":[{"id":11362,"href":"https:\/\/catholiques17.fr\/laleumireuil\/wp-json\/wp\/v2\/tribe_events\/11361\/revisions\/11362"}],"wp:attachment":[{"href":"https:\/\/catholiques17.fr\/laleumireuil\/wp-json\/wp\/v2\/media?parent=11361"}],"wp:term":[{"taxonomy":"post_tag","embeddable":true,"href":"https:\/\/catholiques17.fr\/laleumireuil\/wp-json\/wp\/v2\/tags?post=11361"},{"taxonomy":"tribe_events_cat","embeddable":true,"href":"https:\/\/catholiques17.fr\/laleumireuil\/wp-json\/wp\/v2\/tribe_events_cat?post=11361"}],"curies":[{"name":"wp","href":"https:\/\/api.w.org\/{rel}","templated":true}]}}

Répétition mensuelle de chants

<p data-start="67" data-end="122"><strong data-start="70" data-end="117">Répétition mensuelle des chants paroissiaux</strong><br />
Chers amis de la paroisse,<br data-start="150" data-end="153" />Nous vous invitons à notre <strong data-start="180" data-end="214">répétition mensuelle de chants</strong> afin de préparer ensemble les célébrations à venir, dans la joie et la fraternité !<br />
Que vous soyez choriste, musicien(ne) ou simplement amateur(trice) de chant, <strong data-start="497" data-end="536">toutes les voix sont les bienvenues.</strong><br data-start="539" data-end="542" />Venez partager un moment convivial et prier en musique.</p>

<p>Répétition mensuelle des chants paroissiaux Chers amis de la paroisse,Nous vous invitons à notre répétition mensuelle de chants afin de préparer ensemble les célébrations à venir, dans la joie et [&hellip;]</p>
