{"id":9853,"date":"2024-11-28T10:24:28","date_gmt":"2024-11-28T09:24:28","guid":{"rendered":"https:\/\/catholiques17.fr\/laleumireuil\/?page_id=9853"},"modified":"2025-02-24T10:32:33","modified_gmt":"2025-02-24T09:32:33","slug":"catechumenat-adulte","status":"publish","type":"page","link":"https:\/\/catholiques17.fr\/laleumireuil\/renseignements\/catechumenat-adulte\/","title":{"rendered":"Cat\u00e9chum\u00e9nat adulte"},"content":{"rendered":"<p>[et_pb_section fb_built=\u00a0\u00bb1&Prime; _builder_version=\u00a0\u00bb4.27.4&Prime; _module_preset=\u00a0\u00bbdefault\u00a0\u00bb global_colors_info=\u00a0\u00bb{}\u00a0\u00bb theme_builder_area=\u00a0\u00bbpost_content\u00a0\u00bb][et_pb_row _builder_version=\u00a0\u00bb4.27.4&Prime; _module_preset=\u00a0\u00bbdefault\u00a0\u00bb min_height=\u00a0\u00bb357px\u00a0\u00bb custom_margin=\u00a0\u00bb-55px|auto||auto||\u00a0\u00bb custom_padding=\u00a0\u00bb0px|||||\u00a0\u00bb global_colors_info=\u00a0\u00bb{}\u00a0\u00bb theme_builder_area=\u00a0\u00bbpost_content\u00a0\u00bb][et_pb_column type=\u00a0\u00bb4_4&Prime; _builder_version=\u00a0\u00bb4.27.4&Prime; _module_preset=\u00a0\u00bbdefault\u00a0\u00bb global_colors_info=\u00a0\u00bb{}\u00a0\u00bb theme_builder_area=\u00a0\u00bbpost_content\u00a0\u00bb][et_pb_image src=\u00a0\u00bbhttps:\/\/catholiques17.fr\/laleumireuil\/wp-content\/uploads\/sites\/43\/2025\/02\/Catechumenat_adulte.jpg\u00a0\u00bb title_text=\u00a0\u00bbCat\u00e9chum\u00e9nat_adulte\u00a0\u00bb force_fullwidth=\u00a0\u00bbon\u00a0\u00bb _builder_version=\u00a0\u00bb4.27.4&Prime; _module_preset=\u00a0\u00bbdefault\u00a0\u00bb hover_enabled=\u00a0\u00bb0&Prime; global_colors_info=\u00a0\u00bb{}\u00a0\u00bb theme_builder_area=\u00a0\u00bbpost_content\u00a0\u00bb align=\u00a0\u00bbcenter\u00a0\u00bb sticky_enabled=\u00a0\u00bb0&Prime;][\/et_pb_image][et_pb_text _builder_version=\u00a0\u00bb4.27.4&Prime; _module_preset=\u00a0\u00bbdefault\u00a0\u00bb text_orientation=\u00a0\u00bbcenter\u00a0\u00bb min_height=\u00a0\u00bb304px\u00a0\u00bb custom_margin=\u00a0\u00bb14px|||||\u00a0\u00bb custom_padding=\u00a0\u00bb0px|||||\u00a0\u00bb hover_enabled=\u00a0\u00bb0&Prime; global_colors_info=\u00a0\u00bb{}\u00a0\u00bb theme_builder_area=\u00a0\u00bbpost_content\u00a0\u00bb sticky_enabled=\u00a0\u00bb0&Prime;]<\/p>\n<p class=\"has-text-align-center has-small-font-size\">Bonjour,<\/p>\n<p class=\"has-text-align-center has-small-font-size\">Vous \u00eates adulte et vous voulez recevoir le bapt\u00eame, la confirmation ou voulez communier.<br \/>Alors l\u2019\u00c9glise vous invite \u00e0 rejoindre un groupe avant de recevoir les sacrements de l\u2019initiation chr\u00e9tienne. <br \/>Sur nos paroisses Saint-Pierre et Saint-Paul (\u00e9glises de Laleu, Mireuil, La Pallice), c\u2019est le P\u00e8re Jean-Claude Seguin qui accompagne les cat\u00e9chum\u00e8nes. Contactez votre paroisse et nous vous mettrons en relation avec lui.<\/p>\n<p class=\"has-text-align-center has-small-font-size\">\u00c9glise Saint-Paul de Mireuil :\u00a045 Av. de Prague, 17000 La Rochelle.<br \/>\u00c9glise Saint-Pierre de Laleu\u00a0:\u00a010 Rue Jacques Henry, 17000 La Rochelle.<br \/>T\u00e9l\u00e9phone\u00a0:\u00a0<strong>05 46 42 68 51<\/strong><\/p>\n<p class=\"has-text-align-center has-small-font-size\">Contact :\u00a0<a href=\"mailto:paroisses.stpierre.stpaul17@gmail.com\">paroisses.stpierre.stpaul17@gmail.com<\/a><\/p>\n<p class=\"has-text-align-center\">P\u00e8re Xavier THOBIAS : <strong>07 58 39 37 48<\/strong><\/p>\n<p class=\"has-text-align-center has-small-font-size\"><strong><em>Bonne route vers la foi et vers l\u2019\u00c9glise<\/em><\/strong><\/p>\n<p>[\/et_pb_text][\/et_pb_column][\/et_pb_row][\/et_pb_section]<\/p>\n","protected":false},"excerpt":{"rendered":"<p>Bonjour, Vous \u00eates adulte et vous voulez recevoir le bapt\u00eame, la confirmation ou voulez communier.Alors l\u2019\u00c9glise vous invite \u00e0 rejoindre un groupe avant de recevoir les sacrements de l\u2019initiation chr\u00e9tienne. [&hellip;]<\/p>\n","protected":false},"author":4,"featured_media":0,"parent":6602,"menu_order":0,"comment_status":"closed","ping_status":"closed","template":"","meta":{"_et_pb_use_builder":"on","_et_pb_old_content":"<!-- wp:divi\/placeholder \/-->","_et_gb_content_width":"","footnotes":""},"class_list":["post-9853","page","type-page","status-publish","hentry"],"_links":{"self":[{"href":"https:\/\/catholiques17.fr\/laleumireuil\/wp-json\/wp\/v2\/pages\/9853","targetHints":{"allow":["GET"]}}],"collection":[{"href":"https:\/\/catholiques17.fr\/laleumireuil\/wp-json\/wp\/v2\/pages"}],"about":[{"href":"https:\/\/catholiques17.fr\/laleumireuil\/wp-json\/wp\/v2\/types\/page"}],"author":[{"embeddable":true,"href":"https:\/\/catholiques17.fr\/laleumireuil\/wp-json\/wp\/v2\/users\/4"}],"replies":[{"embeddable":true,"href":"https:\/\/catholiques17.fr\/laleumireuil\/wp-json\/wp\/v2\/comments?post=9853"}],"version-history":[{"count":7,"href":"https:\/\/catholiques17.fr\/laleumireuil\/wp-json\/wp\/v2\/pages\/9853\/revisions"}],"predecessor-version":[{"id":10423,"href":"https:\/\/catholiques17.fr\/laleumireuil\/wp-json\/wp\/v2\/pages\/9853\/revisions\/10423"}],"up":[{"embeddable":true,"href":"https:\/\/catholiques17.fr\/laleumireuil\/wp-json\/wp\/v2\/pages\/6602"}],"wp:attachment":[{"href":"https:\/\/catholiques17.fr\/laleumireuil\/wp-json\/wp\/v2\/media?parent=9853"}],"curies":[{"name":"wp","href":"https:\/\/api.w.org\/{rel}","templated":true}]}}

Catéchuménat adulte

<p>[et_pb_section fb_built= »1&Prime; _builder_version= »4.27.4&Prime; _module_preset= »default » global_colors_info= »{} » theme_builder_area= »post_content »][et_pb_row _builder_version= »4.27.4&Prime; _module_preset= »default » min_height= »357px » custom_margin= »-55px|auto||auto|| » custom_padding= »0px||||| » global_colors_info= »{} » theme_builder_area= »post_content »][et_pb_column type= »4_4&Prime; _builder_version= »4.27.4&Prime; _module_preset= »default » global_colors_info= »{} » theme_builder_area= »post_content »][et_pb_image src= »https://catholiques17.fr/laleumireuil/wp-content/uploads/sites/43/2025/02/Catechumenat_adulte.jpg » title_text= »Catéchuménat_adulte » force_fullwidth= »on » _builder_version= »4.27.4&Prime; _module_preset= »default » hover_enabled= »0&Prime; global_colors_info= »{} » theme_builder_area= »post_content » align= »center » sticky_enabled= »0&Prime;][/et_pb_image][et_pb_text _builder_version= »4.27.4&Prime; _module_preset= »default » text_orientation= »center » min_height= »304px » custom_margin= »14px||||| » custom_padding= »0px||||| » hover_enabled= »0&Prime; global_colors_info= »{} » theme_builder_area= »post_content » sticky_enabled= »0&Prime;]</p>
<p class="has-text-align-center has-small-font-size">Bonjour,</p>
<p class="has-text-align-center has-small-font-size">Vous êtes adulte et vous voulez recevoir le baptême, la confirmation ou voulez communier.<br />Alors l’Église vous invite à rejoindre un groupe avant de recevoir les sacrements de l’initiation chrétienne. <br />Sur nos paroisses Saint-Pierre et Saint-Paul (églises de Laleu, Mireuil, La Pallice), c’est le Père Jean-Claude Seguin qui accompagne les catéchumènes. Contactez votre paroisse et nous vous mettrons en relation avec lui.</p>
<p class="has-text-align-center has-small-font-size">Église Saint-Paul de Mireuil : 45 Av. de Prague, 17000 La Rochelle.<br />Église Saint-Pierre de Laleu : 10 Rue Jacques Henry, 17000 La Rochelle.<br />Téléphone : <strong>05 46 42 68 51</strong></p>
<p class="has-text-align-center has-small-font-size">Contact : <a href="mailto:paroisses.stpierre.stpaul17@gmail.com">paroisses.stpierre.stpaul17@gmail.com</a></p>
<p class="has-text-align-center">Père Xavier THOBIAS : <strong>07 58 39 37 48</strong></p>
<p class="has-text-align-center has-small-font-size"><strong><em>Bonne route vers la foi et vers l’Église</em></strong></p>
<p>[/et_pb_text][/et_pb_column][/et_pb_row][/et_pb_section]</p>

<p>Bonjour, Vous êtes adulte et vous voulez recevoir le baptême, la confirmation ou voulez communier.Alors l’Église vous invite à rejoindre un groupe avant de recevoir les sacrements de l’initiation chrétienne. [&hellip;]</p>
