{"id":9848,"date":"2024-11-28T10:21:17","date_gmt":"2024-11-28T09:21:17","guid":{"rendered":"https:\/\/catholiques17.fr\/laleumireuil\/?page_id=9848"},"modified":"2025-03-02T17:09:22","modified_gmt":"2025-03-02T16:09:22","slug":"acte-de-bapteme","status":"publish","type":"page","link":"https:\/\/catholiques17.fr\/laleumireuil\/celebrations\/acte-de-bapteme\/","title":{"rendered":"Acte de bapt\u00eame"},"content":{"rendered":"<p>[et_pb_section fb_built=\u00a0\u00bb1&Prime; _builder_version=\u00a0\u00bb4.16&Prime; _module_preset=\u00a0\u00bbdefault\u00a0\u00bb custom_padding=\u00a0\u00bb0px||19px|||\u00a0\u00bb global_colors_info=\u00a0\u00bb{}\u00a0\u00bb theme_builder_area=\u00a0\u00bbpost_content\u00a0\u00bb][et_pb_row _builder_version=\u00a0\u00bb4.16&Prime; _module_preset=\u00a0\u00bbdefault\u00a0\u00bb custom_padding=\u00a0\u00bb0px|||||\u00a0\u00bb global_colors_info=\u00a0\u00bb{}\u00a0\u00bb theme_builder_area=\u00a0\u00bbpost_content\u00a0\u00bb][et_pb_column type=\u00a0\u00bb4_4&Prime; _builder_version=\u00a0\u00bb4.16&Prime; _module_preset=\u00a0\u00bbdefault\u00a0\u00bb global_colors_info=\u00a0\u00bb{}\u00a0\u00bb theme_builder_area=\u00a0\u00bbpost_content\u00a0\u00bb][et_pb_image src=\u00a0\u00bbhttps:\/\/catholiques17.fr\/laleumireuil\/wp-content\/uploads\/sites\/43\/2025\/03\/anna-hecker-ecbXfGuiGEM-unsplash.jpg\u00a0\u00bb title_text=\u00a0\u00bbbapteme_1&Prime; align=\u00a0\u00bbcenter\u00a0\u00bb force_fullwidth=\u00a0\u00bbon\u00a0\u00bb _builder_version=\u00a0\u00bb4.27.4&Prime; _module_preset=\u00a0\u00bbdefault\u00a0\u00bb custom_margin=\u00a0\u00bb||9px|||\u00a0\u00bb global_colors_info=\u00a0\u00bb{}\u00a0\u00bb theme_builder_area=\u00a0\u00bbpost_content\u00a0\u00bb][\/et_pb_image][et_pb_text _builder_version=\u00a0\u00bb4.27.4&Prime; _module_preset=\u00a0\u00bbdefault\u00a0\u00bb text_orientation=\u00a0\u00bbcenter\u00a0\u00bb custom_padding=\u00a0\u00bb0px|||||\u00a0\u00bb hover_enabled=\u00a0\u00bb0&Prime; locked=\u00a0\u00bboff\u00a0\u00bb global_colors_info=\u00a0\u00bb{}\u00a0\u00bb theme_builder_area=\u00a0\u00bbpost_content\u00a0\u00bb sticky_enabled=\u00a0\u00bb0&Prime;]<\/p>\n<p><em>Photo\u00a9Unsplash<\/em><\/p>\n<p>[\/et_pb_text][\/et_pb_column][\/et_pb_row][et_pb_row column_structure=\u00a0\u00bb1_2,1_2&Prime; _builder_version=\u00a0\u00bb4.21.0&Prime; _module_preset=\u00a0\u00bbdefault\u00a0\u00bb global_colors_info=\u00a0\u00bb{}\u00a0\u00bb theme_builder_area=\u00a0\u00bbpost_content\u00a0\u00bb][et_pb_column type=\u00a0\u00bb1_2&Prime; _builder_version=\u00a0\u00bb4.21.0&Prime; _module_preset=\u00a0\u00bbdefault\u00a0\u00bb global_colors_info=\u00a0\u00bb{}\u00a0\u00bb theme_builder_area=\u00a0\u00bbpost_content\u00a0\u00bb][et_pb_text _builder_version=\u00a0\u00bb4.21.0&Prime; _module_preset=\u00a0\u00bbdefault\u00a0\u00bb custom_margin=\u00a0\u00bb1px||37px|||\u00a0\u00bb global_colors_info=\u00a0\u00bb{}\u00a0\u00bb theme_builder_area=\u00a0\u00bbpost_content\u00a0\u00bb]<\/p>\n<p class=\"has-small-font-size\">Pour une demande d\u2019acte de bapt\u00eame, merci d\u2019imprimer le document ci-contre, le remplir, et l\u2019envoyer au presbyt\u00e8re qui g\u00e8re les paroisses Saint-Pierre et Saint-Paul de La Rochelle.<\/p>\n<p class=\"has-small-font-size\"><strong>Presbyt\u00e8re de Laleu<\/strong><br \/><strong>10 rue Jacques Henry<\/strong><br \/><strong>17000 La Rochelle<\/strong><br \/><strong>05 17 26 53 02<\/strong>\u00a0<\/p>\n<p>Les informations n\u00e9cessaires pour effectuer les recherches :<br \/>\u2013 Nom et pr\u00e9nom,<br \/>\u2013 Date de naissance<br \/>\u2013 Nom et pr\u00e9nom des parents (nom de jeune fille)<br \/>\u2013 Date et lieu du bapt\u00eame<\/p>\n<p class=\"has-small-font-size\">Merci d\u2019indiquer la raison de la demande, et de<span>\u00a0<\/span><strong>joindre une enveloppe timbr\u00e9e<\/strong><span>\u00a0<\/span>\u00e0 votre adresse pour envoyer l\u2019acte.<\/p>\n<p>[\/et_pb_text][et_pb_button button_url=\u00a0\u00bbhttps:\/\/catholiques17.fr\/laleumireuil\/wp-content\/uploads\/sites\/43\/2024\/12\/acte_de_bapteme.pdf\u00a0\u00bb url_new_window=\u00a0\u00bbon\u00a0\u00bb button_text=\u00a0\u00bbT\u00e9l\u00e9charger le formulaire\u00a0\u00bb button_alignment=\u00a0\u00bbcenter\u00a0\u00bb _builder_version=\u00a0\u00bb4.21.0&Prime; _module_preset=\u00a0\u00bbdefault\u00a0\u00bb custom_button=\u00a0\u00bbon\u00a0\u00bb button_text_color=\u00a0\u00bb#CD9234&Prime; button_icon=\u00a0\u00bb&#xe004;||divi||400&Prime; global_colors_info=\u00a0\u00bb{}\u00a0\u00bb theme_builder_area=\u00a0\u00bbpost_content\u00a0\u00bb][\/et_pb_button][\/et_pb_column][et_pb_column type=\u00a0\u00bb1_2&Prime; _builder_version=\u00a0\u00bb4.21.0&Prime; _module_preset=\u00a0\u00bbdefault\u00a0\u00bb global_colors_info=\u00a0\u00bb{}\u00a0\u00bb theme_builder_area=\u00a0\u00bbpost_content\u00a0\u00bb][et_pb_image src=\u00a0\u00bbhttps:\/\/catholiques17.fr\/laleumireuil\/wp-content\/uploads\/sites\/43\/2024\/12\/acte_de_bapteme.jpg\u00a0\u00bb title_text=\u00a0\u00bbacte_de_bapteme\u00a0\u00bb _builder_version=\u00a0\u00bb4.27.4&Prime; _module_preset=\u00a0\u00bbdefault\u00a0\u00bb custom_padding=\u00a0\u00bb0px|||||\u00a0\u00bb global_colors_info=\u00a0\u00bb{}\u00a0\u00bb theme_builder_area=\u00a0\u00bbpost_content\u00a0\u00bb][\/et_pb_image][\/et_pb_column][\/et_pb_row][\/et_pb_section]<\/p>\n","protected":false},"excerpt":{"rendered":"<p>Photo\u00a9UnsplashPour une demande d\u2019acte de bapt\u00eame, merci d\u2019imprimer le document ci-contre, le remplir, et l\u2019envoyer au presbyt\u00e8re qui g\u00e8re les paroisses Saint-Pierre et Saint-Paul de La Rochelle. Presbyt\u00e8re de Laleu10 [&hellip;]<\/p>\n","protected":false},"author":4,"featured_media":0,"parent":9846,"menu_order":0,"comment_status":"closed","ping_status":"closed","template":"","meta":{"_et_pb_use_builder":"on","_et_pb_old_content":"<!-- wp:divi\/placeholder \/-->","_et_gb_content_width":"","footnotes":""},"class_list":["post-9848","page","type-page","status-publish","hentry"],"_links":{"self":[{"href":"https:\/\/catholiques17.fr\/laleumireuil\/wp-json\/wp\/v2\/pages\/9848","targetHints":{"allow":["GET"]}}],"collection":[{"href":"https:\/\/catholiques17.fr\/laleumireuil\/wp-json\/wp\/v2\/pages"}],"about":[{"href":"https:\/\/catholiques17.fr\/laleumireuil\/wp-json\/wp\/v2\/types\/page"}],"author":[{"embeddable":true,"href":"https:\/\/catholiques17.fr\/laleumireuil\/wp-json\/wp\/v2\/users\/4"}],"replies":[{"embeddable":true,"href":"https:\/\/catholiques17.fr\/laleumireuil\/wp-json\/wp\/v2\/comments?post=9848"}],"version-history":[{"count":9,"href":"https:\/\/catholiques17.fr\/laleumireuil\/wp-json\/wp\/v2\/pages\/9848\/revisions"}],"predecessor-version":[{"id":10713,"href":"https:\/\/catholiques17.fr\/laleumireuil\/wp-json\/wp\/v2\/pages\/9848\/revisions\/10713"}],"up":[{"embeddable":true,"href":"https:\/\/catholiques17.fr\/laleumireuil\/wp-json\/wp\/v2\/pages\/9846"}],"wp:attachment":[{"href":"https:\/\/catholiques17.fr\/laleumireuil\/wp-json\/wp\/v2\/media?parent=9848"}],"curies":[{"name":"wp","href":"https:\/\/api.w.org\/{rel}","templated":true}]}}

Acte de baptême

<p>[et_pb_section fb_built= »1&Prime; _builder_version= »4.16&Prime; _module_preset= »default » custom_padding= »0px||19px||| » global_colors_info= »{} » theme_builder_area= »post_content »][et_pb_row _builder_version= »4.16&Prime; _module_preset= »default » custom_padding= »0px||||| » global_colors_info= »{} » theme_builder_area= »post_content »][et_pb_column type= »4_4&Prime; _builder_version= »4.16&Prime; _module_preset= »default » global_colors_info= »{} » theme_builder_area= »post_content »][et_pb_image src= »https://catholiques17.fr/laleumireuil/wp-content/uploads/sites/43/2025/03/anna-hecker-ecbXfGuiGEM-unsplash.jpg » title_text= »bapteme_1&Prime; align= »center » force_fullwidth= »on » _builder_version= »4.27.4&Prime; _module_preset= »default » custom_margin= »||9px||| » global_colors_info= »{} » theme_builder_area= »post_content »][/et_pb_image][et_pb_text _builder_version= »4.27.4&Prime; _module_preset= »default » text_orientation= »center » custom_padding= »0px||||| » hover_enabled= »0&Prime; locked= »off » global_colors_info= »{} » theme_builder_area= »post_content » sticky_enabled= »0&Prime;]</p>
<p><em>Photo©Unsplash</em></p>
<p>[/et_pb_text][/et_pb_column][/et_pb_row][et_pb_row column_structure= »1_2,1_2&Prime; _builder_version= »4.21.0&Prime; _module_preset= »default » global_colors_info= »{} » theme_builder_area= »post_content »][et_pb_column type= »1_2&Prime; _builder_version= »4.21.0&Prime; _module_preset= »default » global_colors_info= »{} » theme_builder_area= »post_content »][et_pb_text _builder_version= »4.21.0&Prime; _module_preset= »default » custom_margin= »1px||37px||| » global_colors_info= »{} » theme_builder_area= »post_content »]</p>
<p class="has-small-font-size">Pour une demande d’acte de baptême, merci d’imprimer le document ci-contre, le remplir, et l’envoyer au presbytère qui gère les paroisses Saint-Pierre et Saint-Paul de La Rochelle.</p>
<p class="has-small-font-size"><strong>Presbytère de Laleu</strong><br /><strong>10 rue Jacques Henry</strong><br /><strong>17000 La Rochelle</strong><br /><strong>05 17 26 53 02</strong> </p>
<p>Les informations nécessaires pour effectuer les recherches :<br />– Nom et prénom,<br />– Date de naissance<br />– Nom et prénom des parents (nom de jeune fille)<br />– Date et lieu du baptême</p>
<p class="has-small-font-size">Merci d’indiquer la raison de la demande, et de<span> </span><strong>joindre une enveloppe timbrée</strong><span> </span>à votre adresse pour envoyer l’acte.</p>
<p>[/et_pb_text][et_pb_button button_url= »https://catholiques17.fr/laleumireuil/wp-content/uploads/sites/43/2024/12/acte_de_bapteme.pdf » url_new_window= »on » button_text= »Télécharger le formulaire » button_alignment= »center » _builder_version= »4.21.0&Prime; _module_preset= »default » custom_button= »on » button_text_color= »#CD9234&Prime; button_icon= »&#xe004;||divi||400&Prime; global_colors_info= »{} » theme_builder_area= »post_content »][/et_pb_button][/et_pb_column][et_pb_column type= »1_2&Prime; _builder_version= »4.21.0&Prime; _module_preset= »default » global_colors_info= »{} » theme_builder_area= »post_content »][et_pb_image src= »https://catholiques17.fr/laleumireuil/wp-content/uploads/sites/43/2024/12/acte_de_bapteme.jpg » title_text= »acte_de_bapteme » _builder_version= »4.27.4&Prime; _module_preset= »default » custom_padding= »0px||||| » global_colors_info= »{} » theme_builder_area= »post_content »][/et_pb_image][/et_pb_column][/et_pb_row][/et_pb_section]</p>

<p>Photo©UnsplashPour une demande d’acte de baptême, merci d’imprimer le document ci-contre, le remplir, et l’envoyer au presbytère qui gère les paroisses Saint-Pierre et Saint-Paul de La Rochelle. Presbytère de Laleu10 [&hellip;]</p>
