{"id":9869,"date":"2025-01-17T10:03:14","date_gmt":"2025-01-17T09:03:14","guid":{"rendered":"https:\/\/catholiques17.fr\/jonzac\/?post_type=tribe_events&#038;p=9869"},"modified":"2025-01-17T10:03:14","modified_gmt":"2025-01-17T09:03:14","slug":"repetition-de-la-chorale-2","status":"publish","type":"tribe_events","link":"https:\/\/catholiques17.fr\/jonzac\/event\/repetition-de-la-chorale-2\/","title":{"rendered":"R\u00e9p\u00e9tition de la chorale"},"content":{"rendered":"<p>Tous les vendredis de 18h \u00e0 19h30 la chorale se r\u00e9unit \u00e0 la salle paroissiale pour pr\u00e9parer les grandes f\u00eates en chantant \u00e0 l&rsquo;unisson ou en polyphonie, venez nous rejoindre !<\/p>\n","protected":false},"excerpt":{"rendered":"<p>Tous les vendredis de 18h \u00e0 19h30 la chorale se r\u00e9unit \u00e0 la salle paroissiale pour pr\u00e9parer les grandes f\u00eates en chantant \u00e0 l&rsquo;unisson ou en polyphonie, venez nous rejoindre [&hellip;]<\/p>\n","protected":false},"author":65,"featured_media":9227,"template":"","meta":{"_et_pb_use_builder":"","_et_pb_old_content":"","_et_gb_content_width":"","_tribe_events_status":"","_tribe_events_status_reason":"","footnotes":""},"tags":[],"tribe_events_cat":[],"class_list":["post-9869","tribe_events","type-tribe_events","status-publish","has-post-thumbnail","hentry"],"_links":{"self":[{"href":"https:\/\/catholiques17.fr\/jonzac\/wp-json\/wp\/v2\/tribe_events\/9869","targetHints":{"allow":["GET"]}}],"collection":[{"href":"https:\/\/catholiques17.fr\/jonzac\/wp-json\/wp\/v2\/tribe_events"}],"about":[{"href":"https:\/\/catholiques17.fr\/jonzac\/wp-json\/wp\/v2\/types\/tribe_events"}],"author":[{"embeddable":true,"href":"https:\/\/catholiques17.fr\/jonzac\/wp-json\/wp\/v2\/users\/65"}],"version-history":[{"count":1,"href":"https:\/\/catholiques17.fr\/jonzac\/wp-json\/wp\/v2\/tribe_events\/9869\/revisions"}],"predecessor-version":[{"id":9870,"href":"https:\/\/catholiques17.fr\/jonzac\/wp-json\/wp\/v2\/tribe_events\/9869\/revisions\/9870"}],"wp:featuredmedia":[{"embeddable":true,"href":"https:\/\/catholiques17.fr\/jonzac\/wp-json\/wp\/v2\/media\/9227"}],"wp:attachment":[{"href":"https:\/\/catholiques17.fr\/jonzac\/wp-json\/wp\/v2\/media?parent=9869"}],"wp:term":[{"taxonomy":"post_tag","embeddable":true,"href":"https:\/\/catholiques17.fr\/jonzac\/wp-json\/wp\/v2\/tags?post=9869"},{"taxonomy":"tribe_events_cat","embeddable":true,"href":"https:\/\/catholiques17.fr\/jonzac\/wp-json\/wp\/v2\/tribe_events_cat?post=9869"}],"curies":[{"name":"wp","href":"https:\/\/api.w.org\/{rel}","templated":true}]}}

Répétition de la chorale

<p>Tous les vendredis de 18h à 19h30 la chorale se réunit à la salle paroissiale pour préparer les grandes fêtes en chantant à l&rsquo;unisson ou en polyphonie, venez nous rejoindre !</p>

<p>Tous les vendredis de 18h à 19h30 la chorale se réunit à la salle paroissiale pour préparer les grandes fêtes en chantant à l&rsquo;unisson ou en polyphonie, venez nous rejoindre [&hellip;]</p>
