{"id":9513,"date":"2024-12-16T11:55:02","date_gmt":"2024-12-16T10:55:02","guid":{"rendered":"https:\/\/catholiques17.fr\/jonzac\/?post_type=tribe_events&#038;p=9513"},"modified":"2024-12-18T16:37:11","modified_gmt":"2024-12-18T15:37:11","slug":"ouverture-du-jubile","status":"publish","type":"tribe_events","link":"https:\/\/catholiques17.fr\/jonzac\/event\/ouverture-du-jubile\/","title":{"rendered":"Ouverture du Jubil\u00e9"},"content":{"rendered":"<p><img loading=\"lazy\" decoding=\"async\" class=\"alignnone size-full wp-image-9558\" src=\"https:\/\/catholiques17.fr\/jonzac\/wp-content\/uploads\/sites\/39\/2024\/12\/Jubile-2025.jpg\" alt=\"\" width=\"150\" height=\"149\" \/>&#8211; 24 D\u00e9cembre 2024<br \/>\nD\u00e9but du Jubil\u00e9, ouverture de la Porte Sainte de la Basilique Saint-Pierre.<\/p>\n<p>&#8211; 29 d\u00e9cembre 2024 \u2013 Ouverture de la Porte Sainte de la cath\u00e9drale Saint-Jean-de-Latran<\/p>\n<p>&#8211; Dimanche 29 d\u00e9cembre 2024 \u2013 Ouverture solennelle de l\u2019Ann\u00e9e Jubilaire dans toutes les cath\u00e9drales et co-cath\u00e9drales du monde<\/p>\n<p>&#8211; 1er janvier 2025 \u2013 Solennit\u00e9 de Marie M\u00e8re de Dieu, ouverture de la Porte Sainte de la Basilique Sainte-Marie-Majeure<\/p>\n<p>&#8211; 5 janvier 2025 \u2013 Ouverture de la Porte Sainte de la Basilique Saint-Paul-hors-les-murs<\/p>\n<p>&nbsp;<\/p>\n<p><strong>JANVIER-F\u00c9VRIER 2025<\/strong><\/p>\n<p>&#8211; 24-26 Janvier | Jubil\u00e9 du Monde de la Communication<\/p>\n<p>&#8211; 8-9 F\u00e9vrier | Jubil\u00e9 des Forces Arm\u00e9es, de la Police et des Agents de S\u00e9curit\u00e9<br \/>\n&#8211; 16-18 F\u00e9vrier | Jubil\u00e9 des Artistes<br \/>\n&#8211; 21-23 F\u00e9vrier | Jubil\u00e9 des Diacres<\/p>\n<p>&#8211; &gt; 24 au 28 f\u00e9vrier | P\u00e8lerinage provincial \u00e0 Rome<\/p>\n<p>&nbsp;<\/p>\n<p><strong>MARS-AVRIL 2025<\/strong><\/p>\n<p>&#8211; 8-9 Mars | Jubil\u00e9 du Monde du Volontariat<br \/>\n&#8211; 28 Mars | 24 heures pour le Seigneur<br \/>\n&#8211; 28-30 Mars | Jubil\u00e9 des Missionnaires de la Mis\u00e9ricorde<\/p>\n<p>&#8211; 5-6 Avril | Jubil\u00e9 des Malades et du Monde de la Sant\u00e9<br \/>\n&#8211; 25-27 Avril | Jubil\u00e9 des Adolescents<br \/>\n&#8211; 28-30 Avril | Jubil\u00e9 des Personnes en situation de Handicap<\/p>\n<p>&nbsp;<\/p>\n<p><strong>MAI \u2013 JUILLET 2025<\/strong><\/p>\n<p>&#8211; 1-4 Mai | Jubil\u00e9 des Travailleurs<br \/>\n&#8211; 4-5 Mai | Jubil\u00e9 du Monde de l\u2019Entreprise<br \/>\n&#8211; 10-11 Mai | Jubil\u00e9 des Bandes Musicales<br \/>\n&#8211; 16-18 Mai | Jubil\u00e9 des Confr\u00e9ries<br \/>\n&#8211; 24-25 Mai | Jubil\u00e9 des Enfants<br \/>\n&#8211; 30 Mai \u2013 1er Juin | Jubil\u00e9 des Familles, des Grands-Parents et des Personnes \u00c2g\u00e9es<\/p>\n<p>&#8211; 7-8 Juin | Jubil\u00e9 des Mouvements, des Associations et des &#8211;<br \/>\nCommunaut\u00e9s Nouvelles<br \/>\n&#8211; 9 Juin | Jubil\u00e9 du Saint-Si\u00e8ge<br \/>\n&#8211; 14-15 Juin | Jubil\u00e9 du Sport<br \/>\n&#8211; 20-22 Juin | Jubil\u00e9 des Pouvoirs publics<br \/>\n&#8211; 23-24 Juin | Jubil\u00e9 des S\u00e9minaristes<br \/>\n&#8211; 25 Juin | Jubil\u00e9 des \u00c9v\u00eaques<br \/>\n&#8211; 26-27 Juin | Jubil\u00e9 des Pr\u00eatres<br \/>\n&#8211; 28 Juin | Jubil\u00e9 des \u00c9glises Orientales<\/p>\n<p><strong>28 Juillet \u2013 3 Ao\u00fbt | Jubil\u00e9 des Jeunes<\/strong><\/p>\n<p>&nbsp;<\/p>\n<p><strong>SEPTEMBRE \u2013 D\u00c9CEMBRE 2025<\/strong><\/p>\n<p>&#8211; 15 Septembre | Jubil\u00e9 de la Consolation<br \/>\n&#8211; 20 Septembre | Jubil\u00e9 de ceux qui promeuvent et d\u00e9fendent la Justice<br \/>\n&#8211; 26-28 Septembre | Jubil\u00e9 des Cat\u00e9chistes<\/p>\n<p>&#8211; 5 Octobre | Jubil\u00e9 des Migrants<br \/>\n&#8211; 8-9 Octobre | Jubil\u00e9 de la Vie Consacr\u00e9e<br \/>\n&#8211; 11-12 Octobre | Jubil\u00e9 de la Spiritualit\u00e9 Mariale<br \/>\n&#8211; 18-19 Octobre | Jubil\u00e9 du Monde Missionnaire<br \/>\n&#8211; 30 Octobre \u2013 2 Novembre | Jubil\u00e9 du Monde \u00c9ducatif<\/p>\n<p>&#8211; 16 Novembre | Jubil\u00e9 des Pauvres<br \/>\n&#8211; 22-23 Novembre | Jubil\u00e9 des Ch\u0153urs et des Chorales<\/p>\n<p>&#8211; 14 D\u00e9cembre | Jubil\u00e9 des D\u00e9tenus<\/p>\n<p>&#8211; 6 janvier 2026 \u2013 \u00c9piphanie, fermeture de la Porte Sainte de la Basilique de Saint-Pierre-du-Vatican.<br \/>\nFin du Jubil\u00e9<\/p>\n","protected":false},"excerpt":{"rendered":"<p>&#8211; 24 D\u00e9cembre 2024 D\u00e9but du Jubil\u00e9, ouverture de la Porte Sainte de la Basilique Saint-Pierre. &#8211; 29 d\u00e9cembre 2024 \u2013 Ouverture de la Porte Sainte de la cath\u00e9drale Saint-Jean-de-Latran [&hellip;]<\/p>\n","protected":false},"author":65,"featured_media":0,"template":"","meta":{"_et_pb_use_builder":"","_et_pb_old_content":"","_et_gb_content_width":"","_tribe_events_status":"","_tribe_events_status_reason":"","footnotes":""},"tags":[],"tribe_events_cat":[28],"class_list":["post-9513","tribe_events","type-tribe_events","status-publish","hentry","tribe_events_cat-pelerinage","cat_pelerinage"],"_links":{"self":[{"href":"https:\/\/catholiques17.fr\/jonzac\/wp-json\/wp\/v2\/tribe_events\/9513","targetHints":{"allow":["GET"]}}],"collection":[{"href":"https:\/\/catholiques17.fr\/jonzac\/wp-json\/wp\/v2\/tribe_events"}],"about":[{"href":"https:\/\/catholiques17.fr\/jonzac\/wp-json\/wp\/v2\/types\/tribe_events"}],"author":[{"embeddable":true,"href":"https:\/\/catholiques17.fr\/jonzac\/wp-json\/wp\/v2\/users\/65"}],"version-history":[{"count":3,"href":"https:\/\/catholiques17.fr\/jonzac\/wp-json\/wp\/v2\/tribe_events\/9513\/revisions"}],"predecessor-version":[{"id":9559,"href":"https:\/\/catholiques17.fr\/jonzac\/wp-json\/wp\/v2\/tribe_events\/9513\/revisions\/9559"}],"wp:attachment":[{"href":"https:\/\/catholiques17.fr\/jonzac\/wp-json\/wp\/v2\/media?parent=9513"}],"wp:term":[{"taxonomy":"post_tag","embeddable":true,"href":"https:\/\/catholiques17.fr\/jonzac\/wp-json\/wp\/v2\/tags?post=9513"},{"taxonomy":"tribe_events_cat","embeddable":true,"href":"https:\/\/catholiques17.fr\/jonzac\/wp-json\/wp\/v2\/tribe_events_cat?post=9513"}],"curies":[{"name":"wp","href":"https:\/\/api.w.org\/{rel}","templated":true}]}}

Ouverture du Jubilé

<p><img loading="lazy" decoding="async" class="alignnone size-full wp-image-9558" src="https://catholiques17.fr/jonzac/wp-content/uploads/sites/39/2024/12/Jubile-2025.jpg" alt="" width="150" height="149" />&#8211; 24 Décembre 2024<br />
Début du Jubilé, ouverture de la Porte Sainte de la Basilique Saint-Pierre.</p>
<p>&#8211; 29 décembre 2024 – Ouverture de la Porte Sainte de la cathédrale Saint-Jean-de-Latran</p>
<p>&#8211; Dimanche 29 décembre 2024 – Ouverture solennelle de l’Année Jubilaire dans toutes les cathédrales et co-cathédrales du monde</p>
<p>&#8211; 1er janvier 2025 – Solennité de Marie Mère de Dieu, ouverture de la Porte Sainte de la Basilique Sainte-Marie-Majeure</p>
<p>&#8211; 5 janvier 2025 – Ouverture de la Porte Sainte de la Basilique Saint-Paul-hors-les-murs</p>
<p>&nbsp;</p>
<p><strong>JANVIER-FÉVRIER 2025</strong></p>
<p>&#8211; 24-26 Janvier | Jubilé du Monde de la Communication</p>
<p>&#8211; 8-9 Février | Jubilé des Forces Armées, de la Police et des Agents de Sécurité<br />
&#8211; 16-18 Février | Jubilé des Artistes<br />
&#8211; 21-23 Février | Jubilé des Diacres</p>
<p>&#8211; &gt; 24 au 28 février | Pèlerinage provincial à Rome</p>
<p>&nbsp;</p>
<p><strong>MARS-AVRIL 2025</strong></p>
<p>&#8211; 8-9 Mars | Jubilé du Monde du Volontariat<br />
&#8211; 28 Mars | 24 heures pour le Seigneur<br />
&#8211; 28-30 Mars | Jubilé des Missionnaires de la Miséricorde</p>
<p>&#8211; 5-6 Avril | Jubilé des Malades et du Monde de la Santé<br />
&#8211; 25-27 Avril | Jubilé des Adolescents<br />
&#8211; 28-30 Avril | Jubilé des Personnes en situation de Handicap</p>
<p>&nbsp;</p>
<p><strong>MAI – JUILLET 2025</strong></p>
<p>&#8211; 1-4 Mai | Jubilé des Travailleurs<br />
&#8211; 4-5 Mai | Jubilé du Monde de l’Entreprise<br />
&#8211; 10-11 Mai | Jubilé des Bandes Musicales<br />
&#8211; 16-18 Mai | Jubilé des Confréries<br />
&#8211; 24-25 Mai | Jubilé des Enfants<br />
&#8211; 30 Mai – 1er Juin | Jubilé des Familles, des Grands-Parents et des Personnes Âgées</p>
<p>&#8211; 7-8 Juin | Jubilé des Mouvements, des Associations et des &#8211;<br />
Communautés Nouvelles<br />
&#8211; 9 Juin | Jubilé du Saint-Siège<br />
&#8211; 14-15 Juin | Jubilé du Sport<br />
&#8211; 20-22 Juin | Jubilé des Pouvoirs publics<br />
&#8211; 23-24 Juin | Jubilé des Séminaristes<br />
&#8211; 25 Juin | Jubilé des Évêques<br />
&#8211; 26-27 Juin | Jubilé des Prêtres<br />
&#8211; 28 Juin | Jubilé des Églises Orientales</p>
<p><strong>28 Juillet – 3 Août | Jubilé des Jeunes</strong></p>
<p>&nbsp;</p>
<p><strong>SEPTEMBRE – DÉCEMBRE 2025</strong></p>
<p>&#8211; 15 Septembre | Jubilé de la Consolation<br />
&#8211; 20 Septembre | Jubilé de ceux qui promeuvent et défendent la Justice<br />
&#8211; 26-28 Septembre | Jubilé des Catéchistes</p>
<p>&#8211; 5 Octobre | Jubilé des Migrants<br />
&#8211; 8-9 Octobre | Jubilé de la Vie Consacrée<br />
&#8211; 11-12 Octobre | Jubilé de la Spiritualité Mariale<br />
&#8211; 18-19 Octobre | Jubilé du Monde Missionnaire<br />
&#8211; 30 Octobre – 2 Novembre | Jubilé du Monde Éducatif</p>
<p>&#8211; 16 Novembre | Jubilé des Pauvres<br />
&#8211; 22-23 Novembre | Jubilé des Chœurs et des Chorales</p>
<p>&#8211; 14 Décembre | Jubilé des Détenus</p>
<p>&#8211; 6 janvier 2026 – Épiphanie, fermeture de la Porte Sainte de la Basilique de Saint-Pierre-du-Vatican.<br />
Fin du Jubilé</p>

<p>&#8211; 24 Décembre 2024 Début du Jubilé, ouverture de la Porte Sainte de la Basilique Saint-Pierre. &#8211; 29 décembre 2024 – Ouverture de la Porte Sainte de la cathédrale Saint-Jean-de-Latran [&hellip;]</p>
