{"id":9362,"date":"2024-12-04T13:46:33","date_gmt":"2024-12-04T12:46:33","guid":{"rendered":"https:\/\/catholiques17.fr\/jonzac\/?post_type=tribe_events&#038;p=9362"},"modified":"2024-12-04T14:00:12","modified_gmt":"2024-12-04T13:00:12","slug":"3eme-dimanche-de-lavent-dimanche-de-la-joie","status":"publish","type":"tribe_events","link":"https:\/\/catholiques17.fr\/jonzac\/event\/3eme-dimanche-de-lavent-dimanche-de-la-joie\/","title":{"rendered":"3\u00e8me dimanche de l&rsquo;Avent, dimanche de la joie !"},"content":{"rendered":"<p>[et_pb_section fb_built=\u00a0\u00bb1&Prime; admin_label=\u00a0\u00bbsection\u00a0\u00bb _builder_version=\u00a0\u00bb4.16&Prime; global_colors_info=\u00a0\u00bb{}\u00a0\u00bb][et_pb_row admin_label=\u00a0\u00bbrow\u00a0\u00bb _builder_version=\u00a0\u00bb4.16&Prime; background_size=\u00a0\u00bbinitial\u00a0\u00bb background_position=\u00a0\u00bbtop_left\u00a0\u00bb background_repeat=\u00a0\u00bbrepeat\u00a0\u00bb global_colors_info=\u00a0\u00bb{}\u00a0\u00bb][et_pb_column type=\u00a0\u00bb4_4&Prime; _builder_version=\u00a0\u00bb4.16&Prime; custom_padding=\u00a0\u00bb|||\u00a0\u00bb global_colors_info=\u00a0\u00bb{}\u00a0\u00bb custom_padding__hover=\u00a0\u00bb|||\u00a0\u00bb][et_pb_text _builder_version=\u00a0\u00bb4.21.0&Prime; _module_preset=\u00a0\u00bbdefault\u00a0\u00bb hover_enabled=\u00a0\u00bb0&Prime; global_colors_info=\u00a0\u00bb{}\u00a0\u00bb sticky_enabled=\u00a0\u00bb0&Prime;]<\/p>\n<p>Comme chaque ann\u00e9e, nous vous proposons de soutenir les prisonniers de la prison de B\u00e9denac en achetant un calendrier Paroles d&rsquo;esp\u00e9rance, l&rsquo;argent r\u00e9colt\u00e9 sera redistribu\u00e9 aux prisonniers n\u00e9cessiteux et vous leur permettez d&rsquo;avoir eux aussi un calendrier Paroles d&rsquo;esp\u00e9rance dans leur cellule, les dons sont aussi les bienvenus, merci pour eux !!!<\/p>\n<h1><strong>L&rsquo;optimisme est la foi qui m\u00e8ne \u00e0 la r\u00e9ussite<\/strong><\/h1>\n<p>Helen Keller na\u00eet en 1880 \u00e0 Tuscumbia, en Alabama aux Etats-Unis. En f\u00e9vrier 1882, \u00e0 19 mois, elle souffre d&rsquo;une congestion c\u00e9r\u00e9brale qui la rend sourde et aveugle \u00e0 la fois. Brusquement coup\u00e9e du monde, elle a du mal \u00e0 communiquer avec ses proches, notamment ses parents. Plus tard en 1886, ses parents font appel \u00e0 Anne Sullivan, jeune \u00e9ducatrice qui lui apprend \u00e0 communiquer par le toucher. Elle est \u00e9crivaine, activiste et conf\u00e9renci\u00e8re am\u00e9ricaine. Sourde, muette et aveugle d\u00e8s le d\u00e9but de sa vie, elle devient quand m\u00eame gr\u00e2ce \u00e0 sa d\u00e9termination, \u00e9tudiante \u00e0 la facult\u00e9 de Radcliffe College. Elle est la premi\u00e8re personne handicap\u00e9e \u00e0 obtenir un dipl\u00f4me. Sa d\u00e9termination suscite l&rsquo;admiration, principalement aux Etats-Unis. Elle \u00e9crit 12 livres et de nombreux articles au cours de sa vie. En 1915, elle fonde avec George Kessler l&rsquo;organisation Helen Keller International (HKI) afin de soutenir la pr\u00e9vention de la c\u00e9cit\u00e9 et la r\u00e9duction de la malnutrition dans le monde. HKI est aujourd&rsquo;hui pr\u00e9sente dans 22 pays, Hellen Keller d\u00e9c\u00e8de en 1968.<\/p>\n<p>&nbsp;<\/p>\n<p>[\/et_pb_text][et_pb_image src=\u00a0\u00bbhttps:\/\/catholiques17.fr\/jonzac\/wp-content\/uploads\/sites\/39\/2024\/12\/Calendrier-Paroles-desperance-2025-Helen-Keller.jpg\u00a0\u00bb title_text=\u00a0\u00bbCalendrier Paroles d&rsquo;esp\u00e9rance 2025 Helen Keller\u00a0\u00bb _builder_version=\u00a0\u00bb4.21.0&Prime; _module_preset=\u00a0\u00bbdefault\u00a0\u00bb global_colors_info=\u00a0\u00bb{}\u00a0\u00bb][\/et_pb_image][et_pb_text _builder_version=\u00a0\u00bb4.21.0&Prime; _module_preset=\u00a0\u00bbdefault\u00a0\u00bb global_colors_info=\u00a0\u00bb{}\u00a0\u00bb]<\/p>\n<p>&nbsp;<\/p>\n<p>Le calendrier \u00ab\u00a0Paroles d&rsquo;esp\u00e9rance\u00a0\u00bb a \u00e9t\u00e9 r\u00e9alis\u00e9 dans l&rsquo;esprit des rencontres d&rsquo;Assise, dans le but de promouvoir la paix. Son objectif est de nous \u00e9veiller aux valeurs essentielles de la vie, et de nous aider \u00e0 les incarner dans notre quotidien. La parole des grands t\u00e9moins de tous horizons, qui sont cit\u00e9s chaque semaine, est l\u00e0 pour nous guider et nous montrer qu&rsquo;il est possible, dans le monde actuel, de vivre une vie tourn\u00e9e vers le bonheur.<\/p>\n<p>Si on vous a offert ce calendrier aujourd&rsquo;hui, c&rsquo;est parce que de nombreuses personnes ont \u00e0 c\u0153ur de partager force et courage avec vous : notamment les personnalit\u00e9s cit\u00e9es dont certaines ont donn\u00e9 une parole sp\u00e9cialement pour vous. Nous tenons \u00e0 les remercier tout particuli\u00e8rement pour leur soutien. La r\u00e9alisation de ce calendrier a \u00e9t\u00e9 rendue possible gr\u00e2ce \u00e0 l&rsquo;aide d\u00e9sint\u00e9ress\u00e9e de plusieurs personnes, entreprises et associations.<\/p>\n<p>&#8211; Les revues La Vie et Prier.<\/p>\n<p>&#8211; Les nombreuses personnes qui ont travaill\u00e9 \u00e0 la r\u00e9alisation du calendrier et apport\u00e9 leur aide d&rsquo;une fa\u00e7on ou d&rsquo;une autre et que nous ne pouvons pas toutes citer. Qu&rsquo;elles en soient remerci\u00e9es.<\/p>\n<p>&#8211; Les milliers de donateurs anonymes qui parrainent chaque ann\u00e9e une personne en d\u00e9tention.<\/p>\n<p>Si vous souhaitez les remercier, vous pouvez \u00e9crire \u00e0 :<\/p>\n<p>\u00c9ditions Paroles de Sagesse<\/p>\n<p>41 bis rue Brancas<\/p>\n<p>92310 S\u00e8vres &#8211; France<\/p>\n<p>qui fera suivre.<\/p>\n<p><a href=\"https:\/\/www.parolesdesagesse.com\/\">https:\/\/www.parolesdesagesse.com\/<\/a><\/p>\n<p>[\/et_pb_text][et_pb_image src=\u00a0\u00bbhttps:\/\/catholiques17.fr\/jonzac\/wp-content\/uploads\/sites\/39\/2024\/12\/Calendrier-Paroles-desperance-2025.jpg\u00a0\u00bb title_text=\u00a0\u00bbCalendrier Paroles d&rsquo;esp\u00e9rance 2025&Prime; _builder_version=\u00a0\u00bb4.21.0&Prime; _module_preset=\u00a0\u00bbdefault\u00a0\u00bb global_colors_info=\u00a0\u00bb{}\u00a0\u00bb][\/et_pb_image][\/et_pb_column][\/et_pb_row][\/et_pb_section]<\/p>\n","protected":false},"excerpt":{"rendered":"<p>Comme chaque ann\u00e9e, nous vous proposons de soutenir les prisonniers de la prison de B\u00e9denac en achetant un calendrier Paroles d&rsquo;esp\u00e9rance, l&rsquo;argent r\u00e9colt\u00e9 sera redistribu\u00e9 aux prisonniers n\u00e9cessiteux et vous [&hellip;]<\/p>\n","protected":false},"author":65,"featured_media":0,"template":"","meta":{"_et_pb_use_builder":"on","_et_pb_old_content":"<p>Comme chaque ann\u00e9e, nous vous proposons de soutenir les prisonniers de la prison de B\u00e9denac en achetant un calendrier Paroles d'esp\u00e9rance, l'argent r\u00e9colt\u00e9 sera redistribu\u00e9 aux prisonniers n\u00e9cessiteux et vous leur permettez d'avoir eux aussi un calendrier Paroles d'esp\u00e9rance dans leur cellule, les dons sont aussi les bienvenus, merci pour eux !!!<\/p><p>{{{L'optimisme est la foi qui m\u00e8ne \u00e0 la r\u00e9ussite}}}<\/p><p>Helen Keller na\u00eet en 1880 \u00e0 Tuscumbia, en Alabama aux Etats Unis. En f\u00e9vrier 1882, \u00e0 19 mois, elle souffre d'une congestion c\u00e9r\u00e9brale qui la rend sourde et aveugle \u00e0 la fois. Brusquement coup\u00e9e du monde, elle a du mal \u00e0 communiquer avec ses proches, notamment ses parents. Plus tard en 1886, ses parents font appel \u00e0 Anne Sullivan, jeune \u00e9ducatrice qui lui apprend \u00e0 communiquer par le toucher. Elle est \u00e9crivaine, activiste et conf\u00e9renci\u00e8re am\u00e9ricaine. Sourde, muette et aveugle d\u00e8s le d\u00e9but de sa vie, elle devient quand m\u00eame gr\u00e2ce \u00e0 sa d\u00e9termination, \u00e9tudiante \u00e0 la facult\u00e9 de Radcliffe College. Elle est la premi\u00e8re personne handicap\u00e9e \u00e0 obtenir un dipl\u00f4me. Sa d\u00e9termination suscite l'admiration, principalement aux Etats-Unis. Elle \u00e9crit 12 livres et de nombreux articles au cours de sa vie. En 1915, elle fonde avec George Kessler l'organisation Helen Keller International (HKI) afin de soutenir la pr\u00e9vention de la c\u00e9cit\u00e9 et la r\u00e9duction de la malnutrition dans le monde. HKI est aujourd'hui pr\u00e9sente dans 22 pays, Hellen Keller d\u00e9c\u00e8de en 1968.<\/p><p>Le calendrier \"Paroles d'esp\u00e9rance\" a \u00e9t\u00e9 r\u00e9alis\u00e9 dans l'esprit des rencontre d'Assise, dans le but de promouvoir la paix. Son objectif est de nous \u00e9veiller aux valeurs essentielles de la vie, et de nous aider \u00e0 les incarner dans notre quotidien. La parole des grands t\u00e9moins de tous horizons, qui sont cit\u00e9s chaque semaine, est l\u00e0 pour nous guider et nous montrer qu'il est possible, dans le monde actuel, de vivre une vie tourn\u00e9e vers le bonheur.<\/p><p>Si on vous a offert ce calendrier aujourd'hui, c'est parce que de nombreuses personnes ont \u00e0 coeur de partager force et courage avec vous : notamment les personnalit\u00e9s cit\u00e9es dont certaines ont donn\u00e9 une parole sp\u00e9cialement pour vous. Nous tenons \u00e0 les remercier tout particuli\u00e8rement pour leur soutien. La r\u00e9alisation de ce calendrier a \u00e9t\u00e9 rendue possible gr\u00e2ce \u00e0 l'aide d\u00e9sint\u00e9ress\u00e9e de plusieurs personnes, entreprises et associations.<\/p><p>- Les revues La Vie et Prier.<\/p><p>- Les nombreuses personnes qui ont travaill\u00e9 \u00e0 la r\u00e9alisation du calendrier et apport\u00e9 leur aide d'une fa\u00e7on ou d'une autre et que nous ne pouvons pas toutes citer. Qu'elles en soient remerci\u00e9es.<\/p><p>- Les milliers de donateurs anonymes qui parrainent chaque ann\u00e9e une personne en d\u00e9tention.<\/p><p>Si vous souhaitez les remercier, vous pouvez \u00e9crire \u00e0 :<\/p><p>Editions Paroles de Sagesse<\/p><p>41 bis rue Brancas<\/p><p>92310 S\u00e8vres - France<\/p><p>qui fera suivre.<\/p><p>[->https:\/\/www.parolesdesagesse.com\/]<\/p>","_et_gb_content_width":"","_tribe_events_status":"","_tribe_events_status_reason":"","footnotes":""},"tags":[],"tribe_events_cat":[26],"class_list":["post-9362","tribe_events","type-tribe_events","status-publish","hentry","tribe_events_cat-messe","cat_messe"],"_links":{"self":[{"href":"https:\/\/catholiques17.fr\/jonzac\/wp-json\/wp\/v2\/tribe_events\/9362","targetHints":{"allow":["GET"]}}],"collection":[{"href":"https:\/\/catholiques17.fr\/jonzac\/wp-json\/wp\/v2\/tribe_events"}],"about":[{"href":"https:\/\/catholiques17.fr\/jonzac\/wp-json\/wp\/v2\/types\/tribe_events"}],"author":[{"embeddable":true,"href":"https:\/\/catholiques17.fr\/jonzac\/wp-json\/wp\/v2\/users\/65"}],"version-history":[{"count":5,"href":"https:\/\/catholiques17.fr\/jonzac\/wp-json\/wp\/v2\/tribe_events\/9362\/revisions"}],"predecessor-version":[{"id":9373,"href":"https:\/\/catholiques17.fr\/jonzac\/wp-json\/wp\/v2\/tribe_events\/9362\/revisions\/9373"}],"wp:attachment":[{"href":"https:\/\/catholiques17.fr\/jonzac\/wp-json\/wp\/v2\/media?parent=9362"}],"wp:term":[{"taxonomy":"post_tag","embeddable":true,"href":"https:\/\/catholiques17.fr\/jonzac\/wp-json\/wp\/v2\/tags?post=9362"},{"taxonomy":"tribe_events_cat","embeddable":true,"href":"https:\/\/catholiques17.fr\/jonzac\/wp-json\/wp\/v2\/tribe_events_cat?post=9362"}],"curies":[{"name":"wp","href":"https:\/\/api.w.org\/{rel}","templated":true}]}}

3ème dimanche de l&rsquo;Avent, dimanche de la joie !

<p>[et_pb_section fb_built= »1&Prime; admin_label= »section » _builder_version= »4.16&Prime; global_colors_info= »{} »][et_pb_row admin_label= »row » _builder_version= »4.16&Prime; background_size= »initial » background_position= »top_left » background_repeat= »repeat » global_colors_info= »{} »][et_pb_column type= »4_4&Prime; _builder_version= »4.16&Prime; custom_padding= »||| » global_colors_info= »{} » custom_padding__hover= »||| »][et_pb_text _builder_version= »4.21.0&Prime; _module_preset= »default » hover_enabled= »0&Prime; global_colors_info= »{} » sticky_enabled= »0&Prime;]</p>
<p>Comme chaque année, nous vous proposons de soutenir les prisonniers de la prison de Bédenac en achetant un calendrier Paroles d&rsquo;espérance, l&rsquo;argent récolté sera redistribué aux prisonniers nécessiteux et vous leur permettez d&rsquo;avoir eux aussi un calendrier Paroles d&rsquo;espérance dans leur cellule, les dons sont aussi les bienvenus, merci pour eux !!!</p>
<h1><strong>L&rsquo;optimisme est la foi qui mène à la réussite</strong></h1>
<p>Helen Keller naît en 1880 à Tuscumbia, en Alabama aux Etats-Unis. En février 1882, à 19 mois, elle souffre d&rsquo;une congestion cérébrale qui la rend sourde et aveugle à la fois. Brusquement coupée du monde, elle a du mal à communiquer avec ses proches, notamment ses parents. Plus tard en 1886, ses parents font appel à Anne Sullivan, jeune éducatrice qui lui apprend à communiquer par le toucher. Elle est écrivaine, activiste et conférencière américaine. Sourde, muette et aveugle dès le début de sa vie, elle devient quand même grâce à sa détermination, étudiante à la faculté de Radcliffe College. Elle est la première personne handicapée à obtenir un diplôme. Sa détermination suscite l&rsquo;admiration, principalement aux Etats-Unis. Elle écrit 12 livres et de nombreux articles au cours de sa vie. En 1915, elle fonde avec George Kessler l&rsquo;organisation Helen Keller International (HKI) afin de soutenir la prévention de la cécité et la réduction de la malnutrition dans le monde. HKI est aujourd&rsquo;hui présente dans 22 pays, Hellen Keller décède en 1968.</p>
<p>&nbsp;</p>
<p>[/et_pb_text][et_pb_image src= »https://catholiques17.fr/jonzac/wp-content/uploads/sites/39/2024/12/Calendrier-Paroles-desperance-2025-Helen-Keller.jpg » title_text= »Calendrier Paroles d&rsquo;espérance 2025 Helen Keller » _builder_version= »4.21.0&Prime; _module_preset= »default » global_colors_info= »{} »][/et_pb_image][et_pb_text _builder_version= »4.21.0&Prime; _module_preset= »default » global_colors_info= »{} »]</p>
<p>&nbsp;</p>
<p>Le calendrier « Paroles d&rsquo;espérance » a été réalisé dans l&rsquo;esprit des rencontres d&rsquo;Assise, dans le but de promouvoir la paix. Son objectif est de nous éveiller aux valeurs essentielles de la vie, et de nous aider à les incarner dans notre quotidien. La parole des grands témoins de tous horizons, qui sont cités chaque semaine, est là pour nous guider et nous montrer qu&rsquo;il est possible, dans le monde actuel, de vivre une vie tournée vers le bonheur.</p>
<p>Si on vous a offert ce calendrier aujourd&rsquo;hui, c&rsquo;est parce que de nombreuses personnes ont à cœur de partager force et courage avec vous : notamment les personnalités citées dont certaines ont donné une parole spécialement pour vous. Nous tenons à les remercier tout particulièrement pour leur soutien. La réalisation de ce calendrier a été rendue possible grâce à l&rsquo;aide désintéressée de plusieurs personnes, entreprises et associations.</p>
<p>&#8211; Les revues La Vie et Prier.</p>
<p>&#8211; Les nombreuses personnes qui ont travaillé à la réalisation du calendrier et apporté leur aide d&rsquo;une façon ou d&rsquo;une autre et que nous ne pouvons pas toutes citer. Qu&rsquo;elles en soient remerciées.</p>
<p>&#8211; Les milliers de donateurs anonymes qui parrainent chaque année une personne en détention.</p>
<p>Si vous souhaitez les remercier, vous pouvez écrire à :</p>
<p>Éditions Paroles de Sagesse</p>
<p>41 bis rue Brancas</p>
<p>92310 Sèvres &#8211; France</p>
<p>qui fera suivre.</p>
<p><a href="https://www.parolesdesagesse.com/">https://www.parolesdesagesse.com/</a></p>
<p>[/et_pb_text][et_pb_image src= »https://catholiques17.fr/jonzac/wp-content/uploads/sites/39/2024/12/Calendrier-Paroles-desperance-2025.jpg » title_text= »Calendrier Paroles d&rsquo;espérance 2025&Prime; _builder_version= »4.21.0&Prime; _module_preset= »default » global_colors_info= »{} »][/et_pb_image][/et_pb_column][/et_pb_row][/et_pb_section]</p>

<p>Comme chaque année, nous vous proposons de soutenir les prisonniers de la prison de Bédenac en achetant un calendrier Paroles d&rsquo;espérance, l&rsquo;argent récolté sera redistribué aux prisonniers nécessiteux et vous [&hellip;]</p>

<p>Comme chaque année, nous vous proposons de soutenir les prisonniers de la prison de Bédenac en achetant un calendrier Paroles d'espérance, l'argent récolté sera redistribué aux prisonniers nécessiteux et vous leur permettez d'avoir eux aussi un calendrier Paroles d'espérance dans leur cellule, les dons sont aussi les bienvenus, merci pour eux !!!</p><p>{{{L'optimisme est la foi qui mène à la réussite}}}</p><p>Helen Keller naît en 1880 à Tuscumbia, en Alabama aux Etats Unis. En février 1882, à 19 mois, elle souffre d'une congestion cérébrale qui la rend sourde et aveugle à la fois. Brusquement coupée du monde, elle a du mal à communiquer avec ses proches, notamment ses parents. Plus tard en 1886, ses parents font appel à Anne Sullivan, jeune éducatrice qui lui apprend à communiquer par le toucher. Elle est écrivaine, activiste et conférencière américaine. Sourde, muette et aveugle dès le début de sa vie, elle devient quand même grâce à sa détermination, étudiante à la faculté de Radcliffe College. Elle est la première personne handicapée à obtenir un diplôme. Sa détermination suscite l'admiration, principalement aux Etats-Unis. Elle écrit 12 livres et de nombreux articles au cours de sa vie. En 1915, elle fonde avec George Kessler l'organisation Helen Keller International (HKI) afin de soutenir la prévention de la cécité et la réduction de la malnutrition dans le monde. HKI est aujourd'hui présente dans 22 pays, Hellen Keller décède en 1968.</p><p>Le calendrier "Paroles d'espérance" a été réalisé dans l'esprit des rencontre d'Assise, dans le but de promouvoir la paix. Son objectif est de nous éveiller aux valeurs essentielles de la vie, et de nous aider à les incarner dans notre quotidien. La parole des grands témoins de tous horizons, qui sont cités chaque semaine, est là pour nous guider et nous montrer qu'il est possible, dans le monde actuel, de vivre une vie tournée vers le bonheur.</p><p>Si on vous a offert ce calendrier aujourd'hui, c'est parce que de nombreuses personnes ont à coeur de partager force et courage avec vous : notamment les personnalités citées dont certaines ont donné une parole spécialement pour vous. Nous tenons à les remercier tout particulièrement pour leur soutien. La réalisation de ce calendrier a été rendue possible grâce à l'aide désintéressée de plusieurs personnes, entreprises et associations.</p><p>- Les revues La Vie et Prier.</p><p>- Les nombreuses personnes qui ont travaillé à la réalisation du calendrier et apporté leur aide d'une façon ou d'une autre et que nous ne pouvons pas toutes citer. Qu'elles en soient remerciées.</p><p>- Les milliers de donateurs anonymes qui parrainent chaque année une personne en détention.</p><p>Si vous souhaitez les remercier, vous pouvez écrire à :</p><p>Editions Paroles de Sagesse</p><p>41 bis rue Brancas</p><p>92310 Sèvres - France</p><p>qui fera suivre.</p><p>[->https://www.parolesdesagesse.com/]</p>
