{"id":9094,"date":"2025-01-20T09:30:37","date_gmt":"2025-01-20T08:30:37","guid":{"rendered":"https:\/\/catholiques17.fr\/jonzac\/?post_type=tribe_events&#038;p=9094"},"modified":"2025-05-19T09:24:43","modified_gmt":"2025-05-19T07:24:43","slug":"kt-pour-les-enfants-de-4-a-11-ans-1er-et-3eme-dimanche-du-mois","status":"publish","type":"tribe_events","link":"https:\/\/catholiques17.fr\/jonzac\/event\/kt-pour-les-enfants-de-4-a-11-ans-1er-et-3eme-dimanche-du-mois\/","title":{"rendered":"KT pour les enfants de 4 \u00e0 11 ans 1er et 3\u00e8me dimanche du mois"},"content":{"rendered":"<p>Rencontre de KT les 1er et 3\u00e8me dimanche de chaque mois \u00e0 9h30 aux salles paroissiales 4, rue Fernand Haury \u00e0 Jonzac (pr\u00e8s du parking Paul Bert)<\/p>\n<p>Apr\u00e8s un moment de cat\u00e9ch\u00e8se par groupe, nous retrouvons la communaut\u00e9 paroissiale \u00e0 l&rsquo;\u00e9glise de Jonzac pour la messe dominicale de 11h.<\/p>\n<p><a href=\"https:\/\/catholiques17.fr\/jonzac\/wp-content\/uploads\/sites\/39\/2025\/01\/Calendrier_KT_Jonzac_2024-2025.pdf\">Calendrier_KT_Jonzac_2024-2025<\/a><\/p>\n","protected":false},"excerpt":{"rendered":"<p>Rencontre de KT les 1er et 3\u00e8me dimanche de chaque mois \u00e0 9h30 aux salles paroissiales 4, rue Fernand Haury \u00e0 Jonzac (pr\u00e8s du parking Paul Bert) Apr\u00e8s un moment [&hellip;]<\/p>\n","protected":false},"author":65,"featured_media":5758,"template":"","meta":{"_et_pb_use_builder":"","_et_pb_old_content":"","_et_gb_content_width":"","_tribe_events_status":"","_tribe_events_status_reason":"","footnotes":""},"tags":[],"tribe_events_cat":[],"class_list":["post-9094","tribe_events","type-tribe_events","status-publish","has-post-thumbnail","hentry"],"_links":{"self":[{"href":"https:\/\/catholiques17.fr\/jonzac\/wp-json\/wp\/v2\/tribe_events\/9094","targetHints":{"allow":["GET"]}}],"collection":[{"href":"https:\/\/catholiques17.fr\/jonzac\/wp-json\/wp\/v2\/tribe_events"}],"about":[{"href":"https:\/\/catholiques17.fr\/jonzac\/wp-json\/wp\/v2\/types\/tribe_events"}],"author":[{"embeddable":true,"href":"https:\/\/catholiques17.fr\/jonzac\/wp-json\/wp\/v2\/users\/65"}],"version-history":[{"count":2,"href":"https:\/\/catholiques17.fr\/jonzac\/wp-json\/wp\/v2\/tribe_events\/9094\/revisions"}],"predecessor-version":[{"id":10373,"href":"https:\/\/catholiques17.fr\/jonzac\/wp-json\/wp\/v2\/tribe_events\/9094\/revisions\/10373"}],"wp:featuredmedia":[{"embeddable":true,"href":"https:\/\/catholiques17.fr\/jonzac\/wp-json\/wp\/v2\/media\/5758"}],"wp:attachment":[{"href":"https:\/\/catholiques17.fr\/jonzac\/wp-json\/wp\/v2\/media?parent=9094"}],"wp:term":[{"taxonomy":"post_tag","embeddable":true,"href":"https:\/\/catholiques17.fr\/jonzac\/wp-json\/wp\/v2\/tags?post=9094"},{"taxonomy":"tribe_events_cat","embeddable":true,"href":"https:\/\/catholiques17.fr\/jonzac\/wp-json\/wp\/v2\/tribe_events_cat?post=9094"}],"curies":[{"name":"wp","href":"https:\/\/api.w.org\/{rel}","templated":true}]}}

KT pour les enfants de 4 à 11 ans 1er et 3ème dimanche du mois

<p>Rencontre de KT les 1er et 3ème dimanche de chaque mois à 9h30 aux salles paroissiales 4, rue Fernand Haury à Jonzac (près du parking Paul Bert)</p>
<p>Après un moment de catéchèse par groupe, nous retrouvons la communauté paroissiale à l&rsquo;église de Jonzac pour la messe dominicale de 11h.</p>
<p><a href="https://catholiques17.fr/jonzac/wp-content/uploads/sites/39/2025/01/Calendrier_KT_Jonzac_2024-2025.pdf">Calendrier_KT_Jonzac_2024-2025</a></p>

<p>Rencontre de KT les 1er et 3ème dimanche de chaque mois à 9h30 aux salles paroissiales 4, rue Fernand Haury à Jonzac (près du parking Paul Bert) Après un moment [&hellip;]</p>
