{"id":8675,"date":"2024-10-23T21:21:02","date_gmt":"2024-10-23T19:21:02","guid":{"rendered":"https:\/\/catholiques17.fr\/jonzac\/?post_type=tribe_events&#038;p=8675"},"modified":"2024-12-17T09:37:44","modified_gmt":"2024-12-17T08:37:44","slug":"creche-vivante","status":"publish","type":"tribe_events","link":"https:\/\/catholiques17.fr\/jonzac\/event\/creche-vivante\/","title":{"rendered":"Spectacle de No\u00ebl \u00e0 la chapelle de la sagesse"},"content":{"rendered":"<p>Un rdv a ne pas manquer. Bloquez la date pour participer au spectacle de No\u00ebl pr\u00e9par\u00e9 par nos enfants et la chorale paroissiale.<br \/>\nTr\u00e8s belle soir\u00e9e \u00e0 vous !<\/p>\n","protected":false},"excerpt":{"rendered":"<p>Un rdv a ne pas manquer. Bloquez la date pour participer au spectacle de No\u00ebl pr\u00e9par\u00e9 par nos enfants et la chorale paroissiale. Tr\u00e8s belle soir\u00e9e \u00e0 vous !<\/p>\n","protected":false},"author":65,"featured_media":9524,"template":"","meta":{"_et_pb_use_builder":"","_et_pb_old_content":"","_et_gb_content_width":"","_tribe_events_status":"","_tribe_events_status_reason":"","footnotes":""},"tags":[],"tribe_events_cat":[35],"class_list":["post-8675","tribe_events","type-tribe_events","status-publish","has-post-thumbnail","hentry","tribe_events_cat-paroisse","cat_paroisse"],"_links":{"self":[{"href":"https:\/\/catholiques17.fr\/jonzac\/wp-json\/wp\/v2\/tribe_events\/8675","targetHints":{"allow":["GET"]}}],"collection":[{"href":"https:\/\/catholiques17.fr\/jonzac\/wp-json\/wp\/v2\/tribe_events"}],"about":[{"href":"https:\/\/catholiques17.fr\/jonzac\/wp-json\/wp\/v2\/types\/tribe_events"}],"author":[{"embeddable":true,"href":"https:\/\/catholiques17.fr\/jonzac\/wp-json\/wp\/v2\/users\/65"}],"version-history":[{"count":4,"href":"https:\/\/catholiques17.fr\/jonzac\/wp-json\/wp\/v2\/tribe_events\/8675\/revisions"}],"predecessor-version":[{"id":9527,"href":"https:\/\/catholiques17.fr\/jonzac\/wp-json\/wp\/v2\/tribe_events\/8675\/revisions\/9527"}],"wp:featuredmedia":[{"embeddable":true,"href":"https:\/\/catholiques17.fr\/jonzac\/wp-json\/wp\/v2\/media\/9524"}],"wp:attachment":[{"href":"https:\/\/catholiques17.fr\/jonzac\/wp-json\/wp\/v2\/media?parent=8675"}],"wp:term":[{"taxonomy":"post_tag","embeddable":true,"href":"https:\/\/catholiques17.fr\/jonzac\/wp-json\/wp\/v2\/tags?post=8675"},{"taxonomy":"tribe_events_cat","embeddable":true,"href":"https:\/\/catholiques17.fr\/jonzac\/wp-json\/wp\/v2\/tribe_events_cat?post=8675"}],"curies":[{"name":"wp","href":"https:\/\/api.w.org\/{rel}","templated":true}]}}

Spectacle de Noël à la chapelle de la sagesse

<p>Un rdv a ne pas manquer. Bloquez la date pour participer au spectacle de Noël préparé par nos enfants et la chorale paroissiale.<br />
Très belle soirée à vous !</p>

<p>Un rdv a ne pas manquer. Bloquez la date pour participer au spectacle de Noël préparé par nos enfants et la chorale paroissiale. Très belle soirée à vous !</p>
