{"id":8669,"date":"2024-10-23T21:07:13","date_gmt":"2024-10-23T19:07:13","guid":{"rendered":"https:\/\/catholiques17.fr\/jonzac\/?post_type=tribe_events&#038;p=8669"},"modified":"2024-10-23T21:07:13","modified_gmt":"2024-10-23T19:07:13","slug":"temps-fort-de-lavent","status":"publish","type":"tribe_events","link":"https:\/\/catholiques17.fr\/jonzac\/event\/temps-fort-de-lavent\/","title":{"rendered":"Temps fort de l&rsquo;Avent"},"content":{"rendered":"","protected":false},"excerpt":{"rendered":"<p>pour se pr\u00e9parer \u00e0 la f\u00eate de No\u00ebl, tous les enfants de notre paroisse sont invit\u00e9s \u00e0 se retrouver \u00e0 l&rsquo;\u00e9cole Sainte Eustelle \u00e0 Ozillac pour un grand jeu, une r\u00e9p\u00e9tition du spectacle de No\u00ebl, des bricolages et un moment de pri\u00e8re \u00e0 l&rsquo;\u00e9glise, invitez vos amis !<\/p>\n","protected":false},"author":65,"featured_media":8671,"template":"","meta":{"_et_pb_use_builder":"","_et_pb_old_content":"","_et_gb_content_width":"","_tribe_events_status":"","_tribe_events_status_reason":"","footnotes":""},"tags":[],"tribe_events_cat":[36],"class_list":["post-8669","tribe_events","type-tribe_events","status-publish","has-post-thumbnail","hentry","tribe_events_cat-catechisme","cat_catechisme"],"_links":{"self":[{"href":"https:\/\/catholiques17.fr\/jonzac\/wp-json\/wp\/v2\/tribe_events\/8669","targetHints":{"allow":["GET"]}}],"collection":[{"href":"https:\/\/catholiques17.fr\/jonzac\/wp-json\/wp\/v2\/tribe_events"}],"about":[{"href":"https:\/\/catholiques17.fr\/jonzac\/wp-json\/wp\/v2\/types\/tribe_events"}],"author":[{"embeddable":true,"href":"https:\/\/catholiques17.fr\/jonzac\/wp-json\/wp\/v2\/users\/65"}],"version-history":[{"count":1,"href":"https:\/\/catholiques17.fr\/jonzac\/wp-json\/wp\/v2\/tribe_events\/8669\/revisions"}],"predecessor-version":[{"id":8674,"href":"https:\/\/catholiques17.fr\/jonzac\/wp-json\/wp\/v2\/tribe_events\/8669\/revisions\/8674"}],"wp:featuredmedia":[{"embeddable":true,"href":"https:\/\/catholiques17.fr\/jonzac\/wp-json\/wp\/v2\/media\/8671"}],"wp:attachment":[{"href":"https:\/\/catholiques17.fr\/jonzac\/wp-json\/wp\/v2\/media?parent=8669"}],"wp:term":[{"taxonomy":"post_tag","embeddable":true,"href":"https:\/\/catholiques17.fr\/jonzac\/wp-json\/wp\/v2\/tags?post=8669"},{"taxonomy":"tribe_events_cat","embeddable":true,"href":"https:\/\/catholiques17.fr\/jonzac\/wp-json\/wp\/v2\/tribe_events_cat?post=8669"}],"curies":[{"name":"wp","href":"https:\/\/api.w.org\/{rel}","templated":true}]}}

<p>pour se préparer à la fête de Noël, tous les enfants de notre paroisse sont invités à se retrouver à l&rsquo;école Sainte Eustelle à Ozillac pour un grand jeu, une répétition du spectacle de Noël, des bricolages et un moment de prière à l&rsquo;église, invitez vos amis !</p>
