{"id":11094,"date":"2025-08-24T19:39:06","date_gmt":"2025-08-24T17:39:06","guid":{"rendered":"https:\/\/catholiques17.fr\/jonzac\/?post_type=tribe_events&#038;p=11094"},"modified":"2025-08-25T09:57:46","modified_gmt":"2025-08-25T07:57:46","slug":"installation-de-notre-nouvel-eveque","status":"publish","type":"tribe_events","link":"https:\/\/catholiques17.fr\/jonzac\/event\/installation-de-notre-nouvel-eveque\/","title":{"rendered":"Prise de fonction de notre nouvel \u00e9v\u00eaque"},"content":{"rendered":"<div class=\"et_pb_module et_pb_text et_pb_text_0 et_pb_text_align_left et_pb_bg_layout_light\">\n<div class=\"et_pb_text_inner\">\n<h4>Le pape L\u00e9on XIV\u00a0a nomm\u00e9 ce mardi 19 ao\u00fbt,\u00a0\u00e9v\u00eaque coadjuteur de La Rochelle,\u00a0Monseigneur Pierre-Antoine Bozo.<\/h4>\n<h4>Il lui a conf\u00e9r\u00e9 les faculte\u0301s spe\u0301ciales qui consistent en la me\u0302me juridiction que celle qui appartient a\u0300 l\u2019Eve\u0302que dioce\u0301sain, selon le Can. 381 CIC.<\/h4>\n<h4>Monseigneur Pierre-Antoine Bozo \u00e9tait depuis 2017 \u00e9v\u00eaque du <a href=\"https:\/\/www.diocese-limoges.fr\/\">dioc\u00e8se de Limoges<\/a>.<\/h4>\n<h4>La prise de fonction aura lieu le 19 octobre 2025 apr\u00e8s-midi en la cath\u00e9drale de La Rochelle.<\/h4>\n<p><em>\u00ab\u00a0J&rsquo;arrive dans un dioc\u00e8se fragilis\u00e9 qui, je le pense, a besoin d&rsquo;un pasteur pr\u00e9sent sur le terrain, assure Mgr Pierre-Antoine Bozo. Je souhaite \u00eatre pr\u00e9sent, c&rsquo;est ce qui m&rsquo;est demand\u00e9. Je vais beaucoup parl\u00e9 et \u00eatre \u00e0 l&rsquo;\u00e9coute.\u00a0\u00bb<\/em><\/p>\n<p><em>Extrait de l&rsquo;<a href=\"https:\/\/catholiques17.fr\/jonzac\/?page_id=11105&amp;et_fb=1&amp;PageSpeed=off\">article paru dans le journal La Croix le 19 ao\u00fbt 2025<\/a><\/em><\/p>\n<\/div>\n<\/div>\n<p>&nbsp;<\/p>\n<p><a href=\"https:\/\/www.youtube.com\/watch?v=AQTRmVjaXd0\"><img loading=\"lazy\" decoding=\"async\" class=\"alignnone size-medium wp-image-11097\" src=\"https:\/\/catholiques17.fr\/jonzac\/wp-content\/uploads\/sites\/39\/2025\/08\/Portrait-de-notre-nouvel-eveque-par-la-chaine-catholique-KTO-300x185.jpg\" alt=\"\" width=\"300\" height=\"185\" \/><\/a><\/p>\n","protected":false},"excerpt":{"rendered":"<p>Le pape L\u00e9on XIV\u00a0a nomm\u00e9 ce mardi 19 ao\u00fbt,\u00a0\u00e9v\u00eaque coadjuteur de La Rochelle,\u00a0Monseigneur Pierre-Antoine Bozo. Il lui a conf\u00e9r\u00e9 les faculte\u0301s spe\u0301ciales qui consistent en la me\u0302me juridiction que celle [&hellip;]<\/p>\n","protected":false},"author":65,"featured_media":11095,"template":"","meta":{"_et_pb_use_builder":"","_et_pb_old_content":"","_et_gb_content_width":"","_tribe_events_status":"","_tribe_events_status_reason":"","footnotes":""},"tags":[],"tribe_events_cat":[39],"class_list":["post-11094","tribe_events","type-tribe_events","status-publish","has-post-thumbnail","hentry","tribe_events_cat-diocese","cat_diocese"],"_links":{"self":[{"href":"https:\/\/catholiques17.fr\/jonzac\/wp-json\/wp\/v2\/tribe_events\/11094","targetHints":{"allow":["GET"]}}],"collection":[{"href":"https:\/\/catholiques17.fr\/jonzac\/wp-json\/wp\/v2\/tribe_events"}],"about":[{"href":"https:\/\/catholiques17.fr\/jonzac\/wp-json\/wp\/v2\/types\/tribe_events"}],"author":[{"embeddable":true,"href":"https:\/\/catholiques17.fr\/jonzac\/wp-json\/wp\/v2\/users\/65"}],"version-history":[{"count":6,"href":"https:\/\/catholiques17.fr\/jonzac\/wp-json\/wp\/v2\/tribe_events\/11094\/revisions"}],"predecessor-version":[{"id":11118,"href":"https:\/\/catholiques17.fr\/jonzac\/wp-json\/wp\/v2\/tribe_events\/11094\/revisions\/11118"}],"wp:featuredmedia":[{"embeddable":true,"href":"https:\/\/catholiques17.fr\/jonzac\/wp-json\/wp\/v2\/media\/11095"}],"wp:attachment":[{"href":"https:\/\/catholiques17.fr\/jonzac\/wp-json\/wp\/v2\/media?parent=11094"}],"wp:term":[{"taxonomy":"post_tag","embeddable":true,"href":"https:\/\/catholiques17.fr\/jonzac\/wp-json\/wp\/v2\/tags?post=11094"},{"taxonomy":"tribe_events_cat","embeddable":true,"href":"https:\/\/catholiques17.fr\/jonzac\/wp-json\/wp\/v2\/tribe_events_cat?post=11094"}],"curies":[{"name":"wp","href":"https:\/\/api.w.org\/{rel}","templated":true}]}}

Prise de fonction de notre nouvel évêque

<div class="et_pb_module et_pb_text et_pb_text_0 et_pb_text_align_left et_pb_bg_layout_light">
<div class="et_pb_text_inner">
<h4>Le pape Léon XIV a nommé ce mardi 19 août, évêque coadjuteur de La Rochelle, Monseigneur Pierre-Antoine Bozo.</h4>
<h4>Il lui a conféré les facultés spéciales qui consistent en la même juridiction que celle qui appartient à l’Evêque diocésain, selon le Can. 381 CIC.</h4>
<h4>Monseigneur Pierre-Antoine Bozo était depuis 2017 évêque du <a href="https://www.diocese-limoges.fr/">diocèse de Limoges</a>.</h4>
<h4>La prise de fonction aura lieu le 19 octobre 2025 après-midi en la cathédrale de La Rochelle.</h4>
<p><em>« J&rsquo;arrive dans un diocèse fragilisé qui, je le pense, a besoin d&rsquo;un pasteur présent sur le terrain, assure Mgr Pierre-Antoine Bozo. Je souhaite être présent, c&rsquo;est ce qui m&rsquo;est demandé. Je vais beaucoup parlé et être à l&rsquo;écoute. »</em></p>
<p><em>Extrait de l&rsquo;<a href="https://catholiques17.fr/jonzac/?page_id=11105&amp;et_fb=1&amp;PageSpeed=off">article paru dans le journal La Croix le 19 août 2025</a></em></p>
</div>
</div>
<p>&nbsp;</p>
<p><a href="https://www.youtube.com/watch?v=AQTRmVjaXd0"><img loading="lazy" decoding="async" class="alignnone size-medium wp-image-11097" src="https://catholiques17.fr/jonzac/wp-content/uploads/sites/39/2025/08/Portrait-de-notre-nouvel-eveque-par-la-chaine-catholique-KTO-300x185.jpg" alt="" width="300" height="185" /></a></p>

<p>Le pape Léon XIV a nommé ce mardi 19 août, évêque coadjuteur de La Rochelle, Monseigneur Pierre-Antoine Bozo. Il lui a conféré les facultés spéciales qui consistent en la même juridiction que celle [&hellip;]</p>
