{"id":11000,"date":"2025-06-25T10:00:59","date_gmt":"2025-06-25T08:00:59","guid":{"rendered":"https:\/\/catholiques17.fr\/jonzac\/?post_type=tribe_events&#038;p=11000"},"modified":"2025-06-25T10:15:54","modified_gmt":"2025-06-25T08:15:54","slug":"vente-dempanadas-pour-financer-le-voyage-a-lourdes","status":"publish","type":"tribe_events","link":"https:\/\/catholiques17.fr\/jonzac\/event\/vente-dempanadas-pour-financer-le-voyage-a-lourdes\/","title":{"rendered":"Vente d&#8217;empanadas pour financer le voyage \u00e0 Lourdes"},"content":{"rendered":"<p>Chers paroissiens,<br \/>\nLe patronage organise une vente solidaire d\u2019empanadas le samedi 28 juin, \u00e0 emporter pour le midi ou le soir\u202f!<br \/>\n\ud83e\udd5f Empanada maison : 2 \u20ac la pi\u00e8ce \ud83d\udce6 Merci d\u2019emmener un r\u00e9cipient pour le transport \ud83d\udd5b Retrait possible entre 12h et 14h, ou entre 19h et 20h \ud83d\udcde Sous commande au 06 41 49 97 08<br \/>\nLes b\u00e9n\u00e9fices serviront \u00e0 financer les activit\u00e9s et projets des jeunes du patronage. Un grand merci pour votre soutien et votre g\u00e9n\u00e9rosit\u00e9\u202f!<br \/>\nL\u2019\u00e9quipe du patronage<\/p>\n<div><\/div>\n","protected":false},"excerpt":{"rendered":"<p>Chers paroissiens, Le patronage organise une vente solidaire d\u2019empanadas le samedi 28 juin, \u00e0 emporter pour le midi ou le soir\u202f! \ud83e\udd5f Empanada maison : 2 \u20ac la pi\u00e8ce \ud83d\udce6 [&hellip;]<\/p>\n","protected":false},"author":65,"featured_media":10993,"template":"","meta":{"_et_pb_use_builder":"","_et_pb_old_content":"","_et_gb_content_width":"","_tribe_events_status":"","_tribe_events_status_reason":"","footnotes":""},"tags":[],"tribe_events_cat":[36,35,28],"class_list":["post-11000","tribe_events","type-tribe_events","status-publish","has-post-thumbnail","hentry","tribe_events_cat-catechisme","tribe_events_cat-paroisse","tribe_events_cat-pelerinage","cat_catechisme","cat_paroisse","cat_pelerinage"],"_links":{"self":[{"href":"https:\/\/catholiques17.fr\/jonzac\/wp-json\/wp\/v2\/tribe_events\/11000","targetHints":{"allow":["GET"]}}],"collection":[{"href":"https:\/\/catholiques17.fr\/jonzac\/wp-json\/wp\/v2\/tribe_events"}],"about":[{"href":"https:\/\/catholiques17.fr\/jonzac\/wp-json\/wp\/v2\/types\/tribe_events"}],"author":[{"embeddable":true,"href":"https:\/\/catholiques17.fr\/jonzac\/wp-json\/wp\/v2\/users\/65"}],"version-history":[{"count":1,"href":"https:\/\/catholiques17.fr\/jonzac\/wp-json\/wp\/v2\/tribe_events\/11000\/revisions"}],"predecessor-version":[{"id":11001,"href":"https:\/\/catholiques17.fr\/jonzac\/wp-json\/wp\/v2\/tribe_events\/11000\/revisions\/11001"}],"wp:featuredmedia":[{"embeddable":true,"href":"https:\/\/catholiques17.fr\/jonzac\/wp-json\/wp\/v2\/media\/10993"}],"wp:attachment":[{"href":"https:\/\/catholiques17.fr\/jonzac\/wp-json\/wp\/v2\/media?parent=11000"}],"wp:term":[{"taxonomy":"post_tag","embeddable":true,"href":"https:\/\/catholiques17.fr\/jonzac\/wp-json\/wp\/v2\/tags?post=11000"},{"taxonomy":"tribe_events_cat","embeddable":true,"href":"https:\/\/catholiques17.fr\/jonzac\/wp-json\/wp\/v2\/tribe_events_cat?post=11000"}],"curies":[{"name":"wp","href":"https:\/\/api.w.org\/{rel}","templated":true}]}}

Vente d&#8217;empanadas pour financer le voyage à Lourdes

<p>Chers paroissiens,<br />
Le patronage organise une vente solidaire d’empanadas le samedi 28 juin, à emporter pour le midi ou le soir !<br />
🥟 Empanada maison : 2 € la pièce 📦 Merci d’emmener un récipient pour le transport 🕛 Retrait possible entre 12h et 14h, ou entre 19h et 20h 📞 Sous commande au 06 41 49 97 08<br />
Les bénéfices serviront à financer les activités et projets des jeunes du patronage. Un grand merci pour votre soutien et votre générosité !<br />
L’équipe du patronage</p>
<div></div>

<p>Chers paroissiens, Le patronage organise une vente solidaire d’empanadas le samedi 28 juin, à emporter pour le midi ou le soir ! 🥟 Empanada maison : 2 € la pièce 📦 [&hellip;]</p>
