{"id":10965,"date":"2025-06-23T09:21:26","date_gmt":"2025-06-23T07:21:26","guid":{"rendered":"https:\/\/catholiques17.fr\/jonzac\/?post_type=tribe_events&#038;p=10965"},"modified":"2025-06-23T09:21:26","modified_gmt":"2025-06-23T07:21:26","slug":"reunion-pour-lorganisation-de-la-collecte-des-denrees-alimentaires-pour-les-repas-des-encadrants-du-patronage","status":"publish","type":"tribe_events","link":"https:\/\/catholiques17.fr\/jonzac\/event\/reunion-pour-lorganisation-de-la-collecte-des-denrees-alimentaires-pour-les-repas-des-encadrants-du-patronage\/","title":{"rendered":"R\u00e9union pour l&rsquo;organisation de la collecte des denr\u00e9es alimentaires pour les repas des encadrants du patronage"},"content":{"rendered":"<p>Chers paroissiens,<br \/>\nComme vous le savez d\u00e9j\u00e0, notre patronage d&rsquo;\u00e9t\u00e9 aura lieu du 7 au 11 juillet. \u00c0 cette occasion, nous faisons appel \u00e0 votre g\u00e9n\u00e9rosit\u00e9 pour collaborer \u00e0 la pr\u00e9paration ou \u00e0 l&rsquo;apport des repas destin\u00e9s aux encadrants qui accompagneront les enfants durant cette belle semaine.<br \/>\nNous vous convions \u00e0 une r\u00e9union d\u2019organisation le mercredi 25 juin \u00e0 11h, \u00e0 la salle paroissiale, afin de coordonner nos efforts et de pr\u00e9parer au mieux cette initiative fraternelle.<br \/>\nMerci de votre pr\u00e9cieuse aide et de l\u2019esprit de service qui vous anime ! \ud83d\ude4f\ud83c\udffc\ud83d\ude0a<\/p>\n","protected":false},"excerpt":{"rendered":"<p>Chers paroissiens, Comme vous le savez d\u00e9j\u00e0, notre patronage d&rsquo;\u00e9t\u00e9 aura lieu du 7 au 11 juillet. \u00c0 cette occasion, nous faisons appel \u00e0 votre g\u00e9n\u00e9rosit\u00e9 pour collaborer \u00e0 la [&hellip;]<\/p>\n","protected":false},"author":65,"featured_media":7580,"template":"","meta":{"_et_pb_use_builder":"","_et_pb_old_content":"","_et_gb_content_width":"","_tribe_events_status":"","_tribe_events_status_reason":"","footnotes":""},"tags":[],"tribe_events_cat":[36],"class_list":["post-10965","tribe_events","type-tribe_events","status-publish","has-post-thumbnail","hentry","tribe_events_cat-catechisme","cat_catechisme"],"_links":{"self":[{"href":"https:\/\/catholiques17.fr\/jonzac\/wp-json\/wp\/v2\/tribe_events\/10965","targetHints":{"allow":["GET"]}}],"collection":[{"href":"https:\/\/catholiques17.fr\/jonzac\/wp-json\/wp\/v2\/tribe_events"}],"about":[{"href":"https:\/\/catholiques17.fr\/jonzac\/wp-json\/wp\/v2\/types\/tribe_events"}],"author":[{"embeddable":true,"href":"https:\/\/catholiques17.fr\/jonzac\/wp-json\/wp\/v2\/users\/65"}],"version-history":[{"count":1,"href":"https:\/\/catholiques17.fr\/jonzac\/wp-json\/wp\/v2\/tribe_events\/10965\/revisions"}],"predecessor-version":[{"id":10966,"href":"https:\/\/catholiques17.fr\/jonzac\/wp-json\/wp\/v2\/tribe_events\/10965\/revisions\/10966"}],"wp:featuredmedia":[{"embeddable":true,"href":"https:\/\/catholiques17.fr\/jonzac\/wp-json\/wp\/v2\/media\/7580"}],"wp:attachment":[{"href":"https:\/\/catholiques17.fr\/jonzac\/wp-json\/wp\/v2\/media?parent=10965"}],"wp:term":[{"taxonomy":"post_tag","embeddable":true,"href":"https:\/\/catholiques17.fr\/jonzac\/wp-json\/wp\/v2\/tags?post=10965"},{"taxonomy":"tribe_events_cat","embeddable":true,"href":"https:\/\/catholiques17.fr\/jonzac\/wp-json\/wp\/v2\/tribe_events_cat?post=10965"}],"curies":[{"name":"wp","href":"https:\/\/api.w.org\/{rel}","templated":true}]}}

Réunion pour l&rsquo;organisation de la collecte des denrées alimentaires pour les repas des encadrants du patronage

<p>Chers paroissiens,<br />
Comme vous le savez déjà, notre patronage d&rsquo;été aura lieu du 7 au 11 juillet. À cette occasion, nous faisons appel à votre générosité pour collaborer à la préparation ou à l&rsquo;apport des repas destinés aux encadrants qui accompagneront les enfants durant cette belle semaine.<br />
Nous vous convions à une réunion d’organisation le mercredi 25 juin à 11h, à la salle paroissiale, afin de coordonner nos efforts et de préparer au mieux cette initiative fraternelle.<br />
Merci de votre précieuse aide et de l’esprit de service qui vous anime ! 🙏🏼😊</p>

<p>Chers paroissiens, Comme vous le savez déjà, notre patronage d&rsquo;été aura lieu du 7 au 11 juillet. À cette occasion, nous faisons appel à votre générosité pour collaborer à la [&hellip;]</p>
