{"id":10951,"date":"2025-06-21T09:03:18","date_gmt":"2025-06-21T07:03:18","guid":{"rendered":"https:\/\/catholiques17.fr\/jonzac\/?post_type=tribe_events&#038;p=10951"},"modified":"2025-06-21T09:03:18","modified_gmt":"2025-06-21T07:03:18","slug":"fabrique-ton-chapelet","status":"publish","type":"tribe_events","link":"https:\/\/catholiques17.fr\/jonzac\/event\/fabrique-ton-chapelet\/","title":{"rendered":"Fabrique ton chapelet"},"content":{"rendered":"<p>FABRIQUE TON CHAPELET \u2013 Et d\u00e9couvre la puissance de la pri\u00e8re du Rosaire !<\/p>\n<p>Le chapelet est bien plus qu\u2019un simple bijou : c\u2019est un chemin de pri\u00e8re pour se confier \u00e0 Marie et \u00e0 J\u00e9sus, m\u00e9diter leur vie et recevoir paix et force dans notre quotidien.<\/p>\n<p>Viens participer \u00e0 notre atelier fabrication de chapelet :<br \/>\n\u2022 Apprends \u00e0 cr\u00e9er ton propre chapelet, unique et personnel.<br \/>\n\u2022 D\u00e9couvre comment t\u2019en servir pour prier et grandir dans ton amiti\u00e9 avec Marie et J\u00e9sus.<br \/>\n\u2022 Plonge dans l\u2019histoire fascinante du chapelet, transmis par la Vierge Marie \u00e0 saint Dominique au XIII\u1d49 si\u00e8cle pour combattre le mal par la pri\u00e8re du Rosaire.<\/p>\n<p>Rejoins-nous et d\u00e9couvre comment cette pri\u00e8re mariale peut transformer ta vie aujourd\u2019hui !<\/p>\n<p>Infos pratiques :<br \/>\n&#8211; Le samedi 5 juillet de 9h30 \u00e0 12h30<br \/>\n&#8211; \u2060dans les salles paroissiales de Jonzac.<br \/>\n&#8211; \u2060plus d\u2019infos au 06 80 65 32 49<br \/>\nAtelier ouvert \u00e0 tous, d\u00e9butants bienvenus !<\/p>\n<p>Tarif : 20 euros (mat\u00e9riel fourni)<br \/>\nLe fonds reviennent enti\u00e8rement aux s\u0153urs pour l organisation du patronage d \u00e9t\u00e9<\/p>\n<div><\/div>\n<div><\/div>\n<div><\/div>\n","protected":false},"excerpt":{"rendered":"<p>FABRIQUE TON CHAPELET \u2013 Et d\u00e9couvre la puissance de la pri\u00e8re du Rosaire ! Le chapelet est bien plus qu\u2019un simple bijou : c\u2019est un chemin de pri\u00e8re pour se [&hellip;]<\/p>\n","protected":false},"author":65,"featured_media":10948,"template":"","meta":{"_et_pb_use_builder":"","_et_pb_old_content":"","_et_gb_content_width":"","_tribe_events_status":"","_tribe_events_status_reason":"","footnotes":""},"tags":[],"tribe_events_cat":[],"class_list":["post-10951","tribe_events","type-tribe_events","status-publish","has-post-thumbnail","hentry"],"_links":{"self":[{"href":"https:\/\/catholiques17.fr\/jonzac\/wp-json\/wp\/v2\/tribe_events\/10951","targetHints":{"allow":["GET"]}}],"collection":[{"href":"https:\/\/catholiques17.fr\/jonzac\/wp-json\/wp\/v2\/tribe_events"}],"about":[{"href":"https:\/\/catholiques17.fr\/jonzac\/wp-json\/wp\/v2\/types\/tribe_events"}],"author":[{"embeddable":true,"href":"https:\/\/catholiques17.fr\/jonzac\/wp-json\/wp\/v2\/users\/65"}],"version-history":[{"count":1,"href":"https:\/\/catholiques17.fr\/jonzac\/wp-json\/wp\/v2\/tribe_events\/10951\/revisions"}],"predecessor-version":[{"id":10953,"href":"https:\/\/catholiques17.fr\/jonzac\/wp-json\/wp\/v2\/tribe_events\/10951\/revisions\/10953"}],"wp:featuredmedia":[{"embeddable":true,"href":"https:\/\/catholiques17.fr\/jonzac\/wp-json\/wp\/v2\/media\/10948"}],"wp:attachment":[{"href":"https:\/\/catholiques17.fr\/jonzac\/wp-json\/wp\/v2\/media?parent=10951"}],"wp:term":[{"taxonomy":"post_tag","embeddable":true,"href":"https:\/\/catholiques17.fr\/jonzac\/wp-json\/wp\/v2\/tags?post=10951"},{"taxonomy":"tribe_events_cat","embeddable":true,"href":"https:\/\/catholiques17.fr\/jonzac\/wp-json\/wp\/v2\/tribe_events_cat?post=10951"}],"curies":[{"name":"wp","href":"https:\/\/api.w.org\/{rel}","templated":true}]}}

<p>FABRIQUE TON CHAPELET – Et découvre la puissance de la prière du Rosaire !</p>
<p>Le chapelet est bien plus qu’un simple bijou : c’est un chemin de prière pour se confier à Marie et à Jésus, méditer leur vie et recevoir paix et force dans notre quotidien.</p>
<p>Viens participer à notre atelier fabrication de chapelet :<br />
• Apprends à créer ton propre chapelet, unique et personnel.<br />
• Découvre comment t’en servir pour prier et grandir dans ton amitié avec Marie et Jésus.<br />
• Plonge dans l’histoire fascinante du chapelet, transmis par la Vierge Marie à saint Dominique au XIIIᵉ siècle pour combattre le mal par la prière du Rosaire.</p>
<p>Rejoins-nous et découvre comment cette prière mariale peut transformer ta vie aujourd’hui !</p>
<p>Infos pratiques :<br />
&#8211; Le samedi 5 juillet de 9h30 à 12h30<br />
&#8211; ⁠dans les salles paroissiales de Jonzac.<br />
&#8211; ⁠plus d’infos au 06 80 65 32 49<br />
Atelier ouvert à tous, débutants bienvenus !</p>
<p>Tarif : 20 euros (matériel fourni)<br />
Le fonds reviennent entièrement aux sœurs pour l organisation du patronage d été</p>
<div></div>
<div></div>
<div></div>

<p>FABRIQUE TON CHAPELET – Et découvre la puissance de la prière du Rosaire ! Le chapelet est bien plus qu’un simple bijou : c’est un chemin de prière pour se [&hellip;]</p>
