{"id":10763,"date":"2025-06-07T15:20:22","date_gmt":"2025-06-07T13:20:22","guid":{"rendered":"https:\/\/catholiques17.fr\/jonzac\/?post_type=tribe_events&#038;p=10763"},"modified":"2025-06-07T15:21:31","modified_gmt":"2025-06-07T13:21:31","slug":"nuit-des-veilleurs-acat","status":"publish","type":"tribe_events","link":"https:\/\/catholiques17.fr\/jonzac\/event\/nuit-des-veilleurs-acat\/","title":{"rendered":"Nuit des Veilleurs ACAT"},"content":{"rendered":"<div id=\"post-39763\" class=\"post-39763 tribe_events type-tribe_events status-publish has-post-thumbnail hentry\">\n<div class=\"tribe-events-single-event-description tribe-events-content\">\n<h3 style=\"text-align: center\" align=\"left\">L\u2019ACAT Pays royannais (Action des Chr\u00e9tiens pour l\u2019Abolition de la Torture et de la peine de mort) vous invite le Dimanche 22 Juin, apr\u00e8s midi et soir\u00e9e,\u00a0salle de l\u2019\u00e9glise Notre Dame du Parc \u00e0 Royan<\/h3>\n<h4 style=\"text-align: center\" align=\"left\"><strong>\u00e0 15 heures\u00a0: Vivre en paix en IRAK<\/strong><\/h4>\n<p align=\"left\">Il y a 9 ans les communaut\u00e9s catholiques et protestantes cr\u00e9aient le Collectif d\u2019Accueil de R\u00e9fugi\u00e9s d\u2019Orient (CARO) rassemblant des personnes b\u00e9n\u00e9voles de diverses comp\u00e9tences pour accueillir une famille irakienne chr\u00e9tienne fuyant la pers\u00e9cution. Cette famille de 6 personnes dont 4 enfants de 4 \u00e0 16 ans a pu \u00eatre log\u00e9e, \u00e9quip\u00e9e, nourrie, scolaris\u00e9e et accompagn\u00e9e dans toutes ses d\u00e9marches (administratives, sociales, m\u00e9dicales) en vue de l\u2019insertion de chacun dans le pays royannais. Elle est aujourd\u2019hui bien autonome dans la cit\u00e9.<\/p>\n<p align=\"left\">Sur la situation en Irak aujourd\u2019hui nous vous proposons la projection\/d\u00e9bat du film\u00a0<i>\u00ab EN TOUTE LIBERTE \u00bb,\u00a0\u00a0<\/i>une fresque ambitieuse sur la r\u00e9conciliation des communaut\u00e9s dans ce pays.\u00a0Dans le nord de l\u2019Irak, la radio pour la paix- Radio Al Salam \u2013 \u00ab donne la voix \u00e0 ceux qui n\u2019en ont plus \u00bb gr\u00e2ce \u00e0 l\u2019initiative de 7 jeunes journalistes musulmans, chr\u00e9tiens et y\u00e9zidis.\u00a0Un t\u00e9moignage saisissant de la volont\u00e9 de vivre \u00e0 nouveau ensemble dans ce pays \u00e0 peine sortie d\u2019une guerre tellement d\u00e9vastatrice.\u00a0Le d\u00e9bat sera suivi d\u2019un pot fraternel<\/p>\n<h3 align=\"center\"><strong>de 18 heures\u00a0\u00e0 19 h : La NUIT DES VEILLEURS 2025<\/strong><\/h3>\n<p align=\"center\"><b>Une soir\u00e9e d\u2019information, de m\u00e9ditation, de pri\u00e8re et de chants\u00a0<\/b><b>sur le th\u00e8me de\u00a0<\/b><i><b>R\u00e9sister \u00e0 l\u2019indignit\u00e9<\/b><\/i><\/p>\n<p align=\"left\"><b>Une personne ne peut pas \u00eatre priv\u00e9e de sa dignit\u00e9, ni la perdre, puisque c\u2019est un acquis\u00a0<\/b><b>d\u00e9finitif re\u00e7u de Dieu. L\u2019\u00e9tat d\u2019indignit\u00e9 se caract\u00e9rise plut\u00f4t par une alt\u00e9ration plus ou moins grave de la perception de la dignit\u00e9, la sienne propre ou celle d\u2019autrui. Le combat de l\u2019ACAT nous confronte \u00e0 l\u2019indignit\u00e9 trop pr\u00e9sente dans notre monde.\u00a0<\/b><b>R\u00e9sister \u00e0 l\u2019indignit\u00e9, c\u2019est mettre en actes, en pri\u00e8res notre amour pour notre prochain, victime\u00a0<\/b><b>ou bourreau, c\u2019est croire en la fid\u00e9lit\u00e9 de Dieu offerte \u00e0 qui veut bien se laisser toucher par sa pr\u00e9sence.<\/b><\/p>\n<p align=\"center\"><i><b>Rejoignez la 20e \u00e9dition de cet \u00e9v\u00e9nement qui rassemble chr\u00e9tiens du monde entier et sympathisants de toutes g\u00e9n\u00e9rations engag\u00e9s dans la d\u00e9fense des droits humains. <\/b><\/i><\/p>\n<p align=\"center\"><b>\u00ab\u00a0Ensemble, portons la flamme de l\u2019esp\u00e9rance\u00a0\u00bb<\/b><\/p>\n<\/div>\n<div class=\"tribe-events tribe-common\">\n<div class=\"tribe-events-c-subscribe-dropdown__container\">\n<div class=\"tribe-events-c-subscribe-dropdown\">\n<div class=\"tribe-common-c-btn-border tribe-events-c-subscribe-dropdown__button\"><\/div>\n<\/div>\n<\/div>\n<\/div>\n<\/div>\n","protected":false},"excerpt":{"rendered":"<p>L\u2019ACAT Pays royannais (Action des Chr\u00e9tiens pour l\u2019Abolition de la Torture et de la peine de mort) vous invite le Dimanche 22 Juin, apr\u00e8s midi et soir\u00e9e,\u00a0salle de l\u2019\u00e9glise Notre [&hellip;]<\/p>\n","protected":false},"author":65,"featured_media":10764,"template":"","meta":{"_et_pb_use_builder":"","_et_pb_old_content":"","_et_gb_content_width":"","_tribe_events_status":"","_tribe_events_status_reason":"","footnotes":""},"tags":[],"tribe_events_cat":[],"class_list":["post-10763","tribe_events","type-tribe_events","status-publish","has-post-thumbnail","hentry"],"_links":{"self":[{"href":"https:\/\/catholiques17.fr\/jonzac\/wp-json\/wp\/v2\/tribe_events\/10763","targetHints":{"allow":["GET"]}}],"collection":[{"href":"https:\/\/catholiques17.fr\/jonzac\/wp-json\/wp\/v2\/tribe_events"}],"about":[{"href":"https:\/\/catholiques17.fr\/jonzac\/wp-json\/wp\/v2\/types\/tribe_events"}],"author":[{"embeddable":true,"href":"https:\/\/catholiques17.fr\/jonzac\/wp-json\/wp\/v2\/users\/65"}],"version-history":[{"count":1,"href":"https:\/\/catholiques17.fr\/jonzac\/wp-json\/wp\/v2\/tribe_events\/10763\/revisions"}],"predecessor-version":[{"id":10766,"href":"https:\/\/catholiques17.fr\/jonzac\/wp-json\/wp\/v2\/tribe_events\/10763\/revisions\/10766"}],"wp:featuredmedia":[{"embeddable":true,"href":"https:\/\/catholiques17.fr\/jonzac\/wp-json\/wp\/v2\/media\/10764"}],"wp:attachment":[{"href":"https:\/\/catholiques17.fr\/jonzac\/wp-json\/wp\/v2\/media?parent=10763"}],"wp:term":[{"taxonomy":"post_tag","embeddable":true,"href":"https:\/\/catholiques17.fr\/jonzac\/wp-json\/wp\/v2\/tags?post=10763"},{"taxonomy":"tribe_events_cat","embeddable":true,"href":"https:\/\/catholiques17.fr\/jonzac\/wp-json\/wp\/v2\/tribe_events_cat?post=10763"}],"curies":[{"name":"wp","href":"https:\/\/api.w.org\/{rel}","templated":true}]}}

<div id="post-39763" class="post-39763 tribe_events type-tribe_events status-publish has-post-thumbnail hentry">
<div class="tribe-events-single-event-description tribe-events-content">
<h3 style="text-align: center" align="left">L’ACAT Pays royannais (Action des Chrétiens pour l’Abolition de la Torture et de la peine de mort) vous invite le Dimanche 22 Juin, après midi et soirée, salle de l’église Notre Dame du Parc à Royan</h3>
<h4 style="text-align: center" align="left"><strong>à 15 heures : Vivre en paix en IRAK</strong></h4>
<p align="left">Il y a 9 ans les communautés catholiques et protestantes créaient le Collectif d’Accueil de Réfugiés d’Orient (CARO) rassemblant des personnes bénévoles de diverses compétences pour accueillir une famille irakienne chrétienne fuyant la persécution. Cette famille de 6 personnes dont 4 enfants de 4 à 16 ans a pu être logée, équipée, nourrie, scolarisée et accompagnée dans toutes ses démarches (administratives, sociales, médicales) en vue de l’insertion de chacun dans le pays royannais. Elle est aujourd’hui bien autonome dans la cité.</p>
<p align="left">Sur la situation en Irak aujourd’hui nous vous proposons la projection/débat du film <i>« EN TOUTE LIBERTE »,  </i>une fresque ambitieuse sur la réconciliation des communautés dans ce pays. Dans le nord de l’Irak, la radio pour la paix- Radio Al Salam – « donne la voix à ceux qui n’en ont plus » grâce à l’initiative de 7 jeunes journalistes musulmans, chrétiens et yézidis. Un témoignage saisissant de la volonté de vivre à nouveau ensemble dans ce pays à peine sortie d’une guerre tellement dévastatrice. Le débat sera suivi d’un pot fraternel</p>
<h3 align="center"><strong>de 18 heures à 19 h : La NUIT DES VEILLEURS 2025</strong></h3>
<p align="center"><b>Une soirée d’information, de méditation, de prière et de chants </b><b>sur le thème de </b><i><b>Résister à l’indignité</b></i></p>
<p align="left"><b>Une personne ne peut pas être privée de sa dignité, ni la perdre, puisque c’est un acquis </b><b>définitif reçu de Dieu. L’état d’indignité se caractérise plutôt par une altération plus ou moins grave de la perception de la dignité, la sienne propre ou celle d’autrui. Le combat de l’ACAT nous confronte à l’indignité trop présente dans notre monde. </b><b>Résister à l’indignité, c’est mettre en actes, en prières notre amour pour notre prochain, victime </b><b>ou bourreau, c’est croire en la fidélité de Dieu offerte à qui veut bien se laisser toucher par sa présence.</b></p>
<p align="center"><i><b>Rejoignez la 20e édition de cet événement qui rassemble chrétiens du monde entier et sympathisants de toutes générations engagés dans la défense des droits humains. </b></i></p>
<p align="center"><b>« Ensemble, portons la flamme de l’espérance »</b></p>
</div>
<div class="tribe-events tribe-common">
<div class="tribe-events-c-subscribe-dropdown__container">
<div class="tribe-events-c-subscribe-dropdown">
<div class="tribe-common-c-btn-border tribe-events-c-subscribe-dropdown__button"></div>
</div>
</div>
</div>
</div>

<p>L’ACAT Pays royannais (Action des Chrétiens pour l’Abolition de la Torture et de la peine de mort) vous invite le Dimanche 22 Juin, après midi et soirée, salle de l’église Notre [&hellip;]</p>
