{"id":10754,"date":"2025-06-07T15:11:43","date_gmt":"2025-06-07T13:11:43","guid":{"rendered":"https:\/\/catholiques17.fr\/jonzac\/?post_type=tribe_events&#038;p=10754"},"modified":"2025-06-07T15:13:05","modified_gmt":"2025-06-07T13:13:05","slug":"semaine-cana-pour-les-couples","status":"publish","type":"tribe_events","link":"https:\/\/catholiques17.fr\/jonzac\/event\/semaine-cana-pour-les-couples\/","title":{"rendered":"Semaine Cana pour les Couples"},"content":{"rendered":"<p>Dans le cadre magnifique de l\u2019abbaye de <a href=\"https:\/\/sablonceaux.chemin-neuf.fr\/\" target=\"_blank\" rel=\"noreferrer noopener\">Sablonceaux<\/a>, cette semaine CANA accueille tous les couples quelle que soit leur situation\u00a0: mari\u00e9s ou non, de toutes confessions chr\u00e9tiennes, proches ou loin de la foi, en harmonie ou traversant une difficult\u00e9.<\/p>\n<p>Une semaine pour :<\/p>\n<ul class=\"wp-block-list\">\n<li>Prendre le temps de se retrouver et de relire notre engagement<\/li>\n<li>Echanger sur des questions de notre vie de couple telles que la communication, le pardon, la sexualit\u00e9<\/li>\n<li>Approfondir la v\u00e9rit\u00e9 et le pardon dans notre vie conjugale<\/li>\n<li>Partager avec d\u2019autres les difficult\u00e9s et les joies de la vie \u00e0 deux<\/li>\n<li>Savourer des moments de d\u00e9tente et de convivialit\u00e9<\/li>\n<li>Prier, d\u00e9couvrir que Dieu agit dans notre couple<\/li>\n<li>Approfondir notre relation de couple et red\u00e9couvrir l\u2019essentiel de notre vie conjugale<\/li>\n<li>Repartir regonfl\u00e9s de d\u00e9sir et d\u2019Esprit Saint<\/li>\n<\/ul>\n","protected":false},"excerpt":{"rendered":"<p>Dans le cadre magnifique de l\u2019abbaye de Sablonceaux, cette semaine CANA accueille tous les couples quelle que soit leur situation\u00a0: mari\u00e9s ou non, de toutes confessions chr\u00e9tiennes, proches ou loin [&hellip;]<\/p>\n","protected":false},"author":65,"featured_media":10755,"template":"","meta":{"_et_pb_use_builder":"","_et_pb_old_content":"","_et_gb_content_width":"","_tribe_events_status":"","_tribe_events_status_reason":"","footnotes":""},"tags":[],"tribe_events_cat":[],"class_list":["post-10754","tribe_events","type-tribe_events","status-publish","has-post-thumbnail","hentry"],"_links":{"self":[{"href":"https:\/\/catholiques17.fr\/jonzac\/wp-json\/wp\/v2\/tribe_events\/10754","targetHints":{"allow":["GET"]}}],"collection":[{"href":"https:\/\/catholiques17.fr\/jonzac\/wp-json\/wp\/v2\/tribe_events"}],"about":[{"href":"https:\/\/catholiques17.fr\/jonzac\/wp-json\/wp\/v2\/types\/tribe_events"}],"author":[{"embeddable":true,"href":"https:\/\/catholiques17.fr\/jonzac\/wp-json\/wp\/v2\/users\/65"}],"version-history":[{"count":2,"href":"https:\/\/catholiques17.fr\/jonzac\/wp-json\/wp\/v2\/tribe_events\/10754\/revisions"}],"predecessor-version":[{"id":10758,"href":"https:\/\/catholiques17.fr\/jonzac\/wp-json\/wp\/v2\/tribe_events\/10754\/revisions\/10758"}],"wp:featuredmedia":[{"embeddable":true,"href":"https:\/\/catholiques17.fr\/jonzac\/wp-json\/wp\/v2\/media\/10755"}],"wp:attachment":[{"href":"https:\/\/catholiques17.fr\/jonzac\/wp-json\/wp\/v2\/media?parent=10754"}],"wp:term":[{"taxonomy":"post_tag","embeddable":true,"href":"https:\/\/catholiques17.fr\/jonzac\/wp-json\/wp\/v2\/tags?post=10754"},{"taxonomy":"tribe_events_cat","embeddable":true,"href":"https:\/\/catholiques17.fr\/jonzac\/wp-json\/wp\/v2\/tribe_events_cat?post=10754"}],"curies":[{"name":"wp","href":"https:\/\/api.w.org\/{rel}","templated":true}]}}

<p>Dans le cadre magnifique de l’abbaye de <a href="https://sablonceaux.chemin-neuf.fr/" target="_blank" rel="noreferrer noopener">Sablonceaux</a>, cette semaine CANA accueille tous les couples quelle que soit leur situation : mariés ou non, de toutes confessions chrétiennes, proches ou loin de la foi, en harmonie ou traversant une difficulté.</p>
<p>Une semaine pour :</p>
<ul class="wp-block-list">
<li>Prendre le temps de se retrouver et de relire notre engagement</li>
<li>Echanger sur des questions de notre vie de couple telles que la communication, le pardon, la sexualité</li>
<li>Approfondir la vérité et le pardon dans notre vie conjugale</li>
<li>Partager avec d’autres les difficultés et les joies de la vie à deux</li>
<li>Savourer des moments de détente et de convivialité</li>
<li>Prier, découvrir que Dieu agit dans notre couple</li>
<li>Approfondir notre relation de couple et redécouvrir l’essentiel de notre vie conjugale</li>
<li>Repartir regonflés de désir et d’Esprit Saint</li>
</ul>

<p>Dans le cadre magnifique de l’abbaye de Sablonceaux, cette semaine CANA accueille tous les couples quelle que soit leur situation : mariés ou non, de toutes confessions chrétiennes, proches ou loin [&hellip;]</p>
