{"id":10728,"date":"2025-06-04T14:18:19","date_gmt":"2025-06-04T12:18:19","guid":{"rendered":"https:\/\/catholiques17.fr\/jonzac\/?post_type=tribe_events&#038;p=10728"},"modified":"2025-06-23T16:10:11","modified_gmt":"2025-06-23T14:10:11","slug":"reunion-conviviale-de-presentation-du-patronage","status":"publish","type":"tribe_events","link":"https:\/\/catholiques17.fr\/jonzac\/event\/reunion-conviviale-de-presentation-du-patronage\/","title":{"rendered":"Patronage d&rsquo;\u00e9t\u00e9"},"content":{"rendered":"<p>[et_pb_section fb_built=\u00a0\u00bb1&Prime; admin_label=\u00a0\u00bbsection\u00a0\u00bb _builder_version=\u00a0\u00bb4.16&Prime; global_colors_info=\u00a0\u00bb{}\u00a0\u00bb][et_pb_row admin_label=\u00a0\u00bbrow\u00a0\u00bb _builder_version=\u00a0\u00bb4.16&Prime; background_size=\u00a0\u00bbinitial\u00a0\u00bb background_position=\u00a0\u00bbtop_left\u00a0\u00bb background_repeat=\u00a0\u00bbrepeat\u00a0\u00bb global_colors_info=\u00a0\u00bb{}\u00a0\u00bb][et_pb_column type=\u00a0\u00bb4_4&Prime; _builder_version=\u00a0\u00bb4.16&Prime; custom_padding=\u00a0\u00bb|||\u00a0\u00bb global_colors_info=\u00a0\u00bb{}\u00a0\u00bb custom_padding__hover=\u00a0\u00bb|||\u00a0\u00bb][et_pb_text admin_label=\u00a0\u00bbText\u00a0\u00bb _builder_version=\u00a0\u00bb4.27.4&Prime; background_size=\u00a0\u00bbinitial\u00a0\u00bb background_position=\u00a0\u00bbtop_left\u00a0\u00bb background_repeat=\u00a0\u00bbrepeat\u00a0\u00bb hover_enabled=\u00a0\u00bb0&Prime; global_colors_info=\u00a0\u00bb{}\u00a0\u00bb sticky_enabled=\u00a0\u00bb0&Prime;]<\/p>\n<p>Ch\u00e8res familles, voici le dossier d&rsquo;inscription au patronage<br \/>\nPour les enfants allant \u00e0 Lourdes : Confirmez votre participation aujourd&rsquo;hui via WhatsApp. D\u00e9posez le dossier et le paiement avant le 20 juin.<br \/>\nPour les autres enfants : D\u00e9posez le dossier et le paiement au plus tard le 30 juin.<br \/>\nEnvoi par email : Vous pouvez envoyer le dossier \u00e0 <a href=\"mailto:m.gratiaplena@servidoras.org\">m.gratiaplena@servidoras.org<\/a><\/p>\n<div><\/div>\n<p><a href=\"https:\/\/catholiques17.fr\/jonzac\/wp-content\/uploads\/sites\/39\/2025\/06\/Dossier-dinscription-patronage-2025-JONZAC-1.pdf\">Dossier d&rsquo;inscription au patronage et au voyage \u00e0 Lourdes<\/a><\/p>\n<p>[\/et_pb_text][\/et_pb_column][\/et_pb_row][\/et_pb_section]<\/p>\n","protected":false},"excerpt":{"rendered":"<p>Ch\u00e8res familles, voici le dossier d&rsquo;inscription au patronage Pour les enfants allant \u00e0 Lourdes : Confirmez votre participation aujourd&rsquo;hui via WhatsApp. D\u00e9posez le dossier et le paiement avant le 20 [&hellip;]<\/p>\n","protected":false},"author":65,"featured_media":10725,"template":"","meta":{"_et_pb_use_builder":"on","_et_pb_old_content":"<a href=\"https:\/\/catholiques17.fr\/jonzac\/wp-content\/uploads\/sites\/39\/2025\/06\/Dossier-dinscription-patronage-2025-JONZAC-1.pdf\">https:\/\/catholiques17.fr\/jonzac\/wp-content\/uploads\/sites\/39\/2025\/06\/Dossier-dinscription-patronage-2025-JONZAC-1.pdf<\/a>","_et_gb_content_width":"","_tribe_events_status":"","_tribe_events_status_reason":"","footnotes":""},"tags":[],"tribe_events_cat":[],"class_list":["post-10728","tribe_events","type-tribe_events","status-publish","has-post-thumbnail","hentry"],"_links":{"self":[{"href":"https:\/\/catholiques17.fr\/jonzac\/wp-json\/wp\/v2\/tribe_events\/10728","targetHints":{"allow":["GET"]}}],"collection":[{"href":"https:\/\/catholiques17.fr\/jonzac\/wp-json\/wp\/v2\/tribe_events"}],"about":[{"href":"https:\/\/catholiques17.fr\/jonzac\/wp-json\/wp\/v2\/types\/tribe_events"}],"author":[{"embeddable":true,"href":"https:\/\/catholiques17.fr\/jonzac\/wp-json\/wp\/v2\/users\/65"}],"version-history":[{"count":11,"href":"https:\/\/catholiques17.fr\/jonzac\/wp-json\/wp\/v2\/tribe_events\/10728\/revisions"}],"predecessor-version":[{"id":10984,"href":"https:\/\/catholiques17.fr\/jonzac\/wp-json\/wp\/v2\/tribe_events\/10728\/revisions\/10984"}],"wp:featuredmedia":[{"embeddable":true,"href":"https:\/\/catholiques17.fr\/jonzac\/wp-json\/wp\/v2\/media\/10725"}],"wp:attachment":[{"href":"https:\/\/catholiques17.fr\/jonzac\/wp-json\/wp\/v2\/media?parent=10728"}],"wp:term":[{"taxonomy":"post_tag","embeddable":true,"href":"https:\/\/catholiques17.fr\/jonzac\/wp-json\/wp\/v2\/tags?post=10728"},{"taxonomy":"tribe_events_cat","embeddable":true,"href":"https:\/\/catholiques17.fr\/jonzac\/wp-json\/wp\/v2\/tribe_events_cat?post=10728"}],"curies":[{"name":"wp","href":"https:\/\/api.w.org\/{rel}","templated":true}]}}

Patronage d&rsquo;été

<p>[et_pb_section fb_built= »1&Prime; admin_label= »section » _builder_version= »4.16&Prime; global_colors_info= »{} »][et_pb_row admin_label= »row » _builder_version= »4.16&Prime; background_size= »initial » background_position= »top_left » background_repeat= »repeat » global_colors_info= »{} »][et_pb_column type= »4_4&Prime; _builder_version= »4.16&Prime; custom_padding= »||| » global_colors_info= »{} » custom_padding__hover= »||| »][et_pb_text admin_label= »Text » _builder_version= »4.27.4&Prime; background_size= »initial » background_position= »top_left » background_repeat= »repeat » hover_enabled= »0&Prime; global_colors_info= »{} » sticky_enabled= »0&Prime;]</p>
<p>Chères familles, voici le dossier d&rsquo;inscription au patronage<br />
Pour les enfants allant à Lourdes : Confirmez votre participation aujourd&rsquo;hui via WhatsApp. Déposez le dossier et le paiement avant le 20 juin.<br />
Pour les autres enfants : Déposez le dossier et le paiement au plus tard le 30 juin.<br />
Envoi par email : Vous pouvez envoyer le dossier à <a href="mailto:m.gratiaplena@servidoras.org">m.gratiaplena@servidoras.org</a></p>
<div></div>
<p><a href="https://catholiques17.fr/jonzac/wp-content/uploads/sites/39/2025/06/Dossier-dinscription-patronage-2025-JONZAC-1.pdf">Dossier d&rsquo;inscription au patronage et au voyage à Lourdes</a></p>
<p>[/et_pb_text][/et_pb_column][/et_pb_row][/et_pb_section]</p>

<p>Chères familles, voici le dossier d&rsquo;inscription au patronage Pour les enfants allant à Lourdes : Confirmez votre participation aujourd&rsquo;hui via WhatsApp. Déposez le dossier et le paiement avant le 20 [&hellip;]</p>
