{"id":10660,"date":"2025-06-02T15:54:20","date_gmt":"2025-06-02T13:54:20","guid":{"rendered":"https:\/\/catholiques17.fr\/jonzac\/?post_type=tribe_events&#038;p=10660"},"modified":"2025-06-02T15:54:46","modified_gmt":"2025-06-02T13:54:46","slug":"ordination-de-giacomo-liporesi-et-samuel-labossiere","status":"publish","type":"tribe_events","link":"https:\/\/catholiques17.fr\/jonzac\/event\/ordination-de-giacomo-liporesi-et-samuel-labossiere\/","title":{"rendered":"Ordination de Giacomo Liporesi et Samuel Labossi\u00e8re"},"content":{"rendered":"<div class=\"et_pb_module et_pb_post_content et_pb_post_content_0_tb_body\">\n<div class=\"et-l et-l--post\">\n<div class=\"et_builder_inner_content et_pb_gutters3\">\n<div class=\"et_pb_section et_pb_section_0 et_section_regular\">\n<div class=\"et_pb_row et_pb_row_0\">\n<div class=\"et_pb_column et_pb_column_4_4 et_pb_column_0 et_pb_css_mix_blend_mode_passthrough et-last-child\">\n<div class=\"et_pb_module et_pb_text et_pb_text_0 et_pb_text_align_left et_pb_bg_layout_light\">\n<div class=\"et_pb_text_inner\">\n<p>Pour l\u2019annonce de l\u2019Evangile et le service de l\u2019Eglise,<\/p>\n<p>par l\u2019imposition des mains et le don de l\u2019Esprit Saint<\/p>\n<p>Mgr Fran\u00e7ois Jacolin<\/p>\n<p>ordonnera Giacomo Liporesi et Samuel Labossi\u00e8re<\/p>\n<p>Le samedi 5 juillet 2025 \u00e0 10h00<\/p>\n<p>\u00e0 la Cath\u00e9drale Saint Louis de La Rochelle<\/p>\n<p>L\u2019Abb\u00e9 Giacomo Liporesi pr\u00e9sidera pour la premi\u00e8re fois la messe \u00e0 l\u2019Abbaye aux Dames de Saintes le dimanche 6 juillet \u00e0 10h30<\/p>\n<p>\u00e0 la Cath\u00e9drale Saint Louis de La Rochelle le lundi 7 juillet \u00e0 18h30<\/p>\n<p>au monast\u00e8re Sainte Jeanne d\u2019Arc de Nieul sur mer le mardi 8 juillet \u00e0 9h00<\/p>\n<p>au sanctuaire de Port des Barques le mercredi 9 juillet \u00e0 18h00<\/p>\n<\/div>\n<\/div>\n<\/div>\n<\/div>\n<div class=\"et_pb_row et_pb_row_1\">\n<div class=\"et_pb_column et_pb_column_4_4 et_pb_column_1 et_pb_css_mix_blend_mode_passthrough et-last-child\">\n<div class=\"et_pb_module et_pb_image et_pb_image_0\"><span class=\"et_pb_image_wrap \"><img loading=\"lazy\" decoding=\"async\" class=\"wp-image-9406\" title=\"Giacomo Liporesi\" src=\"https:\/\/catholiques17.fr\/jonzac\/wp-content\/uploads\/sites\/39\/2024\/12\/Giacomo-Liporesi-rotated.jpg\" alt=\"\" width=\"271\" height=\"247\" \/><\/span><\/div>\n<\/div>\n<\/div>\n<\/div>\n<\/div>\n<\/div>\n<\/div>\n","protected":false},"excerpt":{"rendered":"<p>Pour l\u2019annonce de l\u2019Evangile et le service de l\u2019Eglise, par l\u2019imposition des mains et le don de l\u2019Esprit Saint Mgr Fran\u00e7ois Jacolin ordonnera Giacomo Liporesi et Samuel Labossi\u00e8re Le samedi [&hellip;]<\/p>\n","protected":false},"author":65,"featured_media":10653,"template":"","meta":{"_et_pb_use_builder":"","_et_pb_old_content":"","_et_gb_content_width":"","_tribe_events_status":"","_tribe_events_status_reason":"","footnotes":""},"tags":[],"tribe_events_cat":[39,26],"class_list":["post-10660","tribe_events","type-tribe_events","status-publish","has-post-thumbnail","hentry","tribe_events_cat-diocese","tribe_events_cat-messe","cat_diocese","cat_messe"],"_links":{"self":[{"href":"https:\/\/catholiques17.fr\/jonzac\/wp-json\/wp\/v2\/tribe_events\/10660","targetHints":{"allow":["GET"]}}],"collection":[{"href":"https:\/\/catholiques17.fr\/jonzac\/wp-json\/wp\/v2\/tribe_events"}],"about":[{"href":"https:\/\/catholiques17.fr\/jonzac\/wp-json\/wp\/v2\/types\/tribe_events"}],"author":[{"embeddable":true,"href":"https:\/\/catholiques17.fr\/jonzac\/wp-json\/wp\/v2\/users\/65"}],"version-history":[{"count":1,"href":"https:\/\/catholiques17.fr\/jonzac\/wp-json\/wp\/v2\/tribe_events\/10660\/revisions"}],"predecessor-version":[{"id":10662,"href":"https:\/\/catholiques17.fr\/jonzac\/wp-json\/wp\/v2\/tribe_events\/10660\/revisions\/10662"}],"wp:featuredmedia":[{"embeddable":true,"href":"https:\/\/catholiques17.fr\/jonzac\/wp-json\/wp\/v2\/media\/10653"}],"wp:attachment":[{"href":"https:\/\/catholiques17.fr\/jonzac\/wp-json\/wp\/v2\/media?parent=10660"}],"wp:term":[{"taxonomy":"post_tag","embeddable":true,"href":"https:\/\/catholiques17.fr\/jonzac\/wp-json\/wp\/v2\/tags?post=10660"},{"taxonomy":"tribe_events_cat","embeddable":true,"href":"https:\/\/catholiques17.fr\/jonzac\/wp-json\/wp\/v2\/tribe_events_cat?post=10660"}],"curies":[{"name":"wp","href":"https:\/\/api.w.org\/{rel}","templated":true}]}}

Ordination de Giacomo Liporesi et Samuel Labossière

<div class="et_pb_module et_pb_post_content et_pb_post_content_0_tb_body">
<div class="et-l et-l--post">
<div class="et_builder_inner_content et_pb_gutters3">
<div class="et_pb_section et_pb_section_0 et_section_regular">
<div class="et_pb_row et_pb_row_0">
<div class="et_pb_column et_pb_column_4_4 et_pb_column_0 et_pb_css_mix_blend_mode_passthrough et-last-child">
<div class="et_pb_module et_pb_text et_pb_text_0 et_pb_text_align_left et_pb_bg_layout_light">
<div class="et_pb_text_inner">
<p>Pour l’annonce de l’Evangile et le service de l’Eglise,</p>
<p>par l’imposition des mains et le don de l’Esprit Saint</p>
<p>Mgr François Jacolin</p>
<p>ordonnera Giacomo Liporesi et Samuel Labossière</p>
<p>Le samedi 5 juillet 2025 à 10h00</p>
<p>à la Cathédrale Saint Louis de La Rochelle</p>
<p>L’Abbé Giacomo Liporesi présidera pour la première fois la messe à l’Abbaye aux Dames de Saintes le dimanche 6 juillet à 10h30</p>
<p>à la Cathédrale Saint Louis de La Rochelle le lundi 7 juillet à 18h30</p>
<p>au monastère Sainte Jeanne d’Arc de Nieul sur mer le mardi 8 juillet à 9h00</p>
<p>au sanctuaire de Port des Barques le mercredi 9 juillet à 18h00</p>
</div>
</div>
</div>
</div>
<div class="et_pb_row et_pb_row_1">
<div class="et_pb_column et_pb_column_4_4 et_pb_column_1 et_pb_css_mix_blend_mode_passthrough et-last-child">
<div class="et_pb_module et_pb_image et_pb_image_0"><span class="et_pb_image_wrap "><img loading="lazy" decoding="async" class="wp-image-9406" title="Giacomo Liporesi" src="https://catholiques17.fr/jonzac/wp-content/uploads/sites/39/2024/12/Giacomo-Liporesi-rotated.jpg" alt="" width="271" height="247" /></span></div>
</div>
</div>
</div>
</div>
</div>
</div>

<p>Pour l’annonce de l’Evangile et le service de l’Eglise, par l’imposition des mains et le don de l’Esprit Saint Mgr François Jacolin ordonnera Giacomo Liporesi et Samuel Labossière Le samedi [&hellip;]</p>
