{"id":10634,"date":"2025-06-02T14:29:05","date_gmt":"2025-06-02T12:29:05","guid":{"rendered":"https:\/\/catholiques17.fr\/jonzac\/?post_type=tribe_events&#038;p=10634"},"modified":"2025-06-17T17:39:21","modified_gmt":"2025-06-17T15:39:21","slug":"premiere-des-communions-pour-les-enfants-du-kt","status":"publish","type":"tribe_events","link":"https:\/\/catholiques17.fr\/jonzac\/event\/premiere-des-communions-pour-les-enfants-du-kt\/","title":{"rendered":"Premi\u00e8re des communions pour les enfants du KT"},"content":{"rendered":"<p>Dimanche 22 juin \u00e0 11h \u00e0 l&rsquo;\u00e9glise de Jonzac, les enfants du KT qui se sont pr\u00e9par\u00e9s \u00e0 recevoir ce sacrement vont communier pour la premi\u00e8re fois. Venez les entourer de vos pri\u00e8res et vous r\u00e9jouir avec eux !<\/p>\n<div class=\"moz-text-html\" lang=\"x-unicode\">\n<div id=\"edo-message\">\n<div>\n<div><\/div>\n<div><\/div>\n<p>ANNONCES POUR LES PREMI\u00c8RES COMMUNIONS Tr\u00e8s chers parents,<br \/>\nJ\u2019esp\u00e8re que vous allez bien. Je vous \u00e9cris ce petit message \u00e0 l\u2019intention de toutes les familles concern\u00e9es par la c\u00e9l\u00e9bration des premi\u00e8res communions de ce dimanche \u00e0 Jonzac, afin de vous transmettre les informations importantes :<br \/>\n\ud83d\udccd 1. Horaires et d\u00e9roulement du dimanche 22 juin<br \/>\n\u2022 Rendez-vous \u00e0 10h \u00e0 l\u2019\u00e9glise de Jonzac pour une courte r\u00e9p\u00e9tition avec les enfants.<br \/>\n\u2022 \u00c0 10h30, nous partirons vers la salle paroissiale pour d\u00e9marrer la procession avec le Saint-Sacrement, Il est tr\u00e8s important que tous les enfants et leurs parents soient pr\u00e9sents pour cette procession, qui nous permet d\u2019accompagner solennellement le Seigneur jusqu\u2019\u00e0 l\u2019\u00e9glise.<br \/>\n\u2022 La messe de premi\u00e8re communion commencera \u00e0 11h, toujours \u00e0 l\u2019\u00e9glise de Jonzac.<br \/>\n2. Participation aux frais<br \/>\nComme la S\u0153ur vous l\u2019a probablement d\u00e9j\u00e0 indiqu\u00e9, nous vous demandons une participation de 25 \u20ac par enfant. Cela servira \u00e0 financer :<br \/>\n\u2022 Le chapelet souvenir offert aux enfants,<br \/>\n\u2022 Et la d\u00e9coration florale de l\u2019\u00e9glise.<br \/>\nMerci d\u2019avance pour votre g\u00e9n\u00e9rosit\u00e9.<br \/>\n\ud83d\udcf8 3. Photos<br \/>\nUne personne mandat\u00e9e par la paroisse prendra des photos durant la c\u00e9l\u00e9bration.<br \/>\nCes photos vous seront ensuite transmises pour que vous puissiez les t\u00e9l\u00e9charger librement. Afin de pr\u00e9server le recueillement de la messe et d\u2019\u00e9viter les d\u00e9placements inutiles, merci de ne pas prendre de photos pendant la c\u00e9l\u00e9bration.<br \/>\n\u26ea 4. Acc\u00e8s \u00e0 l\u2019\u00e9glise<br \/>\nLa messe r\u00e9unira de nombreuses familles. Nous vous encourageons donc \u00e0 venir en avance.<br \/>\nUn emplacement r\u00e9serv\u00e9 sera pr\u00e9vu \u00e0 l\u2019int\u00e9rieur de l\u2019\u00e9glise pour :<br \/>\n\u2022 Le papa et la maman de chaque enfant,<br \/>\n\u2022 Et quelques membres de la famille proche.<br \/>\n\ud83d\udc55 5. Tenue vestimentaire des enfants<br \/>\nLa premi\u00e8re communion est un moment sacr\u00e9 et inoubliable dans la vie d\u2019un enfant.<br \/>\nMerci de veiller \u00e0 ce que les enfants soient v\u00eatus avec simplicit\u00e9, \u00e9l\u00e9gance et respect, en accord avec la solennit\u00e9 de cette belle c\u00e9l\u00e9bration.<br \/>\n\ud83d\udcf7 6. Photo de groupe<br \/>\n\u00c0 la fin de la messe, nous prendrons :<br \/>\n\u2022 Une photo de groupe dans le ch\u0153ur de l\u2019\u00e9glise,<br \/>\n\u2022 Puis une autre sur le parvis, devant l\u2019\u00e9glise.<br \/>\nJe vous remercie d\u2019avance pour votre collaboration et votre pr\u00e9sence active.<br \/>\n\ud83d\ude4f Je vous joins \u00e9galement les affiches pour les confirmations et les premi\u00e8res communions de ce week-end : n\u2019h\u00e9sitez pas \u00e0 les partager largement autour de vous !<br \/>\nAu plaisir de vous retrouver ce dimanche pour cette grande joie que vivront vos enfants.<br \/>\nBelle journ\u00e9e \u00e0 vous,<br \/>\nP. Anthony<\/p>\n<div><\/div>\n<div><\/div>\n<div><\/div>\n<div id=\"edo-signature\"><\/div>\n<\/div>\n<\/div>\n<\/div>\n","protected":false},"excerpt":{"rendered":"<p>Dimanche 22 juin \u00e0 11h \u00e0 l&rsquo;\u00e9glise de Jonzac, les enfants du KT qui se sont pr\u00e9par\u00e9s \u00e0 recevoir ce sacrement vont communier pour la premi\u00e8re fois. Venez les entourer [&hellip;]<\/p>\n","protected":false},"author":65,"featured_media":8051,"template":"","meta":{"_et_pb_use_builder":"","_et_pb_old_content":"","_et_gb_content_width":"","_tribe_events_status":"","_tribe_events_status_reason":"","footnotes":""},"tags":[],"tribe_events_cat":[36,26,35],"class_list":["post-10634","tribe_events","type-tribe_events","status-publish","has-post-thumbnail","hentry","tribe_events_cat-catechisme","tribe_events_cat-messe","tribe_events_cat-paroisse","cat_catechisme","cat_messe","cat_paroisse"],"_links":{"self":[{"href":"https:\/\/catholiques17.fr\/jonzac\/wp-json\/wp\/v2\/tribe_events\/10634","targetHints":{"allow":["GET"]}}],"collection":[{"href":"https:\/\/catholiques17.fr\/jonzac\/wp-json\/wp\/v2\/tribe_events"}],"about":[{"href":"https:\/\/catholiques17.fr\/jonzac\/wp-json\/wp\/v2\/types\/tribe_events"}],"author":[{"embeddable":true,"href":"https:\/\/catholiques17.fr\/jonzac\/wp-json\/wp\/v2\/users\/65"}],"version-history":[{"count":3,"href":"https:\/\/catholiques17.fr\/jonzac\/wp-json\/wp\/v2\/tribe_events\/10634\/revisions"}],"predecessor-version":[{"id":10928,"href":"https:\/\/catholiques17.fr\/jonzac\/wp-json\/wp\/v2\/tribe_events\/10634\/revisions\/10928"}],"wp:featuredmedia":[{"embeddable":true,"href":"https:\/\/catholiques17.fr\/jonzac\/wp-json\/wp\/v2\/media\/8051"}],"wp:attachment":[{"href":"https:\/\/catholiques17.fr\/jonzac\/wp-json\/wp\/v2\/media?parent=10634"}],"wp:term":[{"taxonomy":"post_tag","embeddable":true,"href":"https:\/\/catholiques17.fr\/jonzac\/wp-json\/wp\/v2\/tags?post=10634"},{"taxonomy":"tribe_events_cat","embeddable":true,"href":"https:\/\/catholiques17.fr\/jonzac\/wp-json\/wp\/v2\/tribe_events_cat?post=10634"}],"curies":[{"name":"wp","href":"https:\/\/api.w.org\/{rel}","templated":true}]}}

Première des communions pour les enfants du KT

<p>Dimanche 22 juin à 11h à l&rsquo;église de Jonzac, les enfants du KT qui se sont préparés à recevoir ce sacrement vont communier pour la première fois. Venez les entourer de vos prières et vous réjouir avec eux !</p>
<div class="moz-text-html" lang="x-unicode">
<div id="edo-message">
<div>
<div></div>
<div></div>
<p>ANNONCES POUR LES PREMIÈRES COMMUNIONS Très chers parents,<br />
J’espère que vous allez bien. Je vous écris ce petit message à l’intention de toutes les familles concernées par la célébration des premières communions de ce dimanche à Jonzac, afin de vous transmettre les informations importantes :<br />
📍 1. Horaires et déroulement du dimanche 22 juin<br />
• Rendez-vous à 10h à l’église de Jonzac pour une courte répétition avec les enfants.<br />
• À 10h30, nous partirons vers la salle paroissiale pour démarrer la procession avec le Saint-Sacrement, Il est très important que tous les enfants et leurs parents soient présents pour cette procession, qui nous permet d’accompagner solennellement le Seigneur jusqu’à l’église.<br />
• La messe de première communion commencera à 11h, toujours à l’église de Jonzac.<br />
2. Participation aux frais<br />
Comme la Sœur vous l’a probablement déjà indiqué, nous vous demandons une participation de 25 € par enfant. Cela servira à financer :<br />
• Le chapelet souvenir offert aux enfants,<br />
• Et la décoration florale de l’église.<br />
Merci d’avance pour votre générosité.<br />
📸 3. Photos<br />
Une personne mandatée par la paroisse prendra des photos durant la célébration.<br />
Ces photos vous seront ensuite transmises pour que vous puissiez les télécharger librement. Afin de préserver le recueillement de la messe et d’éviter les déplacements inutiles, merci de ne pas prendre de photos pendant la célébration.<br />
⛪ 4. Accès à l’église<br />
La messe réunira de nombreuses familles. Nous vous encourageons donc à venir en avance.<br />
Un emplacement réservé sera prévu à l’intérieur de l’église pour :<br />
• Le papa et la maman de chaque enfant,<br />
• Et quelques membres de la famille proche.<br />
👕 5. Tenue vestimentaire des enfants<br />
La première communion est un moment sacré et inoubliable dans la vie d’un enfant.<br />
Merci de veiller à ce que les enfants soient vêtus avec simplicité, élégance et respect, en accord avec la solennité de cette belle célébration.<br />
📷 6. Photo de groupe<br />
À la fin de la messe, nous prendrons :<br />
• Une photo de groupe dans le chœur de l’église,<br />
• Puis une autre sur le parvis, devant l’église.<br />
Je vous remercie d’avance pour votre collaboration et votre présence active.<br />
🙏 Je vous joins également les affiches pour les confirmations et les premières communions de ce week-end : n’hésitez pas à les partager largement autour de vous !<br />
Au plaisir de vous retrouver ce dimanche pour cette grande joie que vivront vos enfants.<br />
Belle journée à vous,<br />
P. Anthony</p>
<div></div>
<div></div>
<div></div>
<div id="edo-signature"></div>
</div>
</div>
</div>

<p>Dimanche 22 juin à 11h à l&rsquo;église de Jonzac, les enfants du KT qui se sont préparés à recevoir ce sacrement vont communier pour la première fois. Venez les entourer [&hellip;]</p>
