{"id":10631,"date":"2025-06-02T14:15:44","date_gmt":"2025-06-02T12:15:44","guid":{"rendered":"https:\/\/catholiques17.fr\/jonzac\/?post_type=tribe_events&#038;p=10631"},"modified":"2025-06-02T18:00:53","modified_gmt":"2025-06-02T16:00:53","slug":"retraite-pour-les-enfants-qui-preparent-leur-premiere-des-communions","status":"publish","type":"tribe_events","link":"https:\/\/catholiques17.fr\/jonzac\/event\/retraite-pour-les-enfants-qui-preparent-leur-premiere-des-communions\/","title":{"rendered":"Retraite pour les enfants qui pr\u00e9parent leur premi\u00e8re des communions"},"content":{"rendered":"<p>Samedi 7 juin de 9h30 \u00e0 18h \u00e0 Saint Fort sur Gironde<\/p>\n<p>Cette rencontre sera un moment important dans le parcours spirituel des enfants. C&rsquo;est un temps privil\u00e9gi\u00e9 pour approfondir sa foi, partager, jouer, prier et se pr\u00e9parer \u00e0 recevoir J\u00e9sus dans son coeur. Un covoiturage est pr\u00e9vu, contacter Pascal.<\/p>\n","protected":false},"excerpt":{"rendered":"<p>Samedi 7 juin de 9h30 \u00e0 18h \u00e0 Saint Fort sur Gironde Cette rencontre sera un moment important dans le parcours spirituel des enfants. C&rsquo;est un temps privil\u00e9gi\u00e9 pour approfondir [&hellip;]<\/p>\n","protected":false},"author":65,"featured_media":10633,"template":"","meta":{"_et_pb_use_builder":"","_et_pb_old_content":"","_et_gb_content_width":"","_tribe_events_status":"","_tribe_events_status_reason":"","footnotes":""},"tags":[],"tribe_events_cat":[36],"class_list":["post-10631","tribe_events","type-tribe_events","status-publish","has-post-thumbnail","hentry","tribe_events_cat-catechisme","cat_catechisme"],"_links":{"self":[{"href":"https:\/\/catholiques17.fr\/jonzac\/wp-json\/wp\/v2\/tribe_events\/10631","targetHints":{"allow":["GET"]}}],"collection":[{"href":"https:\/\/catholiques17.fr\/jonzac\/wp-json\/wp\/v2\/tribe_events"}],"about":[{"href":"https:\/\/catholiques17.fr\/jonzac\/wp-json\/wp\/v2\/types\/tribe_events"}],"author":[{"embeddable":true,"href":"https:\/\/catholiques17.fr\/jonzac\/wp-json\/wp\/v2\/users\/65"}],"version-history":[{"count":1,"href":"https:\/\/catholiques17.fr\/jonzac\/wp-json\/wp\/v2\/tribe_events\/10631\/revisions"}],"predecessor-version":[{"id":10632,"href":"https:\/\/catholiques17.fr\/jonzac\/wp-json\/wp\/v2\/tribe_events\/10631\/revisions\/10632"}],"wp:featuredmedia":[{"embeddable":true,"href":"https:\/\/catholiques17.fr\/jonzac\/wp-json\/wp\/v2\/media\/10633"}],"wp:attachment":[{"href":"https:\/\/catholiques17.fr\/jonzac\/wp-json\/wp\/v2\/media?parent=10631"}],"wp:term":[{"taxonomy":"post_tag","embeddable":true,"href":"https:\/\/catholiques17.fr\/jonzac\/wp-json\/wp\/v2\/tags?post=10631"},{"taxonomy":"tribe_events_cat","embeddable":true,"href":"https:\/\/catholiques17.fr\/jonzac\/wp-json\/wp\/v2\/tribe_events_cat?post=10631"}],"curies":[{"name":"wp","href":"https:\/\/api.w.org\/{rel}","templated":true}]}}

Retraite pour les enfants qui préparent leur première des communions

<p>Samedi 7 juin de 9h30 à 18h à Saint Fort sur Gironde</p>
<p>Cette rencontre sera un moment important dans le parcours spirituel des enfants. C&rsquo;est un temps privilégié pour approfondir sa foi, partager, jouer, prier et se préparer à recevoir Jésus dans son coeur. Un covoiturage est prévu, contacter Pascal.</p>

<p>Samedi 7 juin de 9h30 à 18h à Saint Fort sur Gironde Cette rencontre sera un moment important dans le parcours spirituel des enfants. C&rsquo;est un temps privilégié pour approfondir [&hellip;]</p>
