{"id":10627,"date":"2025-06-02T14:07:39","date_gmt":"2025-06-02T12:07:39","guid":{"rendered":"https:\/\/catholiques17.fr\/jonzac\/?post_type=tribe_events&#038;p=10627"},"modified":"2025-06-17T10:01:46","modified_gmt":"2025-06-17T08:01:46","slug":"confirmation-des-jeunes-et-adultes","status":"publish","type":"tribe_events","link":"https:\/\/catholiques17.fr\/jonzac\/event\/confirmation-des-jeunes-et-adultes\/","title":{"rendered":"Confirmation des jeunes et adultes du doyenn\u00e9"},"content":{"rendered":"<p><img loading=\"lazy\" decoding=\"async\" class=\"alignnone size-medium wp-image-10920\" src=\"https:\/\/catholiques17.fr\/jonzac\/wp-content\/uploads\/sites\/39\/2025\/06\/IMG-20250616-WA0001-212x300.jpg\" alt=\"\" width=\"212\" height=\"300\" \/>Chers paroissiens, nous avons la joie de vous inviter \u00e0 vivre un beau moment de foi avec nos jeunes et adultes qui recevront le sacrement de la confirmation \u00e0 Jonzac !<\/p>\n<p>\ud83d\udcc5 Vendredi 20 juin \u00e0 18h00<br \/>\n\ud83d\udc49 Veill\u00e9e de pri\u00e8re et adoration \u00e0 l\u2019\u00e9glise de Jonzac pour confier \u00e0 l\u2019Esprit Saint ceux qui vont \u00eatre confirm\u00e9s.<br \/>\n\ud83d\ude4f Un temps fort de pri\u00e8re, suivi d\u2019un ap\u00e9ritif fraternel sur le parvis de l\u2019\u00e9glise.<\/p>\n<p>\ud83d\udcc5 Samedi 21 juin \u00e0 18h00<br \/>\n\u2728 Messe solennelle de confirmation \u00e0 l\u2019\u00e9glise de Jonzac, pr\u00e9sid\u00e9e par vicaire g\u00e9n\u00e9ral, le p\u00e8re Bertrand MONNARD<\/p>\n<p>\u2e3b<\/p>\n<p>\ud83d\udd4a \u201cVous allez recevoir une force, celle de l\u2019Esprit Saint qui descendra sur vous ; vous serez alors mes t\u00e9moins\u2026\u201d (Ac 1,8)<\/p>\n<p>La confirmation est un nouveau d\u00e9part : l\u2019Esprit Saint vient fortifier en eux les dons re\u00e7us au bapt\u00eame. Prions pour ces jeunes et adultes, qu\u2019ils soient des t\u00e9moins joyeux du Christ dans le monde !<\/p>\n","protected":false},"excerpt":{"rendered":"<p>Chers paroissiens, nous avons la joie de vous inviter \u00e0 vivre un beau moment de foi avec nos jeunes et adultes qui recevront le sacrement de la confirmation \u00e0 Jonzac [&hellip;]<\/p>\n","protected":false},"author":65,"featured_media":9694,"template":"","meta":{"_et_pb_use_builder":"","_et_pb_old_content":"","_et_gb_content_width":"","_tribe_events_status":"","_tribe_events_status_reason":"","footnotes":""},"tags":[],"tribe_events_cat":[],"class_list":["post-10627","tribe_events","type-tribe_events","status-publish","has-post-thumbnail","hentry"],"_links":{"self":[{"href":"https:\/\/catholiques17.fr\/jonzac\/wp-json\/wp\/v2\/tribe_events\/10627","targetHints":{"allow":["GET"]}}],"collection":[{"href":"https:\/\/catholiques17.fr\/jonzac\/wp-json\/wp\/v2\/tribe_events"}],"about":[{"href":"https:\/\/catholiques17.fr\/jonzac\/wp-json\/wp\/v2\/types\/tribe_events"}],"author":[{"embeddable":true,"href":"https:\/\/catholiques17.fr\/jonzac\/wp-json\/wp\/v2\/users\/65"}],"version-history":[{"count":6,"href":"https:\/\/catholiques17.fr\/jonzac\/wp-json\/wp\/v2\/tribe_events\/10627\/revisions"}],"predecessor-version":[{"id":10921,"href":"https:\/\/catholiques17.fr\/jonzac\/wp-json\/wp\/v2\/tribe_events\/10627\/revisions\/10921"}],"wp:featuredmedia":[{"embeddable":true,"href":"https:\/\/catholiques17.fr\/jonzac\/wp-json\/wp\/v2\/media\/9694"}],"wp:attachment":[{"href":"https:\/\/catholiques17.fr\/jonzac\/wp-json\/wp\/v2\/media?parent=10627"}],"wp:term":[{"taxonomy":"post_tag","embeddable":true,"href":"https:\/\/catholiques17.fr\/jonzac\/wp-json\/wp\/v2\/tags?post=10627"},{"taxonomy":"tribe_events_cat","embeddable":true,"href":"https:\/\/catholiques17.fr\/jonzac\/wp-json\/wp\/v2\/tribe_events_cat?post=10627"}],"curies":[{"name":"wp","href":"https:\/\/api.w.org\/{rel}","templated":true}]}}

Confirmation des jeunes et adultes du doyenné

<p><img loading="lazy" decoding="async" class="alignnone size-medium wp-image-10920" src="https://catholiques17.fr/jonzac/wp-content/uploads/sites/39/2025/06/IMG-20250616-WA0001-212x300.jpg" alt="" width="212" height="300" />Chers paroissiens, nous avons la joie de vous inviter à vivre un beau moment de foi avec nos jeunes et adultes qui recevront le sacrement de la confirmation à Jonzac !</p>
<p>📅 Vendredi 20 juin à 18h00<br />
👉 Veillée de prière et adoration à l’église de Jonzac pour confier à l’Esprit Saint ceux qui vont être confirmés.<br />
🙏 Un temps fort de prière, suivi d’un apéritif fraternel sur le parvis de l’église.</p>
<p>📅 Samedi 21 juin à 18h00<br />
✨ Messe solennelle de confirmation à l’église de Jonzac, présidée par vicaire général, le père Bertrand MONNARD</p>
<p>⸻</p>
<p>🕊 “Vous allez recevoir une force, celle de l’Esprit Saint qui descendra sur vous ; vous serez alors mes témoins…” (Ac 1,8)</p>
<p>La confirmation est un nouveau départ : l’Esprit Saint vient fortifier en eux les dons reçus au baptême. Prions pour ces jeunes et adultes, qu’ils soient des témoins joyeux du Christ dans le monde !</p>

<p>Chers paroissiens, nous avons la joie de vous inviter à vivre un beau moment de foi avec nos jeunes et adultes qui recevront le sacrement de la confirmation à Jonzac [&hellip;]</p>
