{"id":10516,"date":"2025-05-19T09:24:00","date_gmt":"2025-05-19T07:24:00","guid":{"rendered":"https:\/\/catholiques17.fr\/jonzac\/?post_type=tribe_events&#038;p=10516"},"modified":"2025-05-19T09:24:07","modified_gmt":"2025-05-19T07:24:07","slug":"concert-de-la-chorale-paroissiale-pour-financer-le-voyage-des-jeunes-a-rome-cet-ete","status":"publish","type":"tribe_events","link":"https:\/\/catholiques17.fr\/jonzac\/event\/concert-de-la-chorale-paroissiale-pour-financer-le-voyage-des-jeunes-a-rome-cet-ete\/","title":{"rendered":"Concert de la chorale paroissiale pour financer le voyage des jeunes \u00e0 Rome cet \u00e9t\u00e9"},"content":{"rendered":"<p>&nbsp;<\/p>\n<div class=\"moz-text-html\" lang=\"x-unicode\">\n<div id=\"edo-message\">\n<div>\ud83c\udfb6 CONCERT DE MUSIQUE SACR\u00c9E \ud83c\udfb6<br \/>\npar la chorale paroissiale<br \/>\nDimanche 1 juin \u00e0 15h30 \u00e0 l\u2019\u00e9glise de Jonzac<\/p>\n<p>Une soir\u00e9e de beaut\u00e9, d\u2019harmonie et de pri\u00e8re,<br \/>\nouverte \u00e0 tous, pour une grande cause :<br \/>\n\ud83c\udf92 aider les jeunes de notre paroisse<br \/>\n\u00e0 vivre un p\u00e8lerinage \u00e0 Rome<br \/>\n\u00e0 l\u2019occasion du Jubil\u00e9 avec le pape L\u00e9on XIV ! \ud83c\uddfb\ud83c\udde6<\/p>\n<p>\ud83d\udc9b Don libre \u2013 chaque contribution est un pas de plus vers Rome !<br \/>\n\ud83d\ude4f Votre g\u00e9n\u00e9rosit\u00e9 les soutient sur leur chemin de foi.<\/p>\n<p>\ud83c\udfb5 Venez nombreux !<\/p>\n<p>#ConcertDeMusiqueSacr\u00e9e #ChoraleParoissiale #\u00c9gliseVivante<br \/>\n#JeunesEnP\u00e8lerinage #Rome2025 #Jubil\u00e9 #L\u00e9onXIV<br \/>\n#FoiEnMarche #Beaut\u00e9EtPri\u00e8re #\u00c9v\u00e9nementParoissial #DonLibre<\/p><\/div>\n<\/div>\n<\/div>\n","protected":false},"excerpt":{"rendered":"<p>&nbsp; \ud83c\udfb6 CONCERT DE MUSIQUE SACR\u00c9E \ud83c\udfb6 par la chorale paroissiale Dimanche 1 juin \u00e0 15h30 \u00e0 l\u2019\u00e9glise de Jonzac Une soir\u00e9e de beaut\u00e9, d\u2019harmonie et de pri\u00e8re, ouverte \u00e0 [&hellip;]<\/p>\n","protected":false},"author":65,"featured_media":10517,"template":"","meta":{"_et_pb_use_builder":"","_et_pb_old_content":"","_et_gb_content_width":"","_tribe_events_status":"","_tribe_events_status_reason":"","footnotes":""},"tags":[],"tribe_events_cat":[27,35,46],"class_list":["post-10516","tribe_events","type-tribe_events","status-publish","has-post-thumbnail","hentry","tribe_events_cat-concert","tribe_events_cat-paroisse","tribe_events_cat-patrimoine","cat_concert","cat_paroisse","cat_patrimoine"],"_links":{"self":[{"href":"https:\/\/catholiques17.fr\/jonzac\/wp-json\/wp\/v2\/tribe_events\/10516","targetHints":{"allow":["GET"]}}],"collection":[{"href":"https:\/\/catholiques17.fr\/jonzac\/wp-json\/wp\/v2\/tribe_events"}],"about":[{"href":"https:\/\/catholiques17.fr\/jonzac\/wp-json\/wp\/v2\/types\/tribe_events"}],"author":[{"embeddable":true,"href":"https:\/\/catholiques17.fr\/jonzac\/wp-json\/wp\/v2\/users\/65"}],"version-history":[{"count":1,"href":"https:\/\/catholiques17.fr\/jonzac\/wp-json\/wp\/v2\/tribe_events\/10516\/revisions"}],"predecessor-version":[{"id":10518,"href":"https:\/\/catholiques17.fr\/jonzac\/wp-json\/wp\/v2\/tribe_events\/10516\/revisions\/10518"}],"wp:featuredmedia":[{"embeddable":true,"href":"https:\/\/catholiques17.fr\/jonzac\/wp-json\/wp\/v2\/media\/10517"}],"wp:attachment":[{"href":"https:\/\/catholiques17.fr\/jonzac\/wp-json\/wp\/v2\/media?parent=10516"}],"wp:term":[{"taxonomy":"post_tag","embeddable":true,"href":"https:\/\/catholiques17.fr\/jonzac\/wp-json\/wp\/v2\/tags?post=10516"},{"taxonomy":"tribe_events_cat","embeddable":true,"href":"https:\/\/catholiques17.fr\/jonzac\/wp-json\/wp\/v2\/tribe_events_cat?post=10516"}],"curies":[{"name":"wp","href":"https:\/\/api.w.org\/{rel}","templated":true}]}}

Concert de la chorale paroissiale pour financer le voyage des jeunes à Rome cet été

<p>&nbsp;</p>
<div class="moz-text-html" lang="x-unicode">
<div id="edo-message">
<div>🎶 CONCERT DE MUSIQUE SACRÉE 🎶<br />
par la chorale paroissiale<br />
Dimanche 1 juin à 15h30 à l’église de Jonzac</p>
<p>Une soirée de beauté, d’harmonie et de prière,<br />
ouverte à tous, pour une grande cause :<br />
🎒 aider les jeunes de notre paroisse<br />
à vivre un pèlerinage à Rome<br />
à l’occasion du Jubilé avec le pape Léon XIV ! 🇻🇦</p>
<p>💛 Don libre – chaque contribution est un pas de plus vers Rome !<br />
🙏 Votre générosité les soutient sur leur chemin de foi.</p>
<p>🎵 Venez nombreux !</p>
<p>#ConcertDeMusiqueSacrée #ChoraleParoissiale #ÉgliseVivante<br />
#JeunesEnPèlerinage #Rome2025 #Jubilé #LéonXIV<br />
#FoiEnMarche #BeautéEtPrière #ÉvénementParoissial #DonLibre</p></div>
</div>
</div>

<p>&nbsp; 🎶 CONCERT DE MUSIQUE SACRÉE 🎶 par la chorale paroissiale Dimanche 1 juin à 15h30 à l’église de Jonzac Une soirée de beauté, d’harmonie et de prière, ouverte à [&hellip;]</p>
