{"id":10441,"date":"2025-04-23T12:56:35","date_gmt":"2025-04-23T10:56:35","guid":{"rendered":"https:\/\/catholiques17.fr\/jonzac\/?post_type=tribe_events&#038;p=10441"},"modified":"2025-04-23T12:58:10","modified_gmt":"2025-04-23T10:58:10","slug":"2eme-dimanche-de-paques","status":"publish","type":"tribe_events","link":"https:\/\/catholiques17.fr\/jonzac\/event\/2eme-dimanche-de-paques\/","title":{"rendered":"2\u00e8me dimanche de P\u00e2ques"},"content":{"rendered":"<p>Messe du 2\u00e8me dimanche de P\u00e2ques : Dimanche 27 avril \u00e0 11h \u00e0 l&rsquo;\u00e9glise de Jonzac et samedi 26 avril \u00e0 18h \u00e0 l&rsquo;\u00e9glise de Vibrac<\/p>\n","protected":false},"excerpt":{"rendered":"<p>Messe du 2\u00e8me dimanche de P\u00e2ques : Dimanche 27 avril \u00e0 11h \u00e0 l&rsquo;\u00e9glise de Jonzac et samedi 26 avril \u00e0 18h \u00e0 l&rsquo;\u00e9glise de Vibrac<\/p>\n","protected":false},"author":65,"featured_media":10251,"template":"","meta":{"_et_pb_use_builder":"","_et_pb_old_content":"","_et_gb_content_width":"","_tribe_events_status":"","_tribe_events_status_reason":"","footnotes":""},"tags":[],"tribe_events_cat":[],"class_list":["post-10441","tribe_events","type-tribe_events","status-publish","has-post-thumbnail","hentry"],"_links":{"self":[{"href":"https:\/\/catholiques17.fr\/jonzac\/wp-json\/wp\/v2\/tribe_events\/10441","targetHints":{"allow":["GET"]}}],"collection":[{"href":"https:\/\/catholiques17.fr\/jonzac\/wp-json\/wp\/v2\/tribe_events"}],"about":[{"href":"https:\/\/catholiques17.fr\/jonzac\/wp-json\/wp\/v2\/types\/tribe_events"}],"author":[{"embeddable":true,"href":"https:\/\/catholiques17.fr\/jonzac\/wp-json\/wp\/v2\/users\/65"}],"version-history":[{"count":1,"href":"https:\/\/catholiques17.fr\/jonzac\/wp-json\/wp\/v2\/tribe_events\/10441\/revisions"}],"predecessor-version":[{"id":10442,"href":"https:\/\/catholiques17.fr\/jonzac\/wp-json\/wp\/v2\/tribe_events\/10441\/revisions\/10442"}],"wp:featuredmedia":[{"embeddable":true,"href":"https:\/\/catholiques17.fr\/jonzac\/wp-json\/wp\/v2\/media\/10251"}],"wp:attachment":[{"href":"https:\/\/catholiques17.fr\/jonzac\/wp-json\/wp\/v2\/media?parent=10441"}],"wp:term":[{"taxonomy":"post_tag","embeddable":true,"href":"https:\/\/catholiques17.fr\/jonzac\/wp-json\/wp\/v2\/tags?post=10441"},{"taxonomy":"tribe_events_cat","embeddable":true,"href":"https:\/\/catholiques17.fr\/jonzac\/wp-json\/wp\/v2\/tribe_events_cat?post=10441"}],"curies":[{"name":"wp","href":"https:\/\/api.w.org\/{rel}","templated":true}]}}

2ème dimanche de Pâques

<p>Messe du 2ème dimanche de Pâques : Dimanche 27 avril à 11h à l&rsquo;église de Jonzac et samedi 26 avril à 18h à l&rsquo;église de Vibrac</p>
