{"id":10439,"date":"2025-04-23T12:54:45","date_gmt":"2025-04-23T10:54:45","guid":{"rendered":"https:\/\/catholiques17.fr\/jonzac\/?post_type=tribe_events&#038;p=10439"},"modified":"2025-04-23T12:54:45","modified_gmt":"2025-04-23T10:54:45","slug":"messe-pour-notre-pape-francois","status":"publish","type":"tribe_events","link":"https:\/\/catholiques17.fr\/jonzac\/event\/messe-pour-notre-pape-francois\/","title":{"rendered":"Messe pour notre pape Fran\u00e7ois"},"content":{"rendered":"<p>Jeudi 24 avril \u00e0 18h \u00e0 l&rsquo;\u00e9glise de Jonzac nous vous donnons rendez-vous pour une messe pour notre pape Fran\u00e7ois<\/p>\n","protected":false},"excerpt":{"rendered":"<p>Jeudi 24 avril \u00e0 18h \u00e0 l&rsquo;\u00e9glise de Jonzac nous vous donnons rendez-vous pour une messe pour notre pape Fran\u00e7ois<\/p>\n","protected":false},"author":65,"featured_media":10381,"template":"","meta":{"_et_pb_use_builder":"","_et_pb_old_content":"","_et_gb_content_width":"","_tribe_events_status":"","_tribe_events_status_reason":"","footnotes":""},"tags":[],"tribe_events_cat":[],"class_list":["post-10439","tribe_events","type-tribe_events","status-publish","has-post-thumbnail","hentry"],"_links":{"self":[{"href":"https:\/\/catholiques17.fr\/jonzac\/wp-json\/wp\/v2\/tribe_events\/10439","targetHints":{"allow":["GET"]}}],"collection":[{"href":"https:\/\/catholiques17.fr\/jonzac\/wp-json\/wp\/v2\/tribe_events"}],"about":[{"href":"https:\/\/catholiques17.fr\/jonzac\/wp-json\/wp\/v2\/types\/tribe_events"}],"author":[{"embeddable":true,"href":"https:\/\/catholiques17.fr\/jonzac\/wp-json\/wp\/v2\/users\/65"}],"version-history":[{"count":1,"href":"https:\/\/catholiques17.fr\/jonzac\/wp-json\/wp\/v2\/tribe_events\/10439\/revisions"}],"predecessor-version":[{"id":10440,"href":"https:\/\/catholiques17.fr\/jonzac\/wp-json\/wp\/v2\/tribe_events\/10439\/revisions\/10440"}],"wp:featuredmedia":[{"embeddable":true,"href":"https:\/\/catholiques17.fr\/jonzac\/wp-json\/wp\/v2\/media\/10381"}],"wp:attachment":[{"href":"https:\/\/catholiques17.fr\/jonzac\/wp-json\/wp\/v2\/media?parent=10439"}],"wp:term":[{"taxonomy":"post_tag","embeddable":true,"href":"https:\/\/catholiques17.fr\/jonzac\/wp-json\/wp\/v2\/tags?post=10439"},{"taxonomy":"tribe_events_cat","embeddable":true,"href":"https:\/\/catholiques17.fr\/jonzac\/wp-json\/wp\/v2\/tribe_events_cat?post=10439"}],"curies":[{"name":"wp","href":"https:\/\/api.w.org\/{rel}","templated":true}]}}

Messe pour notre pape François

<p>Jeudi 24 avril à 18h à l&rsquo;église de Jonzac nous vous donnons rendez-vous pour une messe pour notre pape François</p>
