{"id":10367,"date":"2025-04-20T07:56:04","date_gmt":"2025-04-20T05:56:04","guid":{"rendered":"https:\/\/catholiques17.fr\/jonzac\/?post_type=tribe_events&#038;p=10367"},"modified":"2025-04-20T07:56:44","modified_gmt":"2025-04-20T05:56:44","slug":"paques","status":"publish","type":"tribe_events","link":"https:\/\/catholiques17.fr\/jonzac\/event\/paques\/","title":{"rendered":"P\u00e2ques"},"content":{"rendered":"<div id=\"et-boc\">\n<div class=\"et-l\">\n<div class=\"et_pb_row et_pb_row_16\">\n<h3><strong>Dimanche 20 avril : Dimanche de P\u00e2ques<\/strong><\/h3>\n<div class=\"et_pb_row et_pb_row_15\">\n<div class=\"et_pb_column et_pb_column_4_4 et_pb_column_15 et_pb_css_mix_blend_mode_passthrough et-last-child\">\n<div class=\"et_pb_module et_pb_text et_pb_text_14 et_pb_text_align_left et_pb_bg_layout_light\">\n<div class=\"et_pb_text_inner\">\n<p>11h Sainte Messe de cl\u00f4ture de la mission populaire \u00e0 l\u2019\u00e9glise de Jonzac<\/p>\n<p>12h15 spectacle final sur le parvis de l\u2019\u00e9glise et ap\u00e9ritif<\/p>\n<p><img loading=\"lazy\" decoding=\"async\" class=\"alignnone size-medium wp-image-10251\" src=\"https:\/\/catholiques17.fr\/jonzac\/wp-content\/uploads\/sites\/39\/2025\/03\/station-XV-300x213.jpg\" alt=\"\" width=\"300\" height=\"213\" \/><\/p>\n<\/div>\n<\/div>\n<\/div>\n<\/div>\n<\/div>\n<\/div>\n<\/div>\n","protected":false},"excerpt":{"rendered":"<p>Dimanche 20 avril : Dimanche de P\u00e2ques 11h Sainte Messe de cl\u00f4ture de la mission populaire \u00e0 l\u2019\u00e9glise de Jonzac 12h15 spectacle final sur le parvis de l\u2019\u00e9glise et ap\u00e9ritif<\/p>\n","protected":false},"author":65,"featured_media":0,"template":"","meta":{"_et_pb_use_builder":"","_et_pb_old_content":"","_et_gb_content_width":"","_tribe_events_status":"","_tribe_events_status_reason":"","footnotes":""},"tags":[],"tribe_events_cat":[],"class_list":["post-10367","tribe_events","type-tribe_events","status-publish","hentry"],"_links":{"self":[{"href":"https:\/\/catholiques17.fr\/jonzac\/wp-json\/wp\/v2\/tribe_events\/10367","targetHints":{"allow":["GET"]}}],"collection":[{"href":"https:\/\/catholiques17.fr\/jonzac\/wp-json\/wp\/v2\/tribe_events"}],"about":[{"href":"https:\/\/catholiques17.fr\/jonzac\/wp-json\/wp\/v2\/types\/tribe_events"}],"author":[{"embeddable":true,"href":"https:\/\/catholiques17.fr\/jonzac\/wp-json\/wp\/v2\/users\/65"}],"version-history":[{"count":2,"href":"https:\/\/catholiques17.fr\/jonzac\/wp-json\/wp\/v2\/tribe_events\/10367\/revisions"}],"predecessor-version":[{"id":10369,"href":"https:\/\/catholiques17.fr\/jonzac\/wp-json\/wp\/v2\/tribe_events\/10367\/revisions\/10369"}],"wp:attachment":[{"href":"https:\/\/catholiques17.fr\/jonzac\/wp-json\/wp\/v2\/media?parent=10367"}],"wp:term":[{"taxonomy":"post_tag","embeddable":true,"href":"https:\/\/catholiques17.fr\/jonzac\/wp-json\/wp\/v2\/tags?post=10367"},{"taxonomy":"tribe_events_cat","embeddable":true,"href":"https:\/\/catholiques17.fr\/jonzac\/wp-json\/wp\/v2\/tribe_events_cat?post=10367"}],"curies":[{"name":"wp","href":"https:\/\/api.w.org\/{rel}","templated":true}]}}

Pâques

<div id="et-boc">
<div class="et-l">
<div class="et_pb_row et_pb_row_16">
<h3><strong>Dimanche 20 avril : Dimanche de Pâques</strong></h3>
<div class="et_pb_row et_pb_row_15">
<div class="et_pb_column et_pb_column_4_4 et_pb_column_15 et_pb_css_mix_blend_mode_passthrough et-last-child">
<div class="et_pb_module et_pb_text et_pb_text_14 et_pb_text_align_left et_pb_bg_layout_light">
<div class="et_pb_text_inner">
<p>11h Sainte Messe de clôture de la mission populaire à l’église de Jonzac</p>
<p>12h15 spectacle final sur le parvis de l’église et apéritif</p>
<p><img loading="lazy" decoding="async" class="alignnone size-medium wp-image-10251" src="https://catholiques17.fr/jonzac/wp-content/uploads/sites/39/2025/03/station-XV-300x213.jpg" alt="" width="300" height="213" /></p>
</div>
</div>
</div>
</div>
</div>
</div>
</div>

<p>Dimanche 20 avril : Dimanche de Pâques 11h Sainte Messe de clôture de la mission populaire à l’église de Jonzac 12h15 spectacle final sur le parvis de l’église et apéritif</p>
