{"id":10360,"date":"2025-04-16T07:07:20","date_gmt":"2025-04-16T05:07:20","guid":{"rendered":"https:\/\/catholiques17.fr\/jonzac\/?post_type=tribe_events&#038;p=10360"},"modified":"2025-04-16T07:08:11","modified_gmt":"2025-04-16T05:08:11","slug":"jeudi-saint-vendredi-saint-et-paques","status":"publish","type":"tribe_events","link":"https:\/\/catholiques17.fr\/jonzac\/event\/jeudi-saint-vendredi-saint-et-paques\/","title":{"rendered":"Jeudi Saint Vendredi Saint Samedi Saint et P\u00e2ques"},"content":{"rendered":"<div class=\"et_pb_row et_pb_row_9\">\n<div class=\"et_pb_column et_pb_column_4_4 et_pb_column_9 et_pb_css_mix_blend_mode_passthrough et-last-child\">\n<div class=\"et_pb_module et_pb_text et_pb_text_8 et_pb_text_align_left et_pb_bg_layout_light\">\n<div class=\"et_pb_text_inner\">\n<div>\n<div>\n<div>\n<div>\n<div>\n<div>\n<div>\n<div>\n<div class=\"et_pb_row et_pb_row_10\">\n<div class=\"et_pb_column et_pb_column_4_4 et_pb_column_10 et_pb_css_mix_blend_mode_passthrough et-last-child\">\n<div class=\"et_pb_module et_pb_text et_pb_text_9 et_pb_text_align_left et_pb_bg_layout_light\">\n<div class=\"et_pb_text_inner\">\n<h3><strong>Jeudi 17 avril : Jeudi Saint<\/strong><\/h3>\n<h3><strong>Journ\u00e9e du Saint Sacrement<\/strong><\/h3>\n<\/div>\n<\/div>\n<\/div>\n<\/div>\n<div class=\"et_pb_row et_pb_row_11\">\n<div class=\"et_pb_column et_pb_column_4_4 et_pb_column_11 et_pb_css_mix_blend_mode_passthrough et-last-child\">\n<div class=\"et_pb_module et_pb_text et_pb_text_10 et_pb_text_align_left et_pb_bg_layout_light\">\n<div class=\"et_pb_text_inner\">\n<h3><\/h3>\n<div>\n<div>7h30 pri\u00e8re des laudes<\/div>\n<div><\/div>\n<div>8h00 pri\u00e8re du chapelet rdv sur le parvis du clo\u00eetre des Carmes<\/div>\n<div><\/div>\n<div>10h visite des maisons par les missionnaires<\/div>\n<div><\/div>\n<div>15h00 Messe de la C\u00e8ne du Seigneur \u00e0 l\u2019\u00e9glise d\u2019Ozillac avec les enfants de l\u2019\u00e9cole Sainte Eustelle d\u2019Ozillac<\/div>\n<div><\/div>\n<div>19h00 Messe de la C\u00e8ne Du Seigneur \u00e0 l\u2019\u00e9glise de Jonzac<\/div>\n<div><\/div>\n<div>20h00 procession du Saint Sacrement autour de l\u2019\u00e9glise de Jonzac et pri\u00e8re au\u00a0 reposoir jusqu\u2019\u00e0 23h00<\/div>\n<\/div>\n<\/div>\n<\/div>\n<\/div>\n<\/div>\n<\/div>\n<\/div>\n<\/div>\n<\/div>\n<\/div>\n<\/div>\n<\/div>\n<\/div>\n<p>.<\/p>\n<\/div>\n<\/div>\n<\/div>\n<\/div>\n<div class=\"et_pb_row et_pb_row_12\">\n<div class=\"et_pb_column et_pb_column_4_4 et_pb_column_12 et_pb_css_mix_blend_mode_passthrough et-last-child\">\n<div class=\"et_pb_module et_pb_text et_pb_text_11 et_pb_text_align_left et_pb_bg_layout_light\">\n<div class=\"et_pb_text_inner\">\n<div>\n<div>\n<div>\n<h3><strong>Vendredi 18 avril : Vendredi Saint<\/strong><\/h3>\n<h3><strong>Journ\u00e9e p\u00e9nitentielle<\/strong><\/h3>\n<\/div>\n<\/div>\n<\/div>\n<\/div>\n<\/div>\n<\/div>\n<\/div>\n<div class=\"et_pb_row et_pb_row_13\">\n<div class=\"et_pb_column et_pb_column_4_4 et_pb_column_13 et_pb_css_mix_blend_mode_passthrough et-last-child\">\n<div class=\"et_pb_module et_pb_text et_pb_text_12 et_pb_text_align_left et_pb_bg_layout_light\">\n<div class=\"et_pb_text_inner\">\n<h3><\/h3>\n<div>\n<div>8h30 pri\u00e8re du chapel et pri\u00e8re des laudes rdv au jardin du presbyt\u00e8re<\/div>\n<div><\/div>\n<div>10h visite des maisons par les missionnaires<\/div>\n<div><\/div>\n<div>15h \u2013 17h confessions \u00e0 l\u2019\u00e9glise de Jonzac<\/div>\n<div><\/div>\n<div>17h30\u00a0 chemin de croix en ville rdv au parking d\u2019Alvy<\/div>\n<div><\/div>\n<div>18h00 Office de la Passion \u00e0 l\u2019\u00e9glise de Jonzac<\/div>\n<div><\/div>\n<div>20h00 projection du film de la Passion du Christ dans les salles paroissiales<\/div>\n<\/div>\n<\/div>\n<\/div>\n<\/div>\n<\/div>\n<div class=\"et_pb_row et_pb_row_14\"><\/div>\n<div><\/div>\n<div>\n<div class=\"et_pb_row et_pb_row_14\">\n<div class=\"et_pb_column et_pb_column_4_4 et_pb_column_14 et_pb_css_mix_blend_mode_passthrough et-last-child\">\n<div class=\"et_pb_module et_pb_text et_pb_text_13 et_pb_text_align_left et_pb_bg_layout_light\">\n<div class=\"et_pb_text_inner\">\n<h3><strong>Samedi 19 avril : Samedi Saint<\/strong><\/h3>\n<h3><strong>Journ\u00e9e de pri\u00e8re et de confessions<\/strong><\/h3>\n<\/div>\n<\/div>\n<\/div>\n<\/div>\n<div class=\"et_pb_row et_pb_row_15\">\n<div class=\"et_pb_column et_pb_column_4_4 et_pb_column_15 et_pb_css_mix_blend_mode_passthrough et-last-child\">\n<div class=\"et_pb_module et_pb_text et_pb_text_14 et_pb_text_align_left et_pb_bg_layout_light\">\n<div class=\"et_pb_text_inner\">\n<p>8h30 pri\u00e8re du chapelet et pri\u00e8re des Laudes rdv au parking de la Poste<\/p>\n<p>10h00 hom\u00e9lie de la solitude de Marie \u00e0 l\u2019\u00e9glise de Jonzac<\/p>\n<p>10h30 \u2013 12h30 chapelet continuel et confessions<\/p>\n<p>17h00 rencontre avec les jeunes rdv aux salles paroissiales<\/p>\n<p>21h00 Veill\u00e9e Pascale \u00e0 l\u2019\u00e9glise de Jonzac \u2013 vin chaud sur le parvis de l\u2019\u00e9glise<\/p>\n<\/div>\n<\/div>\n<\/div>\n<\/div>\n<\/div>\n<div class=\"et_pb_row et_pb_row_16\">\n<h3><strong>Dimanche 20 avril : Dimanche de P\u00e2ques<\/strong><\/h3>\n<div class=\"et_pb_row et_pb_row_15\">\n<div class=\"et_pb_column et_pb_column_4_4 et_pb_column_15 et_pb_css_mix_blend_mode_passthrough et-last-child\">\n<div class=\"et_pb_module et_pb_text et_pb_text_14 et_pb_text_align_left et_pb_bg_layout_light\">\n<div class=\"et_pb_text_inner\">\n<p>11h Sainte Messe de cl\u00f4ture de la mission populaire \u00e0 l&rsquo;\u00e9glise de Jonzac<\/p>\n<p>12h15 spectacle final sur le parvis de l&rsquo;\u00e9glise et ap\u00e9ritif<\/p>\n<\/div>\n<\/div>\n<\/div>\n<\/div>\n<\/div>\n","protected":false},"excerpt":{"rendered":"<p>Jeudi 17 avril : Jeudi Saint Journ\u00e9e du Saint Sacrement 7h30 pri\u00e8re des laudes 8h00 pri\u00e8re du chapelet rdv sur le parvis du clo\u00eetre des Carmes 10h visite des maisons [&hellip;]<\/p>\n","protected":false},"author":65,"featured_media":0,"template":"","meta":{"_et_pb_use_builder":"","_et_pb_old_content":"","_et_gb_content_width":"","_tribe_events_status":"","_tribe_events_status_reason":"","footnotes":""},"tags":[],"tribe_events_cat":[],"class_list":["post-10360","tribe_events","type-tribe_events","status-publish","hentry"],"_links":{"self":[{"href":"https:\/\/catholiques17.fr\/jonzac\/wp-json\/wp\/v2\/tribe_events\/10360","targetHints":{"allow":["GET"]}}],"collection":[{"href":"https:\/\/catholiques17.fr\/jonzac\/wp-json\/wp\/v2\/tribe_events"}],"about":[{"href":"https:\/\/catholiques17.fr\/jonzac\/wp-json\/wp\/v2\/types\/tribe_events"}],"author":[{"embeddable":true,"href":"https:\/\/catholiques17.fr\/jonzac\/wp-json\/wp\/v2\/users\/65"}],"version-history":[{"count":2,"href":"https:\/\/catholiques17.fr\/jonzac\/wp-json\/wp\/v2\/tribe_events\/10360\/revisions"}],"predecessor-version":[{"id":10362,"href":"https:\/\/catholiques17.fr\/jonzac\/wp-json\/wp\/v2\/tribe_events\/10360\/revisions\/10362"}],"wp:attachment":[{"href":"https:\/\/catholiques17.fr\/jonzac\/wp-json\/wp\/v2\/media?parent=10360"}],"wp:term":[{"taxonomy":"post_tag","embeddable":true,"href":"https:\/\/catholiques17.fr\/jonzac\/wp-json\/wp\/v2\/tags?post=10360"},{"taxonomy":"tribe_events_cat","embeddable":true,"href":"https:\/\/catholiques17.fr\/jonzac\/wp-json\/wp\/v2\/tribe_events_cat?post=10360"}],"curies":[{"name":"wp","href":"https:\/\/api.w.org\/{rel}","templated":true}]}}

Jeudi Saint Vendredi Saint Samedi Saint et Pâques

<div class="et_pb_row et_pb_row_9">
<div class="et_pb_column et_pb_column_4_4 et_pb_column_9 et_pb_css_mix_blend_mode_passthrough et-last-child">
<div class="et_pb_module et_pb_text et_pb_text_8 et_pb_text_align_left et_pb_bg_layout_light">
<div class="et_pb_text_inner">
<div>
<div>
<div>
<div>
<div>
<div>
<div>
<div>
<div class="et_pb_row et_pb_row_10">
<div class="et_pb_column et_pb_column_4_4 et_pb_column_10 et_pb_css_mix_blend_mode_passthrough et-last-child">
<div class="et_pb_module et_pb_text et_pb_text_9 et_pb_text_align_left et_pb_bg_layout_light">
<div class="et_pb_text_inner">
<h3><strong>Jeudi 17 avril : Jeudi Saint</strong></h3>
<h3><strong>Journée du Saint Sacrement</strong></h3>
</div>
</div>
</div>
</div>
<div class="et_pb_row et_pb_row_11">
<div class="et_pb_column et_pb_column_4_4 et_pb_column_11 et_pb_css_mix_blend_mode_passthrough et-last-child">
<div class="et_pb_module et_pb_text et_pb_text_10 et_pb_text_align_left et_pb_bg_layout_light">
<div class="et_pb_text_inner">
<h3></h3>
<div>
<div>7h30 prière des laudes</div>
<div></div>
<div>8h00 prière du chapelet rdv sur le parvis du cloître des Carmes</div>
<div></div>
<div>10h visite des maisons par les missionnaires</div>
<div></div>
<div>15h00 Messe de la Cène du Seigneur à l’église d’Ozillac avec les enfants de l’école Sainte Eustelle d’Ozillac</div>
<div></div>
<div>19h00 Messe de la Cène Du Seigneur à l’église de Jonzac</div>
<div></div>
<div>20h00 procession du Saint Sacrement autour de l’église de Jonzac et prière au  reposoir jusqu’à 23h00</div>
</div>
</div>
</div>
</div>
</div>
</div>
</div>
</div>
</div>
</div>
</div>
</div>
</div>
<p>.</p>
</div>
</div>
</div>
</div>
<div class="et_pb_row et_pb_row_12">
<div class="et_pb_column et_pb_column_4_4 et_pb_column_12 et_pb_css_mix_blend_mode_passthrough et-last-child">
<div class="et_pb_module et_pb_text et_pb_text_11 et_pb_text_align_left et_pb_bg_layout_light">
<div class="et_pb_text_inner">
<div>
<div>
<div>
<h3><strong>Vendredi 18 avril : Vendredi Saint</strong></h3>
<h3><strong>Journée pénitentielle</strong></h3>
</div>
</div>
</div>
</div>
</div>
</div>
</div>
<div class="et_pb_row et_pb_row_13">
<div class="et_pb_column et_pb_column_4_4 et_pb_column_13 et_pb_css_mix_blend_mode_passthrough et-last-child">
<div class="et_pb_module et_pb_text et_pb_text_12 et_pb_text_align_left et_pb_bg_layout_light">
<div class="et_pb_text_inner">
<h3></h3>
<div>
<div>8h30 prière du chapel et prière des laudes rdv au jardin du presbytère</div>
<div></div>
<div>10h visite des maisons par les missionnaires</div>
<div></div>
<div>15h – 17h confessions à l’église de Jonzac</div>
<div></div>
<div>17h30  chemin de croix en ville rdv au parking d’Alvy</div>
<div></div>
<div>18h00 Office de la Passion à l’église de Jonzac</div>
<div></div>
<div>20h00 projection du film de la Passion du Christ dans les salles paroissiales</div>
</div>
</div>
</div>
</div>
</div>
<div class="et_pb_row et_pb_row_14"></div>
<div></div>
<div>
<div class="et_pb_row et_pb_row_14">
<div class="et_pb_column et_pb_column_4_4 et_pb_column_14 et_pb_css_mix_blend_mode_passthrough et-last-child">
<div class="et_pb_module et_pb_text et_pb_text_13 et_pb_text_align_left et_pb_bg_layout_light">
<div class="et_pb_text_inner">
<h3><strong>Samedi 19 avril : Samedi Saint</strong></h3>
<h3><strong>Journée de prière et de confessions</strong></h3>
</div>
</div>
</div>
</div>
<div class="et_pb_row et_pb_row_15">
<div class="et_pb_column et_pb_column_4_4 et_pb_column_15 et_pb_css_mix_blend_mode_passthrough et-last-child">
<div class="et_pb_module et_pb_text et_pb_text_14 et_pb_text_align_left et_pb_bg_layout_light">
<div class="et_pb_text_inner">
<p>8h30 prière du chapelet et prière des Laudes rdv au parking de la Poste</p>
<p>10h00 homélie de la solitude de Marie à l’église de Jonzac</p>
<p>10h30 – 12h30 chapelet continuel et confessions</p>
<p>17h00 rencontre avec les jeunes rdv aux salles paroissiales</p>
<p>21h00 Veillée Pascale à l’église de Jonzac – vin chaud sur le parvis de l’église</p>
</div>
</div>
</div>
</div>
</div>
<div class="et_pb_row et_pb_row_16">
<h3><strong>Dimanche 20 avril : Dimanche de Pâques</strong></h3>
<div class="et_pb_row et_pb_row_15">
<div class="et_pb_column et_pb_column_4_4 et_pb_column_15 et_pb_css_mix_blend_mode_passthrough et-last-child">
<div class="et_pb_module et_pb_text et_pb_text_14 et_pb_text_align_left et_pb_bg_layout_light">
<div class="et_pb_text_inner">
<p>11h Sainte Messe de clôture de la mission populaire à l&rsquo;église de Jonzac</p>
<p>12h15 spectacle final sur le parvis de l&rsquo;église et apéritif</p>
</div>
</div>
</div>
</div>
</div>

<p>Jeudi 17 avril : Jeudi Saint Journée du Saint Sacrement 7h30 prière des laudes 8h00 prière du chapelet rdv sur le parvis du cloître des Carmes 10h visite des maisons [&hellip;]</p>
