{"id":10339,"date":"2025-04-12T19:41:54","date_gmt":"2025-04-12T17:41:54","guid":{"rendered":"https:\/\/catholiques17.fr\/jonzac\/?post_type=tribe_events&#038;p=10339"},"modified":"2025-04-12T19:41:54","modified_gmt":"2025-04-12T17:41:54","slug":"patronage-de-la-mission-populaire","status":"publish","type":"tribe_events","link":"https:\/\/catholiques17.fr\/jonzac\/event\/patronage-de-la-mission-populaire\/","title":{"rendered":"Patronage de la mission populaire"},"content":{"rendered":"<p>Tous les enfants qui le souhaitent peuvent se joindre \u00e0 nous mercredi 16 avril de 9h \u00e0 18h aux salles paroissiales pr\u00e8s du parking Paul Bert pour le patronage avec les jeunes de la mission populaire qui viennent sp\u00e9cialement pour nous du Luxembourg !<\/p>\n","protected":false},"excerpt":{"rendered":"<p>Tous les enfants qui le souhaitent peuvent se joindre \u00e0 nous mercredi 16 avril de 9h \u00e0 18h aux salles paroissiales pr\u00e8s du parking Paul Bert pour le patronage avec [&hellip;]<\/p>\n","protected":false},"author":65,"featured_media":10340,"template":"","meta":{"_et_pb_use_builder":"","_et_pb_old_content":"","_et_gb_content_width":"","_tribe_events_status":"","_tribe_events_status_reason":"","footnotes":""},"tags":[],"tribe_events_cat":[],"class_list":["post-10339","tribe_events","type-tribe_events","status-publish","has-post-thumbnail","hentry"],"_links":{"self":[{"href":"https:\/\/catholiques17.fr\/jonzac\/wp-json\/wp\/v2\/tribe_events\/10339","targetHints":{"allow":["GET"]}}],"collection":[{"href":"https:\/\/catholiques17.fr\/jonzac\/wp-json\/wp\/v2\/tribe_events"}],"about":[{"href":"https:\/\/catholiques17.fr\/jonzac\/wp-json\/wp\/v2\/types\/tribe_events"}],"author":[{"embeddable":true,"href":"https:\/\/catholiques17.fr\/jonzac\/wp-json\/wp\/v2\/users\/65"}],"version-history":[{"count":1,"href":"https:\/\/catholiques17.fr\/jonzac\/wp-json\/wp\/v2\/tribe_events\/10339\/revisions"}],"predecessor-version":[{"id":10341,"href":"https:\/\/catholiques17.fr\/jonzac\/wp-json\/wp\/v2\/tribe_events\/10339\/revisions\/10341"}],"wp:featuredmedia":[{"embeddable":true,"href":"https:\/\/catholiques17.fr\/jonzac\/wp-json\/wp\/v2\/media\/10340"}],"wp:attachment":[{"href":"https:\/\/catholiques17.fr\/jonzac\/wp-json\/wp\/v2\/media?parent=10339"}],"wp:term":[{"taxonomy":"post_tag","embeddable":true,"href":"https:\/\/catholiques17.fr\/jonzac\/wp-json\/wp\/v2\/tags?post=10339"},{"taxonomy":"tribe_events_cat","embeddable":true,"href":"https:\/\/catholiques17.fr\/jonzac\/wp-json\/wp\/v2\/tribe_events_cat?post=10339"}],"curies":[{"name":"wp","href":"https:\/\/api.w.org\/{rel}","templated":true}]}}

<p>Tous les enfants qui le souhaitent peuvent se joindre à nous mercredi 16 avril de 9h à 18h aux salles paroissiales près du parking Paul Bert pour le patronage avec les jeunes de la mission populaire qui viennent spécialement pour nous du Luxembourg !</p>

<p>Tous les enfants qui le souhaitent peuvent se joindre à nous mercredi 16 avril de 9h à 18h aux salles paroissiales près du parking Paul Bert pour le patronage avec [&hellip;]</p>
