{"id":10169,"date":"2025-03-16T18:50:14","date_gmt":"2025-03-16T17:50:14","guid":{"rendered":"https:\/\/catholiques17.fr\/jonzac\/?post_type=tribe_events&#038;p=10169"},"modified":"2025-04-06T08:16:08","modified_gmt":"2025-04-06T06:16:08","slug":"creusons-un-sillon-vers-lesperance","status":"publish","type":"tribe_events","link":"https:\/\/catholiques17.fr\/jonzac\/event\/creusons-un-sillon-vers-lesperance\/","title":{"rendered":"R\u00e9coltons les fruits de l&rsquo;esp\u00e9rance"},"content":{"rendered":"<p>La messe du 5\u00e8me dimanche de Car\u00eame sera c\u00e9l\u00e9br\u00e9e le dimanche 6 avril \u00e0 11h \u00e0 l&rsquo;\u00e9glise de Jonzac<\/p>\n","protected":false},"excerpt":{"rendered":"<p>La messe du 5\u00e8me dimanche de Car\u00eame sera c\u00e9l\u00e9br\u00e9e le dimanche 6 avril \u00e0 11h \u00e0 l&rsquo;\u00e9glise de Jonzac<\/p>\n","protected":false},"author":65,"featured_media":10300,"template":"","meta":{"_et_pb_use_builder":"","_et_pb_old_content":"","_et_gb_content_width":"","_tribe_events_status":"","_tribe_events_status_reason":"","footnotes":""},"tags":[],"tribe_events_cat":[38,26,35],"class_list":["post-10169","tribe_events","type-tribe_events","status-publish","has-post-thumbnail","hentry","tribe_events_cat-doyenne","tribe_events_cat-messe","tribe_events_cat-paroisse","cat_doyenne","cat_messe","cat_paroisse"],"_links":{"self":[{"href":"https:\/\/catholiques17.fr\/jonzac\/wp-json\/wp\/v2\/tribe_events\/10169","targetHints":{"allow":["GET"]}}],"collection":[{"href":"https:\/\/catholiques17.fr\/jonzac\/wp-json\/wp\/v2\/tribe_events"}],"about":[{"href":"https:\/\/catholiques17.fr\/jonzac\/wp-json\/wp\/v2\/types\/tribe_events"}],"author":[{"embeddable":true,"href":"https:\/\/catholiques17.fr\/jonzac\/wp-json\/wp\/v2\/users\/65"}],"version-history":[{"count":4,"href":"https:\/\/catholiques17.fr\/jonzac\/wp-json\/wp\/v2\/tribe_events\/10169\/revisions"}],"predecessor-version":[{"id":10301,"href":"https:\/\/catholiques17.fr\/jonzac\/wp-json\/wp\/v2\/tribe_events\/10169\/revisions\/10301"}],"wp:featuredmedia":[{"embeddable":true,"href":"https:\/\/catholiques17.fr\/jonzac\/wp-json\/wp\/v2\/media\/10300"}],"wp:attachment":[{"href":"https:\/\/catholiques17.fr\/jonzac\/wp-json\/wp\/v2\/media?parent=10169"}],"wp:term":[{"taxonomy":"post_tag","embeddable":true,"href":"https:\/\/catholiques17.fr\/jonzac\/wp-json\/wp\/v2\/tags?post=10169"},{"taxonomy":"tribe_events_cat","embeddable":true,"href":"https:\/\/catholiques17.fr\/jonzac\/wp-json\/wp\/v2\/tribe_events_cat?post=10169"}],"curies":[{"name":"wp","href":"https:\/\/api.w.org\/{rel}","templated":true}]}}

Récoltons les fruits de l&rsquo;espérance

<p>La messe du 5ème dimanche de Carême sera célébrée le dimanche 6 avril à 11h à l&rsquo;église de Jonzac</p>
