{"id":10166,"date":"2025-03-16T18:46:59","date_gmt":"2025-03-16T17:46:59","guid":{"rendered":"https:\/\/catholiques17.fr\/jonzac\/?post_type=tribe_events&#038;p=10166"},"modified":"2025-03-16T18:46:59","modified_gmt":"2025-03-16T17:46:59","slug":"pelerinage-des-peres-de-familles","status":"publish","type":"tribe_events","link":"https:\/\/catholiques17.fr\/jonzac\/event\/pelerinage-des-peres-de-familles\/","title":{"rendered":"P\u00e8lerinage des p\u00e8res de familles"},"content":{"rendered":"<div class=\"tribe-events-single-event-description tribe-events-content\">\n<p class=\"cvGsUA direction-ltr align-justify para-style-body\"><span class=\"OYPEnA font-feature-liga-off font-feature-clig-off font-feature-calt-off text-decoration-none text-strikethrough-none\">P\u00e8lerinage\u00a0<\/span><span class=\"OYPEnA font-feature-liga-off font-feature-clig-off font-feature-calt-off text-decoration-none text-strikethrough-none\">des p\u00e8res de famille\u00a0<\/span><span class=\"OYPEnA font-feature-liga-off font-feature-clig-off font-feature-calt-off text-decoration-none text-strikethrough-none\">de Jonzac \u00e0 Pons, les 22 et 23 mars 2025<\/span><\/p>\n<p class=\"cvGsUA direction-ltr align-end para-style-body\"><span class=\"OYPEnA font-feature-liga-off font-feature-clig-off font-feature-calt-off text-decoration-none text-strikethrough-none\">Marche d\u2019une vingtaine de kilom\u00e8tres,\u00a0<\/span><span class=\"OYPEnA font-feature-liga-off font-feature-clig-off font-feature-calt-off text-decoration-none text-strikethrough-none\">temps de pri\u00e8re, r\u00e9flexions, \u00e9changes et convivialit\u00e9<\/span><\/p>\n<p class=\"cvGsUA direction-ltr align-end para-style-body\"><span class=\"OYPEnA font-feature-liga-off font-feature-clig-off font-feature-calt-off text-decoration-none text-strikethrough-none\">Renseignements et inscriptions :\u00a0<\/span><span class=\"OYPEnA font-feature-liga-off font-feature-clig-off font-feature-calt-off text-decoration-none text-strikethrough-none\">renault.hugues17@gmail.com \u2013 06 08 54 22 81\u00a0<\/span><\/p>\n<\/div>\n","protected":false},"excerpt":{"rendered":"<p>P\u00e8lerinage\u00a0des p\u00e8res de famille\u00a0de Jonzac \u00e0 Pons, les 22 et 23 mars 2025 Marche d\u2019une vingtaine de kilom\u00e8tres,\u00a0temps de pri\u00e8re, r\u00e9flexions, \u00e9changes et convivialit\u00e9 Renseignements et inscriptions :\u00a0renault.hugues17@gmail.com \u2013 06 [&hellip;]<\/p>\n","protected":false},"author":65,"featured_media":10164,"template":"","meta":{"_et_pb_use_builder":"","_et_pb_old_content":"","_et_gb_content_width":"","_tribe_events_status":"","_tribe_events_status_reason":"","footnotes":""},"tags":[],"tribe_events_cat":[39,26,35,28,44],"class_list":["post-10166","tribe_events","type-tribe_events","status-publish","has-post-thumbnail","hentry","tribe_events_cat-diocese","tribe_events_cat-messe","tribe_events_cat-paroisse","tribe_events_cat-pelerinage","tribe_events_cat-randonnee","cat_diocese","cat_messe","cat_paroisse","cat_pelerinage","cat_randonnee"],"_links":{"self":[{"href":"https:\/\/catholiques17.fr\/jonzac\/wp-json\/wp\/v2\/tribe_events\/10166","targetHints":{"allow":["GET"]}}],"collection":[{"href":"https:\/\/catholiques17.fr\/jonzac\/wp-json\/wp\/v2\/tribe_events"}],"about":[{"href":"https:\/\/catholiques17.fr\/jonzac\/wp-json\/wp\/v2\/types\/tribe_events"}],"author":[{"embeddable":true,"href":"https:\/\/catholiques17.fr\/jonzac\/wp-json\/wp\/v2\/users\/65"}],"version-history":[{"count":1,"href":"https:\/\/catholiques17.fr\/jonzac\/wp-json\/wp\/v2\/tribe_events\/10166\/revisions"}],"predecessor-version":[{"id":10168,"href":"https:\/\/catholiques17.fr\/jonzac\/wp-json\/wp\/v2\/tribe_events\/10166\/revisions\/10168"}],"wp:featuredmedia":[{"embeddable":true,"href":"https:\/\/catholiques17.fr\/jonzac\/wp-json\/wp\/v2\/media\/10164"}],"wp:attachment":[{"href":"https:\/\/catholiques17.fr\/jonzac\/wp-json\/wp\/v2\/media?parent=10166"}],"wp:term":[{"taxonomy":"post_tag","embeddable":true,"href":"https:\/\/catholiques17.fr\/jonzac\/wp-json\/wp\/v2\/tags?post=10166"},{"taxonomy":"tribe_events_cat","embeddable":true,"href":"https:\/\/catholiques17.fr\/jonzac\/wp-json\/wp\/v2\/tribe_events_cat?post=10166"}],"curies":[{"name":"wp","href":"https:\/\/api.w.org\/{rel}","templated":true}]}}

Pèlerinage des pères de familles

<div class="tribe-events-single-event-description tribe-events-content">
<p class="cvGsUA direction-ltr align-justify para-style-body"><span class="OYPEnA font-feature-liga-off font-feature-clig-off font-feature-calt-off text-decoration-none text-strikethrough-none">Pèlerinage </span><span class="OYPEnA font-feature-liga-off font-feature-clig-off font-feature-calt-off text-decoration-none text-strikethrough-none">des pères de famille </span><span class="OYPEnA font-feature-liga-off font-feature-clig-off font-feature-calt-off text-decoration-none text-strikethrough-none">de Jonzac à Pons, les 22 et 23 mars 2025</span></p>
<p class="cvGsUA direction-ltr align-end para-style-body"><span class="OYPEnA font-feature-liga-off font-feature-clig-off font-feature-calt-off text-decoration-none text-strikethrough-none">Marche d’une vingtaine de kilomètres, </span><span class="OYPEnA font-feature-liga-off font-feature-clig-off font-feature-calt-off text-decoration-none text-strikethrough-none">temps de prière, réflexions, échanges et convivialité</span></p>
<p class="cvGsUA direction-ltr align-end para-style-body"><span class="OYPEnA font-feature-liga-off font-feature-clig-off font-feature-calt-off text-decoration-none text-strikethrough-none">Renseignements et inscriptions : </span><span class="OYPEnA font-feature-liga-off font-feature-clig-off font-feature-calt-off text-decoration-none text-strikethrough-none">renault.hugues17@gmail.com – 06 08 54 22 81 </span></p>
</div>

<p>Pèlerinage des pères de famille de Jonzac à Pons, les 22 et 23 mars 2025 Marche d’une vingtaine de kilomètres, temps de prière, réflexions, échanges et convivialité Renseignements et inscriptions : renault.hugues17@gmail.com – 06 [&hellip;]</p>
