{"id":7308,"date":"2024-06-27T15:20:05","date_gmt":"2024-06-27T13:20:05","guid":{"rendered":"https:\/\/catholiques17.fr\/jonzac\/?page_id=7308"},"modified":"2025-08-23T18:36:56","modified_gmt":"2025-08-23T16:36:56","slug":"parcours-biblique","status":"publish","type":"page","link":"https:\/\/catholiques17.fr\/jonzac\/grandir-dans-la-foi-2\/parcours-biblique\/","title":{"rendered":"Parcours biblique"},"content":{"rendered":"<p>[et_pb_section fb_built=\u00a0\u00bb1&Prime; _builder_version=\u00a0\u00bb4.16&Prime; _module_preset=\u00a0\u00bbdefault\u00a0\u00bb custom_padding=\u00a0\u00bb3px|||||\u00a0\u00bb global_colors_info=\u00a0\u00bb{}\u00a0\u00bb theme_builder_area=\u00a0\u00bbpost_content\u00a0\u00bb][et_pb_row column_structure=\u00a0\u00bb1_3,1_3,1_3&Prime; _builder_version=\u00a0\u00bb4.21.0&Prime; _module_preset=\u00a0\u00bbdefault\u00a0\u00bb global_colors_info=\u00a0\u00bb{}\u00a0\u00bb theme_builder_area=\u00a0\u00bbpost_content\u00a0\u00bb][et_pb_column type=\u00a0\u00bb1_3&Prime; _builder_version=\u00a0\u00bb4.21.0&Prime; _module_preset=\u00a0\u00bbdefault\u00a0\u00bb global_colors_info=\u00a0\u00bb{}\u00a0\u00bb theme_builder_area=\u00a0\u00bbpost_content\u00a0\u00bb][et_pb_image src=\u00a0\u00bbhttps:\/\/catholiques17.fr\/jonzac\/wp-content\/uploads\/sites\/39\/2024\/10\/DSC08039.jpg\u00a0\u00bb title_text=\u00a0\u00bbDSC08039&Prime; _builder_version=\u00a0\u00bb4.21.0&Prime; _module_preset=\u00a0\u00bbdefault\u00a0\u00bb global_colors_info=\u00a0\u00bb{}\u00a0\u00bb theme_builder_area=\u00a0\u00bbpost_content\u00a0\u00bb][\/et_pb_image][et_pb_image src=\u00a0\u00bbhttps:\/\/catholiques17.fr\/jonzac\/wp-content\/uploads\/sites\/39\/2024\/10\/DSC08078.jpg\u00a0\u00bb title_text=\u00a0\u00bbDSC08078&Prime; _builder_version=\u00a0\u00bb4.21.0&Prime; _module_preset=\u00a0\u00bbdefault\u00a0\u00bb global_colors_info=\u00a0\u00bb{}\u00a0\u00bb theme_builder_area=\u00a0\u00bbpost_content\u00a0\u00bb][\/et_pb_image][\/et_pb_column][et_pb_column type=\u00a0\u00bb1_3&Prime; _builder_version=\u00a0\u00bb4.21.0&Prime; _module_preset=\u00a0\u00bbdefault\u00a0\u00bb global_colors_info=\u00a0\u00bb{}\u00a0\u00bb theme_builder_area=\u00a0\u00bbpost_content\u00a0\u00bb][et_pb_text _builder_version=\u00a0\u00bb4.21.0&Prime; _module_preset=\u00a0\u00bbdefault\u00a0\u00bb global_colors_info=\u00a0\u00bb{}\u00a0\u00bb theme_builder_area=\u00a0\u00bbpost_content\u00a0\u00bb]<\/p>\n<p>Dans l\u2019\u00e9vangile, J\u00e9sus n\u2019arr\u00eate pas, il est toujours en marche&#8230; Et les autres sont ceux qui orientent sa marche. Pour nous, vivre avec la parole, c\u2019est la partager, anim\u00e9 par cette m\u00eame passion.<\/p>\n<p><em>\u00ab\u00a0quand deux ou trois sont r\u00e9unis en mon nom, je suis l\u00e0, au milieu d\u2019eux.\u00a0\u00bb Matthieu 18, 20<\/em><\/p>\n<p>[\/et_pb_text][et_pb_text _builder_version=\u00a0\u00bb4.21.0&Prime; _module_preset=\u00a0\u00bbdefault\u00a0\u00bb global_colors_info=\u00a0\u00bb{}\u00a0\u00bb theme_builder_area=\u00a0\u00bbpost_content\u00a0\u00bb]<\/p>\n<h2>2 parcours de cat\u00e9ch\u00e8se vous sont propos\u00e9s :<\/h2>\n<p>Parcours pour les jeunes lyc\u00e9ens : 2\u00e8me et 4\u00e8me vendredis du mois de 18h \u00e0 19h aux salles paroissiales<\/p>\n<p>Parcours pour les adultes : 2\u00e8me et 4\u00e8me mardis du mois de 18h \u00e0 19h aux salles paroissiales<\/p>\n<p>Ces parcours vous permettent de vous pr\u00e9parer aux sacrements de l&rsquo;initiation chr\u00e9tienne : bapt\u00eame, communion, confirmation. Ils peuvent aussi vous aider \u00e0 approfondir votre foi en partageant la parole de Dieu avec d&rsquo;autres paroissiens.<\/p>\n<p>[\/et_pb_text][\/et_pb_column][et_pb_column type=\u00a0\u00bb1_3&Prime; _builder_version=\u00a0\u00bb4.21.0&Prime; _module_preset=\u00a0\u00bbdefault\u00a0\u00bb global_colors_info=\u00a0\u00bb{}\u00a0\u00bb theme_builder_area=\u00a0\u00bbpost_content\u00a0\u00bb][et_pb_image src=\u00a0\u00bbhttps:\/\/catholiques17.fr\/jonzac\/wp-content\/uploads\/sites\/39\/2024\/09\/panneau.gif\u00a0\u00bb title_text=\u00a0\u00bbpanneau\u00a0\u00bb _builder_version=\u00a0\u00bb4.21.0&Prime; _module_preset=\u00a0\u00bbdefault\u00a0\u00bb global_colors_info=\u00a0\u00bb{}\u00a0\u00bb theme_builder_area=\u00a0\u00bbpost_content\u00a0\u00bb][\/et_pb_image][et_pb_image src=\u00a0\u00bbhttps:\/\/catholiques17.fr\/jonzac\/wp-content\/uploads\/sites\/39\/2024\/10\/photo-ciel-nuage-oiseau.jpg\u00a0\u00bb title_text=\u00a0\u00bbphoto ciel nuage oiseau\u00a0\u00bb _builder_version=\u00a0\u00bb4.21.0&Prime; _module_preset=\u00a0\u00bbdefault\u00a0\u00bb global_colors_info=\u00a0\u00bb{}\u00a0\u00bb theme_builder_area=\u00a0\u00bbpost_content\u00a0\u00bb][\/et_pb_image][\/et_pb_column][\/et_pb_row][\/et_pb_section]<\/p>\n","protected":false},"excerpt":{"rendered":"<p>Dans l\u2019\u00e9vangile, J\u00e9sus n\u2019arr\u00eate pas, il est toujours en marche&#8230; Et les autres sont ceux qui orientent sa marche. Pour nous, vivre avec la parole, c\u2019est la partager, anim\u00e9 par [&hellip;]<\/p>\n","protected":false},"author":4,"featured_media":0,"parent":7310,"menu_order":0,"comment_status":"closed","ping_status":"closed","template":"","meta":{"_et_pb_use_builder":"on","_et_pb_old_content":"<!-- wp:divi\/placeholder \/-->","_et_gb_content_width":"","footnotes":""},"class_list":["post-7308","page","type-page","status-publish","hentry"],"_links":{"self":[{"href":"https:\/\/catholiques17.fr\/jonzac\/wp-json\/wp\/v2\/pages\/7308","targetHints":{"allow":["GET"]}}],"collection":[{"href":"https:\/\/catholiques17.fr\/jonzac\/wp-json\/wp\/v2\/pages"}],"about":[{"href":"https:\/\/catholiques17.fr\/jonzac\/wp-json\/wp\/v2\/types\/page"}],"author":[{"embeddable":true,"href":"https:\/\/catholiques17.fr\/jonzac\/wp-json\/wp\/v2\/users\/4"}],"replies":[{"embeddable":true,"href":"https:\/\/catholiques17.fr\/jonzac\/wp-json\/wp\/v2\/comments?post=7308"}],"version-history":[{"count":14,"href":"https:\/\/catholiques17.fr\/jonzac\/wp-json\/wp\/v2\/pages\/7308\/revisions"}],"predecessor-version":[{"id":11083,"href":"https:\/\/catholiques17.fr\/jonzac\/wp-json\/wp\/v2\/pages\/7308\/revisions\/11083"}],"up":[{"embeddable":true,"href":"https:\/\/catholiques17.fr\/jonzac\/wp-json\/wp\/v2\/pages\/7310"}],"wp:attachment":[{"href":"https:\/\/catholiques17.fr\/jonzac\/wp-json\/wp\/v2\/media?parent=7308"}],"curies":[{"name":"wp","href":"https:\/\/api.w.org\/{rel}","templated":true}]}}

<p>[et_pb_section fb_built= »1&Prime; _builder_version= »4.16&Prime; _module_preset= »default » custom_padding= »3px||||| » global_colors_info= »{} » theme_builder_area= »post_content »][et_pb_row column_structure= »1_3,1_3,1_3&Prime; _builder_version= »4.21.0&Prime; _module_preset= »default » global_colors_info= »{} » theme_builder_area= »post_content »][et_pb_column type= »1_3&Prime; _builder_version= »4.21.0&Prime; _module_preset= »default » global_colors_info= »{} » theme_builder_area= »post_content »][et_pb_image src= »https://catholiques17.fr/jonzac/wp-content/uploads/sites/39/2024/10/DSC08039.jpg » title_text= »DSC08039&Prime; _builder_version= »4.21.0&Prime; _module_preset= »default » global_colors_info= »{} » theme_builder_area= »post_content »][/et_pb_image][et_pb_image src= »https://catholiques17.fr/jonzac/wp-content/uploads/sites/39/2024/10/DSC08078.jpg » title_text= »DSC08078&Prime; _builder_version= »4.21.0&Prime; _module_preset= »default » global_colors_info= »{} » theme_builder_area= »post_content »][/et_pb_image][/et_pb_column][et_pb_column type= »1_3&Prime; _builder_version= »4.21.0&Prime; _module_preset= »default » global_colors_info= »{} » theme_builder_area= »post_content »][et_pb_text _builder_version= »4.21.0&Prime; _module_preset= »default » global_colors_info= »{} » theme_builder_area= »post_content »]</p>
<p>Dans l’évangile, Jésus n’arrête pas, il est toujours en marche&#8230; Et les autres sont ceux qui orientent sa marche. Pour nous, vivre avec la parole, c’est la partager, animé par cette même passion.</p>
<p><em>« quand deux ou trois sont réunis en mon nom, je suis là, au milieu d’eux. » Matthieu 18, 20</em></p>
<p>[/et_pb_text][et_pb_text _builder_version= »4.21.0&Prime; _module_preset= »default » global_colors_info= »{} » theme_builder_area= »post_content »]</p>
<h2>2 parcours de catéchèse vous sont proposés :</h2>
<p>Parcours pour les jeunes lycéens : 2ème et 4ème vendredis du mois de 18h à 19h aux salles paroissiales</p>
<p>Parcours pour les adultes : 2ème et 4ème mardis du mois de 18h à 19h aux salles paroissiales</p>
<p>Ces parcours vous permettent de vous préparer aux sacrements de l&rsquo;initiation chrétienne : baptême, communion, confirmation. Ils peuvent aussi vous aider à approfondir votre foi en partageant la parole de Dieu avec d&rsquo;autres paroissiens.</p>
<p>[/et_pb_text][/et_pb_column][et_pb_column type= »1_3&Prime; _builder_version= »4.21.0&Prime; _module_preset= »default » global_colors_info= »{} » theme_builder_area= »post_content »][et_pb_image src= »https://catholiques17.fr/jonzac/wp-content/uploads/sites/39/2024/09/panneau.gif » title_text= »panneau » _builder_version= »4.21.0&Prime; _module_preset= »default » global_colors_info= »{} » theme_builder_area= »post_content »][/et_pb_image][et_pb_image src= »https://catholiques17.fr/jonzac/wp-content/uploads/sites/39/2024/10/photo-ciel-nuage-oiseau.jpg » title_text= »photo ciel nuage oiseau » _builder_version= »4.21.0&Prime; _module_preset= »default » global_colors_info= »{} » theme_builder_area= »post_content »][/et_pb_image][/et_pb_column][/et_pb_row][/et_pb_section]</p>

<p>Dans l’évangile, Jésus n’arrête pas, il est toujours en marche&#8230; Et les autres sont ceux qui orientent sa marche. Pour nous, vivre avec la parole, c’est la partager, animé par [&hellip;]</p>
