{"id":7306,"date":"2024-06-27T15:19:52","date_gmt":"2024-06-27T13:19:52","guid":{"rendered":"https:\/\/catholiques17.fr\/jonzac\/?page_id=7306"},"modified":"2024-11-16T14:00:27","modified_gmt":"2024-11-16T13:00:27","slug":"vie-de-priere","status":"publish","type":"page","link":"https:\/\/catholiques17.fr\/jonzac\/grandir-dans-la-foi-2\/vie-de-priere\/","title":{"rendered":"Vie de pri\u00e8re"},"content":{"rendered":"<p>[et_pb_section fb_built=\u00a0\u00bb1&Prime; _builder_version=\u00a0\u00bb4.16&Prime; _module_preset=\u00a0\u00bbdefault\u00a0\u00bb custom_padding=\u00a0\u00bb5px|||||\u00a0\u00bb global_colors_info=\u00a0\u00bb{}\u00a0\u00bb theme_builder_area=\u00a0\u00bbpost_content\u00a0\u00bb][et_pb_row column_structure=\u00a0\u00bb2_5,3_5&Prime; _builder_version=\u00a0\u00bb4.21.0&Prime; _module_preset=\u00a0\u00bbdefault\u00a0\u00bb custom_padding=\u00a0\u00bb6px|||||\u00a0\u00bb global_colors_info=\u00a0\u00bb{}\u00a0\u00bb theme_builder_area=\u00a0\u00bbpost_content\u00a0\u00bb][et_pb_column type=\u00a0\u00bb2_5&Prime; _builder_version=\u00a0\u00bb4.21.0&Prime; _module_preset=\u00a0\u00bbdefault\u00a0\u00bb global_colors_info=\u00a0\u00bb{}\u00a0\u00bb theme_builder_area=\u00a0\u00bbpost_content\u00a0\u00bb][et_pb_image src=\u00a0\u00bbhttps:\/\/catholiques17.fr\/jonzac\/wp-content\/uploads\/sites\/39\/2024\/09\/lecture-de-la-parole-de-Dieu.jpg\u00a0\u00bb title_text=\u00a0\u00bblecture de la parole de Dieu\u00a0\u00bb _builder_version=\u00a0\u00bb4.21.0&Prime; _module_preset=\u00a0\u00bbdefault\u00a0\u00bb animation_style=\u00a0\u00bbslide\u00a0\u00bb border_radii=\u00a0\u00bbon|20px|20px|20px|20px\u00a0\u00bb global_colors_info=\u00a0\u00bb{}\u00a0\u00bb theme_builder_area=\u00a0\u00bbpost_content\u00a0\u00bb][\/et_pb_image][\/et_pb_column][et_pb_column type=\u00a0\u00bb3_5&Prime; _builder_version=\u00a0\u00bb4.21.0&Prime; _module_preset=\u00a0\u00bbdefault\u00a0\u00bb global_colors_info=\u00a0\u00bb{}\u00a0\u00bb theme_builder_area=\u00a0\u00bbpost_content\u00a0\u00bb][et_pb_text _builder_version=\u00a0\u00bb4.21.0&Prime; _module_preset=\u00a0\u00bbdefault\u00a0\u00bb global_colors_info=\u00a0\u00bb{}\u00a0\u00bb theme_builder_area=\u00a0\u00bbpost_content\u00a0\u00bb]<\/p>\n<p>Seigneur, cette graine en nous est tomb\u00e9e.<br \/>Accorde-nous de la recevoir avec humilit\u00e9 et dans l\u2019amour pour nos fr\u00e8res.<br \/>Rappelle-nous toujours que cette graine nous est donn\u00e9e<\/p>\n<p>Seigneur ! Envoie ta semence \u00e0 tous nos fr\u00e8res.<br \/>Ne regarde pas trop les soucis, les peines, les fausses joies qui jonchent nos c\u0153urs et le monde.<br \/>S\u00e8me, Seigneur ! Tu es patient : alors, donne \u00e0 chacun la chance de porter du fruit, pour pousser, grandir et porter du fruit au grand soleil de la Vie.<\/p>\n<p>Seigneur, nous avons faim et soif de ta Parole, m\u00eame quand nous croyons pouvoir nous en passer.<br \/>Continue de la semer en nous, et que tous nous puissions la recevoir largement.<\/p>\n<p>[\/et_pb_text][\/et_pb_column][\/et_pb_row][et_pb_row column_structure=\u00a0\u00bb1_3,1_3,1_3&Prime; _builder_version=\u00a0\u00bb4.21.0&Prime; _module_preset=\u00a0\u00bbdefault\u00a0\u00bb global_colors_info=\u00a0\u00bb{}\u00a0\u00bb theme_builder_area=\u00a0\u00bbpost_content\u00a0\u00bb][et_pb_column type=\u00a0\u00bb1_3&Prime; _builder_version=\u00a0\u00bb4.21.0&Prime; _module_preset=\u00a0\u00bbdefault\u00a0\u00bb global_colors_info=\u00a0\u00bb{}\u00a0\u00bb theme_builder_area=\u00a0\u00bbpost_content\u00a0\u00bb][et_pb_image src=\u00a0\u00bbhttps:\/\/catholiques17.fr\/jonzac\/wp-content\/uploads\/sites\/39\/2024\/09\/procession-dentree.jpg\u00a0\u00bb title_text=\u00a0\u00bbprocession d&rsquo;entr\u00e9e\u00a0\u00bb _builder_version=\u00a0\u00bb4.21.0&Prime; _module_preset=\u00a0\u00bbdefault\u00a0\u00bb global_colors_info=\u00a0\u00bb{}\u00a0\u00bb theme_builder_area=\u00a0\u00bbpost_content\u00a0\u00bb][\/et_pb_image][\/et_pb_column][et_pb_column type=\u00a0\u00bb1_3&Prime; _builder_version=\u00a0\u00bb4.21.0&Prime; _module_preset=\u00a0\u00bbdefault\u00a0\u00bb global_colors_info=\u00a0\u00bb{}\u00a0\u00bb theme_builder_area=\u00a0\u00bbpost_content\u00a0\u00bb][et_pb_image src=\u00a0\u00bbhttps:\/\/catholiques17.fr\/jonzac\/wp-content\/uploads\/sites\/39\/2024\/09\/ambon-ble-et-eau-.jpg\u00a0\u00bb title_text=\u00a0\u00bbambon bl\u00e9 et eau\u00a0\u00bb _builder_version=\u00a0\u00bb4.21.0&Prime; _module_preset=\u00a0\u00bbdefault\u00a0\u00bb global_colors_info=\u00a0\u00bb{}\u00a0\u00bb theme_builder_area=\u00a0\u00bbpost_content\u00a0\u00bb][\/et_pb_image][\/et_pb_column][et_pb_column type=\u00a0\u00bb1_3&Prime; _builder_version=\u00a0\u00bb4.21.0&Prime; _module_preset=\u00a0\u00bbdefault\u00a0\u00bb global_colors_info=\u00a0\u00bb{}\u00a0\u00bb theme_builder_area=\u00a0\u00bbpost_content\u00a0\u00bb][et_pb_image src=\u00a0\u00bbhttps:\/\/catholiques17.fr\/jonzac\/wp-content\/uploads\/sites\/39\/2024\/09\/allez-et-demeurez-dans-la-joie-lamour-et-lesperance-du-Christ.jpg\u00a0\u00bb title_text=\u00a0\u00bballez et demeurez dans la joie l&rsquo;amour et l&rsquo;esp\u00e9rance du Christ\u00a0\u00bb _builder_version=\u00a0\u00bb4.21.0&Prime; _module_preset=\u00a0\u00bbdefault\u00a0\u00bb global_colors_info=\u00a0\u00bb{}\u00a0\u00bb theme_builder_area=\u00a0\u00bbpost_content\u00a0\u00bb][\/et_pb_image][\/et_pb_column][\/et_pb_row][et_pb_row _builder_version=\u00a0\u00bb4.21.0&Prime; _module_preset=\u00a0\u00bbdefault\u00a0\u00bb global_colors_info=\u00a0\u00bb{}\u00a0\u00bb theme_builder_area=\u00a0\u00bbpost_content\u00a0\u00bb][et_pb_column type=\u00a0\u00bb4_4&Prime; _builder_version=\u00a0\u00bb4.21.0&Prime; _module_preset=\u00a0\u00bbdefault\u00a0\u00bb global_colors_info=\u00a0\u00bb{}\u00a0\u00bb theme_builder_area=\u00a0\u00bbpost_content\u00a0\u00bb][et_pb_divider color=\u00a0\u00bb#F49A24&Prime; divider_weight=\u00a0\u00bb2px\u00a0\u00bb _builder_version=\u00a0\u00bb4.21.0&Prime; _module_preset=\u00a0\u00bbdefault\u00a0\u00bb global_colors_info=\u00a0\u00bb{}\u00a0\u00bb theme_builder_area=\u00a0\u00bbpost_content\u00a0\u00bb][\/et_pb_divider][\/et_pb_column][\/et_pb_row][et_pb_row _builder_version=\u00a0\u00bb4.21.0&Prime; _module_preset=\u00a0\u00bbdefault\u00a0\u00bb global_colors_info=\u00a0\u00bb{}\u00a0\u00bb theme_builder_area=\u00a0\u00bbpost_content\u00a0\u00bb][et_pb_column type=\u00a0\u00bb4_4&Prime; _builder_version=\u00a0\u00bb4.21.0&Prime; _module_preset=\u00a0\u00bbdefault\u00a0\u00bb global_colors_info=\u00a0\u00bb{}\u00a0\u00bb theme_builder_area=\u00a0\u00bbpost_content\u00a0\u00bb][et_pb_text _builder_version=\u00a0\u00bb4.21.0&Prime; _module_preset=\u00a0\u00bbdefault\u00a0\u00bb hover_enabled=\u00a0\u00bb0&Prime; global_colors_info=\u00a0\u00bb{}\u00a0\u00bb theme_builder_area=\u00a0\u00bbpost_content\u00a0\u00bb sticky_enabled=\u00a0\u00bb0&Prime;]<\/p>\n<h4 style=\"text-align: center\"><span style=\"color: #ff9900\">Dans notre paroisse, un groupe de pri\u00e8re pour les vocations et les intentions personnelles se r\u00e9unit\u00a0 tous les mercredis de 10h \u00e0 11h \u00e0 la chapelle Notre Dame de Lourdes aux salles paroissiales. La messe y est c\u00e9l\u00e9br\u00e9e mardi mercredi et jeudi \u00e0 9h. La messe dominicale est c\u00e9l\u00e9br\u00e9e chaque dimanche \u00e0 11h \u00e0 l&rsquo;\u00e9glise de Jonzac, la messe anticip\u00e9e le samedi soir est c\u00e9l\u00e9br\u00e9e dans l&rsquo;une des \u00e9glises du <span style=\"text-decoration: underline\"><a href=\"https:\/\/catholiques17.fr\/jonzac\/histoire-et-patrimoine\/nos-eglises\/nord\/\">secteur nord<\/a><\/span>, <span style=\"text-decoration: underline\"><a href=\"https:\/\/catholiques17.fr\/jonzac\/histoire-et-patrimoine\/nos-eglises\/sud\/\">sud<\/a><\/span>,<a href=\"https:\/\/catholiques17.fr\/jonzac\/histoire-et-patrimoine\/nos-eglises\/est\/\"><\/a> <span style=\"text-decoration: underline\"><a href=\"https:\/\/catholiques17.fr\/jonzac\/histoire-et-patrimoine\/nos-eglises\/est\/\">est<\/a><\/span> ou <a href=\"https:\/\/catholiques17.fr\/jonzac\/histoire-et-patrimoine\/nos-eglises\/ouest\/\"><span style=\"text-decoration: underline\">ouest<\/span><\/a>.<br \/><\/span><\/h4>\n<h4 style=\"text-align: center\"><span style=\"color: #ff9900\">Un temps d&rsquo;adoration est propos\u00e9 tous les vendredis de 10h \u00e0 11h <\/span><\/h4>\n<h4 style=\"text-align: center\"><span style=\"color: #ff9900\">suivi de la messe \u00e0 l&rsquo;\u00e9glise de Jonzac<\/span><\/h4>\n<h4 style=\"text-align: center\"><span style=\"color: #ff9900\">Des soir\u00e9es de louanges sont organis\u00e9es le vendredi soir une fois par mois<\/span><\/h4>\n<h4 style=\"text-align: center\"><span style=\"color: #ff9900\">Si vous voulez plus de renseignements, contactez- nous :<\/span><\/h4>\n<p style=\"text-align: center\"><span style=\"color: #ff9900\">09 52 17 13 86 &#8211;\u00a0 <a href=\"mailto:paroissedejonzac@gmail.com\" target=\"_blank\" rel=\"noopener\" style=\"color: #ff9900\">paroissedejonzac@gmail.com<\/a><\/span><\/p>\n<p>[\/et_pb_text][\/et_pb_column][\/et_pb_row][\/et_pb_section]<\/p>\n","protected":false},"excerpt":{"rendered":"<p>Seigneur, cette graine en nous est tomb\u00e9e.Accorde-nous de la recevoir avec humilit\u00e9 et dans l\u2019amour pour nos fr\u00e8res.Rappelle-nous toujours que cette graine nous est donn\u00e9e Seigneur ! Envoie ta semence [&hellip;]<\/p>\n","protected":false},"author":4,"featured_media":0,"parent":7310,"menu_order":0,"comment_status":"closed","ping_status":"closed","template":"","meta":{"_et_pb_use_builder":"on","_et_pb_old_content":"<!-- wp:divi\/placeholder \/-->","_et_gb_content_width":"","footnotes":""},"class_list":["post-7306","page","type-page","status-publish","hentry"],"_links":{"self":[{"href":"https:\/\/catholiques17.fr\/jonzac\/wp-json\/wp\/v2\/pages\/7306","targetHints":{"allow":["GET"]}}],"collection":[{"href":"https:\/\/catholiques17.fr\/jonzac\/wp-json\/wp\/v2\/pages"}],"about":[{"href":"https:\/\/catholiques17.fr\/jonzac\/wp-json\/wp\/v2\/types\/page"}],"author":[{"embeddable":true,"href":"https:\/\/catholiques17.fr\/jonzac\/wp-json\/wp\/v2\/users\/4"}],"replies":[{"embeddable":true,"href":"https:\/\/catholiques17.fr\/jonzac\/wp-json\/wp\/v2\/comments?post=7306"}],"version-history":[{"count":6,"href":"https:\/\/catholiques17.fr\/jonzac\/wp-json\/wp\/v2\/pages\/7306\/revisions"}],"predecessor-version":[{"id":9292,"href":"https:\/\/catholiques17.fr\/jonzac\/wp-json\/wp\/v2\/pages\/7306\/revisions\/9292"}],"up":[{"embeddable":true,"href":"https:\/\/catholiques17.fr\/jonzac\/wp-json\/wp\/v2\/pages\/7310"}],"wp:attachment":[{"href":"https:\/\/catholiques17.fr\/jonzac\/wp-json\/wp\/v2\/media?parent=7306"}],"curies":[{"name":"wp","href":"https:\/\/api.w.org\/{rel}","templated":true}]}}

Vie de prière

<p>[et_pb_section fb_built= »1&Prime; _builder_version= »4.16&Prime; _module_preset= »default » custom_padding= »5px||||| » global_colors_info= »{} » theme_builder_area= »post_content »][et_pb_row column_structure= »2_5,3_5&Prime; _builder_version= »4.21.0&Prime; _module_preset= »default » custom_padding= »6px||||| » global_colors_info= »{} » theme_builder_area= »post_content »][et_pb_column type= »2_5&Prime; _builder_version= »4.21.0&Prime; _module_preset= »default » global_colors_info= »{} » theme_builder_area= »post_content »][et_pb_image src= »https://catholiques17.fr/jonzac/wp-content/uploads/sites/39/2024/09/lecture-de-la-parole-de-Dieu.jpg » title_text= »lecture de la parole de Dieu » _builder_version= »4.21.0&Prime; _module_preset= »default » animation_style= »slide » border_radii= »on|20px|20px|20px|20px » global_colors_info= »{} » theme_builder_area= »post_content »][/et_pb_image][/et_pb_column][et_pb_column type= »3_5&Prime; _builder_version= »4.21.0&Prime; _module_preset= »default » global_colors_info= »{} » theme_builder_area= »post_content »][et_pb_text _builder_version= »4.21.0&Prime; _module_preset= »default » global_colors_info= »{} » theme_builder_area= »post_content »]</p>
<p>Seigneur, cette graine en nous est tombée.<br />Accorde-nous de la recevoir avec humilité et dans l’amour pour nos frères.<br />Rappelle-nous toujours que cette graine nous est donnée</p>
<p>Seigneur ! Envoie ta semence à tous nos frères.<br />Ne regarde pas trop les soucis, les peines, les fausses joies qui jonchent nos cœurs et le monde.<br />Sème, Seigneur ! Tu es patient : alors, donne à chacun la chance de porter du fruit, pour pousser, grandir et porter du fruit au grand soleil de la Vie.</p>
<p>Seigneur, nous avons faim et soif de ta Parole, même quand nous croyons pouvoir nous en passer.<br />Continue de la semer en nous, et que tous nous puissions la recevoir largement.</p>
<p>[/et_pb_text][/et_pb_column][/et_pb_row][et_pb_row column_structure= »1_3,1_3,1_3&Prime; _builder_version= »4.21.0&Prime; _module_preset= »default » global_colors_info= »{} » theme_builder_area= »post_content »][et_pb_column type= »1_3&Prime; _builder_version= »4.21.0&Prime; _module_preset= »default » global_colors_info= »{} » theme_builder_area= »post_content »][et_pb_image src= »https://catholiques17.fr/jonzac/wp-content/uploads/sites/39/2024/09/procession-dentree.jpg » title_text= »procession d&rsquo;entrée » _builder_version= »4.21.0&Prime; _module_preset= »default » global_colors_info= »{} » theme_builder_area= »post_content »][/et_pb_image][/et_pb_column][et_pb_column type= »1_3&Prime; _builder_version= »4.21.0&Prime; _module_preset= »default » global_colors_info= »{} » theme_builder_area= »post_content »][et_pb_image src= »https://catholiques17.fr/jonzac/wp-content/uploads/sites/39/2024/09/ambon-ble-et-eau-.jpg » title_text= »ambon blé et eau » _builder_version= »4.21.0&Prime; _module_preset= »default » global_colors_info= »{} » theme_builder_area= »post_content »][/et_pb_image][/et_pb_column][et_pb_column type= »1_3&Prime; _builder_version= »4.21.0&Prime; _module_preset= »default » global_colors_info= »{} » theme_builder_area= »post_content »][et_pb_image src= »https://catholiques17.fr/jonzac/wp-content/uploads/sites/39/2024/09/allez-et-demeurez-dans-la-joie-lamour-et-lesperance-du-Christ.jpg » title_text= »allez et demeurez dans la joie l&rsquo;amour et l&rsquo;espérance du Christ » _builder_version= »4.21.0&Prime; _module_preset= »default » global_colors_info= »{} » theme_builder_area= »post_content »][/et_pb_image][/et_pb_column][/et_pb_row][et_pb_row _builder_version= »4.21.0&Prime; _module_preset= »default » global_colors_info= »{} » theme_builder_area= »post_content »][et_pb_column type= »4_4&Prime; _builder_version= »4.21.0&Prime; _module_preset= »default » global_colors_info= »{} » theme_builder_area= »post_content »][et_pb_divider color= »#F49A24&Prime; divider_weight= »2px » _builder_version= »4.21.0&Prime; _module_preset= »default » global_colors_info= »{} » theme_builder_area= »post_content »][/et_pb_divider][/et_pb_column][/et_pb_row][et_pb_row _builder_version= »4.21.0&Prime; _module_preset= »default » global_colors_info= »{} » theme_builder_area= »post_content »][et_pb_column type= »4_4&Prime; _builder_version= »4.21.0&Prime; _module_preset= »default » global_colors_info= »{} » theme_builder_area= »post_content »][et_pb_text _builder_version= »4.21.0&Prime; _module_preset= »default » hover_enabled= »0&Prime; global_colors_info= »{} » theme_builder_area= »post_content » sticky_enabled= »0&Prime;]</p>
<h4 style="text-align: center"><span style="color: #ff9900">Dans notre paroisse, un groupe de prière pour les vocations et les intentions personnelles se réunit  tous les mercredis de 10h à 11h à la chapelle Notre Dame de Lourdes aux salles paroissiales. La messe y est célébrée mardi mercredi et jeudi à 9h. La messe dominicale est célébrée chaque dimanche à 11h à l&rsquo;église de Jonzac, la messe anticipée le samedi soir est célébrée dans l&rsquo;une des églises du <span style="text-decoration: underline"><a href="https://catholiques17.fr/jonzac/histoire-et-patrimoine/nos-eglises/nord/">secteur nord</a></span>, <span style="text-decoration: underline"><a href="https://catholiques17.fr/jonzac/histoire-et-patrimoine/nos-eglises/sud/">sud</a></span>,<a href="https://catholiques17.fr/jonzac/histoire-et-patrimoine/nos-eglises/est/"></a> <span style="text-decoration: underline"><a href="https://catholiques17.fr/jonzac/histoire-et-patrimoine/nos-eglises/est/">est</a></span> ou <a href="https://catholiques17.fr/jonzac/histoire-et-patrimoine/nos-eglises/ouest/"><span style="text-decoration: underline">ouest</span></a>.<br /></span></h4>
<h4 style="text-align: center"><span style="color: #ff9900">Un temps d&rsquo;adoration est proposé tous les vendredis de 10h à 11h </span></h4>
<h4 style="text-align: center"><span style="color: #ff9900">suivi de la messe à l&rsquo;église de Jonzac</span></h4>
<h4 style="text-align: center"><span style="color: #ff9900">Des soirées de louanges sont organisées le vendredi soir une fois par mois</span></h4>
<h4 style="text-align: center"><span style="color: #ff9900">Si vous voulez plus de renseignements, contactez- nous :</span></h4>
<p style="text-align: center"><span style="color: #ff9900">09 52 17 13 86 &#8211;  <a href="mailto:paroissedejonzac@gmail.com" target="_blank" rel="noopener" style="color: #ff9900">paroissedejonzac@gmail.com</a></span></p>
<p>[/et_pb_text][/et_pb_column][/et_pb_row][/et_pb_section]</p>

<p>Seigneur, cette graine en nous est tombée.Accorde-nous de la recevoir avec humilité et dans l’amour pour nos frères.Rappelle-nous toujours que cette graine nous est donnée Seigneur ! Envoie ta semence [&hellip;]</p>
